CRAN Package Check Results for Package statsr

Last updated on 2022-06-25 02:52:29 CEST.

Flavor Version Tinstall Tcheck Ttotal Status Flags
r-devel-linux-x86_64-debian-clang 0.3.0 23.99 172.72 196.71 OK
r-devel-linux-x86_64-debian-gcc 0.3.0 19.03 125.90 144.93 OK
r-devel-linux-x86_64-fedora-clang 0.3.0 254.37 WARN
r-devel-linux-x86_64-fedora-gcc 0.3.0 239.47 WARN
r-devel-windows-x86_64 0.3.0 39.00 192.00 231.00 OK
r-patched-linux-x86_64 0.3.0 18.85 161.25 180.10 OK
r-release-linux-x86_64 0.3.0 15.71 162.16 177.87 OK
r-release-macos-arm64 0.3.0 68.00 OK
r-release-macos-x86_64 0.3.0 118.00 OK
r-release-windows-x86_64 0.3.0 41.00 194.00 235.00 OK
r-oldrel-macos-arm64 0.3.0 70.00 OK
r-oldrel-macos-x86_64 0.3.0 127.00 OK
r-oldrel-windows-ix86+x86_64 0.3.0 43.00 172.00 215.00 OK

Check Details

Version: 0.3.0
Check: package dependencies
Result: WARN
    Requires (indirectly) orphaned package: ‘gtools’
Flavors: r-devel-linux-x86_64-fedora-clang, r-devel-linux-x86_64-fedora-gcc