CRAN Package Check Results for Package stepR

Last updated on 2020-05-29 17:49:18 CEST.

Flavor Version Tinstall Tcheck Ttotal Status Flags
r-devel-linux-x86_64-debian-clang 2.0-4 176.50 265.63 442.13 OK
r-devel-linux-x86_64-debian-gcc 2.0-4 124.88 194.30 319.18 OK
r-devel-linux-x86_64-fedora-clang 2.0-4 571.73 NOTE
r-devel-linux-x86_64-fedora-gcc 2.0-4 492.82 OK
r-devel-windows-ix86+x86_64 2.0-4 422.00 393.00 815.00 OK
r-patched-linux-x86_64 2.0-4 118.20 261.28 379.48 OK
r-patched-solaris-x86 2.0-4 539.30 OK
r-release-linux-x86_64 2.0-4 126.30 260.23 386.53 OK
r-release-osx-x86_64 2.0-4 OK
r-release-windows-ix86+x86_64 2.0-4 327.00 549.00 876.00 OK
r-oldrel-osx-x86_64 2.0-4 OK
r-oldrel-windows-ix86+x86_64 2.0-4 479.00 419.00 898.00 OK

Check Details

Version: 2.0-4
Check: installed package size
Result: NOTE
     installed size is 6.0Mb
     sub-directories of 1Mb or more:
     libs 5.0Mb
Flavor: r-devel-linux-x86_64-fedora-clang