CRAN Package Check Results for Package stepR

Last updated on 2022-05-19 09:53:25 CEST.

Flavor Version Tinstall Tcheck Ttotal Status Flags
r-devel-linux-x86_64-debian-clang 2.1-3 248.56 373.36 621.92 OK
r-devel-linux-x86_64-debian-gcc 2.1-3 187.69 266.11 453.80 OK
r-devel-linux-x86_64-fedora-clang 2.1-3 582.58 NOTE
r-devel-linux-x86_64-fedora-gcc 2.1-3 751.30 OK
r-devel-windows-x86_64 2.1-3 208.00 446.00 654.00 OK
r-patched-linux-x86_64 2.1-3 202.21 351.90 554.11 OK
r-release-linux-x86_64 2.1-3 197.69 353.09 550.78 OK
r-release-macos-arm64 2.1-3 169.00 NOTE
r-release-macos-x86_64 2.1-3 285.00 NOTE
r-release-windows-x86_64 2.1-3 206.00 434.00 640.00 OK
r-oldrel-macos-arm64 2.1-3 231.00 NOTE
r-oldrel-macos-x86_64 2.1-3 230.00 NOTE
r-oldrel-windows-ix86+x86_64 2.1-3 570.00 719.00 1289.00 OK

Additional issues

donttest

Check Details

Version: 2.1-3
Check: installed package size
Result: NOTE
     installed size is 5.8Mb
     sub-directories of 1Mb or more:
     libs 4.6Mb
Flavors: r-devel-linux-x86_64-fedora-clang, r-release-macos-arm64, r-release-macos-x86_64, r-oldrel-macos-arm64, r-oldrel-macos-x86_64