CRAN Package Check Results for Package stepR

Last updated on 2019-11-14 16:48:49 CET.

Flavor Version Tinstall Tcheck Ttotal Status Flags
r-devel-linux-x86_64-debian-clang 2.0-4 157.62 269.94 427.56 OK
r-devel-linux-x86_64-debian-gcc 2.0-4 104.11 200.21 304.32 OK
r-devel-linux-x86_64-fedora-clang 2.0-4 577.17 NOTE
r-devel-linux-x86_64-fedora-gcc 2.0-4 486.54 OK
r-devel-windows-ix86+x86_64 2.0-4 365.00 423.00 788.00 OK
r-patched-linux-x86_64 2.0-4 109.72 259.49 369.21 OK
r-patched-solaris-x86 2.0-4 642.50 OK
r-release-linux-x86_64 2.0-4 112.03 256.26 368.29 OK
r-release-windows-ix86+x86_64 2.0-4 268.00 534.00 802.00 OK
r-release-osx-x86_64 2.0-4 OK
r-oldrel-windows-ix86+x86_64 2.0-4 244.00 566.00 810.00 OK
r-oldrel-osx-x86_64 2.0-4 OK

Check Details

Version: 2.0-4
Check: installed package size
Result: NOTE
     installed size is 5.2Mb
     sub-directories of 1Mb or more:
     libs 4.1Mb
Flavor: r-devel-linux-x86_64-fedora-clang