CRAN Package Check Results for Package stepSplitReg

Last updated on 2024-03-04 03:52:44 CET.

Flavor Version Tinstall Tcheck Ttotal Status Flags
r-devel-linux-x86_64-debian-clang 1.0.3 83.74 40.31 124.05 NOTE
r-devel-linux-x86_64-debian-gcc 1.0.3 73.00 28.56 101.56 NOTE
r-devel-linux-x86_64-fedora-clang 1.0.3 186.22 NOTE
r-devel-linux-x86_64-fedora-gcc 1.0.3 189.96 NOTE
r-devel-windows-x86_64 1.0.3 73.00 67.00 140.00 NOTE
r-patched-linux-x86_64 1.0.3 81.84 39.51 121.35 NOTE
r-release-linux-x86_64 1.0.3 80.33 38.76 119.09 NOTE
r-release-macos-arm64 1.0.3 52.00 NOTE
r-release-macos-x86_64 1.0.3 89.00 NOTE
r-release-windows-x86_64 1.0.3 72.00 78.00 150.00 NOTE
r-oldrel-macos-arm64 1.0.3 53.00 OK
r-oldrel-windows-x86_64 1.0.3 81.00 74.00 155.00 OK

Check Details

Version: 1.0.3
Check: C++ specification
Result: NOTE Specified C++11: please drop specification unless essential Flavors: r-devel-linux-x86_64-debian-clang, r-devel-linux-x86_64-debian-gcc, r-devel-linux-x86_64-fedora-clang, r-devel-linux-x86_64-fedora-gcc, r-devel-windows-x86_64, r-patched-linux-x86_64, r-release-linux-x86_64, r-release-macos-arm64, r-release-macos-x86_64, r-release-windows-x86_64