CRAN Package Check Results for Package stm

Last updated on 2019-02-17 22:46:50 CET.

Flavor Version Tinstall Tcheck Ttotal Status Flags
r-devel-linux-x86_64-debian-clang 1.3.3 38.39 276.59 314.98 OK
r-devel-linux-x86_64-debian-gcc 1.3.3 30.38 202.64 233.02 OK
r-devel-linux-x86_64-fedora-clang 1.3.3 376.79 OK
r-devel-linux-x86_64-fedora-gcc 1.3.3 371.01 OK
r-devel-windows-ix86+x86_64 1.3.3 86.00 355.00 441.00 ERROR
r-patched-linux-x86_64 1.3.3 37.52 273.13 310.65 OK
r-patched-solaris-x86 1.3.3 517.90 OK
r-release-linux-x86_64 1.3.3 OK
r-release-windows-ix86+x86_64 1.3.3 68.00 459.00 527.00 ERROR
r-release-osx-x86_64 1.3.3 OK
r-oldrel-windows-ix86+x86_64 1.3.3 60.00 383.00 443.00 ERROR
r-oldrel-osx-x86_64 1.3.3 OK

Check Details

Version: 1.3.3
Check: running tests for arch ‘i386’
Result: ERROR
     Running 'testthat.R' [88s]
    Running the tests in 'tests/testthat.R' failed.
    Complete output:
     > library(testthat)
     > library(stm)
     stm v1.3.3 (2018-1-26) successfully loaded. See ?stm for help.
     Papers, resources, and other materials at structuraltopicmodel.com
     >
     > test_check("stm")
     Building corpus...
     Converting to Lower Case...
     Removing punctuation...
     Removing stopwords...
     Removing numbers...
     Stemming...
     Creating Output...
     Removed 1098 of 1102 terms (3659 of 4143 tokens) due to sparselevel of 0.8
     Removing 2 of 4 terms (223 of 377 tokens) due to frequency
     Removing 117 Documents with No Words
     Your corpus now has 135 documents, 2 terms and 154 tokens.Beginning Spectral Initialization
     Calculating the gram matrix...
     Finding anchor words...
     ...
     Recovering initialization...
     ...........
     Initialization complete.
     .................................................................................................................
     Completed E-Step (0 seconds).
     Completed M-Step.
     Completing Iteration 1 (approx. per word bound = -5.753)
     .................................................................................................................
     Completed E-Step (0 seconds).
     Completed M-Step.
     Model Terminated Before Convergence Reached
     Building corpus...
     Converting to Lower Case...
     Removing punctuation...
     Removing stopwords...
     Removing numbers...
     Stemming...
     Creating Output...
     Removing 640 of 1102 terms (640 of 3789 tokens) due to frequency
     Your corpus now has 341 documents, 462 terms and 3149 tokens.Beginning Spectral Initialization
     Calculating the gram matrix...
     Finding anchor words...
     ...
     Recovering initialization...
     ....
     Initialization complete.
     .................................................................................................................
     Completed E-Step (0 seconds).
     Completed M-Step.
     Completing Iteration 1 (approx. per word bound = -5.622)
     .................................................................................................................
     Completed E-Step (0 seconds).
     Completed M-Step.
     Model Terminated Before Convergence Reached
     Beginning Random Initialization
     ....................................................................................................
     Completed E-Step (2 seconds).
     Completed M-Step.
     Model Terminated Before Convergence Reached
     Beginning Spectral Initialization
     Calculating the gram matrix...
     Finding anchor words...
     ...
     Recovering initialization...
     ..........................
     Initialization complete.
     ....................................................................................................
     Completed E-Step (3 seconds).
     Completed M-Step.
     Model Terminated Before Convergence Reached
     Beginning Spectral Initialization
     Calculating the gram matrix...
     Finding anchor words...
     ...
     Recovering initialization...
     ..........................
     Initialization complete.
     ....................................................................................................
     Completed E-Step (3 seconds).
     Completed M-Step.
     Completing Iteration 1 (approx. per word bound = -7.197)
     ....................................................................................................
     Completed E-Step (2 seconds).
     Completed M-Step.
     Model Terminated Before Convergence Reached
     Beginning Spectral Initialization
     Calculating the gram matrix...
     Finding anchor words...
     ...
     Recovering initialization...
     ..........................
     Initialization complete.
     ....................................................................................................
     Completed E-Step (3 seconds).
     .....................................................................................................
     Completed M-Step (11 seconds).
     Completing Iteration 1 (approx. per word bound = -7.197)
     ....................................................................................................
     Completed E-Step (2 seconds).
     .....................................................................................................
     Completed M-Step (11 seconds).
     Model Terminated Before Convergence Reached
     Beginning Random Initialization
     ....................................................................................................
     Completed Group 1 E-Step (1 seconds).
     ....................................................................................................
     Completed Group 2 E-Step (1 seconds).
     Completed M-Step.
     Completing Iteration 1 (approx. per word bound = -10.359)
     ....................................................................................................
     Completed Group 2 E-Step (1 seconds).
     Completed M-Step.
     ....................................................................................................
     Completed Group 1 E-Step (1 seconds).
     Completed M-Step.
     Model Terminated Before Convergence Reached
     -- 1. Error: plot.STM doesn't throw error (@test-visualize.R#4) --------------
     cannot open the connection
     1: load(url("http://goo.gl/VPdxlS")) at testthat/test-visualize.R:4
    
     == testthat results ===========================================================
     OK: 10 SKIPPED: 0 FAILED: 1
     1. Error: plot.STM doesn't throw error (@test-visualize.R#4)
    
     Error: testthat unit tests failed
     Execution halted
Flavor: r-devel-windows-ix86+x86_64

Version: 1.3.3
Check: running tests for arch ‘x64’
Result: ERROR
     Running 'testthat.R' [85s]
    Running the tests in 'tests/testthat.R' failed.
    Complete output:
     > library(testthat)
     > library(stm)
     stm v1.3.3 (2018-1-26) successfully loaded. See ?stm for help.
     Papers, resources, and other materials at structuraltopicmodel.com
     >
     > test_check("stm")
     Building corpus...
     Converting to Lower Case...
     Removing punctuation...
     Removing stopwords...
     Removing numbers...
     Stemming...
     Creating Output...
     Removed 1098 of 1102 terms (3659 of 4143 tokens) due to sparselevel of 0.8
     Removing 2 of 4 terms (223 of 377 tokens) due to frequency
     Removing 117 Documents with No Words
     Your corpus now has 135 documents, 2 terms and 154 tokens.Beginning Spectral Initialization
     Calculating the gram matrix...
     Finding anchor words...
     ...
     Recovering initialization...
     ...........
     Initialization complete.
     .................................................................................................................
     Completed E-Step (0 seconds).
     Completed M-Step.
     Completing Iteration 1 (approx. per word bound = -5.748)
     .................................................................................................................
     Completed E-Step (0 seconds).
     Completed M-Step.
     Model Terminated Before Convergence Reached
     Building corpus...
     Converting to Lower Case...
     Removing punctuation...
     Removing stopwords...
     Removing numbers...
     Stemming...
     Creating Output...
     Removing 640 of 1102 terms (640 of 3789 tokens) due to frequency
     Your corpus now has 341 documents, 462 terms and 3149 tokens.Beginning Spectral Initialization
     Calculating the gram matrix...
     Finding anchor words...
     ...
     Recovering initialization...
     ....
     Initialization complete.
     .................................................................................................................
     Completed E-Step (0 seconds).
     Completed M-Step.
     Completing Iteration 1 (approx. per word bound = -5.623)
     .................................................................................................................
     Completed E-Step (0 seconds).
     Completed M-Step.
     Model Terminated Before Convergence Reached
     Beginning Random Initialization
     ....................................................................................................
     Completed E-Step (2 seconds).
     Completed M-Step.
     Model Terminated Before Convergence Reached
     Beginning Spectral Initialization
     Calculating the gram matrix...
     Finding anchor words...
     ...
     Recovering initialization...
     ..........................
     Initialization complete.
     ....................................................................................................
     Completed E-Step (1 seconds).
     Completed M-Step.
     Model Terminated Before Convergence Reached
     Beginning Spectral Initialization
     Calculating the gram matrix...
     Finding anchor words...
     ...
     Recovering initialization...
     ..........................
     Initialization complete.
     ....................................................................................................
     Completed E-Step (2 seconds).
     Completed M-Step.
     Completing Iteration 1 (approx. per word bound = -7.197)
     ....................................................................................................
     Completed E-Step (3 seconds).
     Completed M-Step.
     Model Terminated Before Convergence Reached
     Beginning Spectral Initialization
     Calculating the gram matrix...
     Finding anchor words...
     ...
     Recovering initialization...
     ..........................
     Initialization complete.
     ....................................................................................................
     Completed E-Step (2 seconds).
     .....................................................................................................
     Completed M-Step (13 seconds).
     Completing Iteration 1 (approx. per word bound = -7.197)
     ....................................................................................................
     Completed E-Step (2 seconds).
     .....................................................................................................
     Completed M-Step (14 seconds).
     Model Terminated Before Convergence Reached
     Beginning Random Initialization
     ....................................................................................................
     Completed Group 1 E-Step (1 seconds).
     ....................................................................................................
     Completed Group 2 E-Step (1 seconds).
     Completed M-Step.
     Completing Iteration 1 (approx. per word bound = -10.359)
     ....................................................................................................
     Completed Group 2 E-Step (1 seconds).
     Completed M-Step.
     ....................................................................................................
     Completed Group 1 E-Step (1 seconds).
     Completed M-Step.
     Model Terminated Before Convergence Reached
     -- 1. Error: plot.STM doesn't throw error (@test-visualize.R#4) --------------
     cannot open the connection
     1: load(url("http://goo.gl/VPdxlS")) at testthat/test-visualize.R:4
    
     == testthat results ===========================================================
     OK: 10 SKIPPED: 0 FAILED: 1
     1. Error: plot.STM doesn't throw error (@test-visualize.R#4)
    
     Error: testthat unit tests failed
     Execution halted
Flavor: r-devel-windows-ix86+x86_64

Version: 1.3.3
Check: re-building of vignette outputs
Result: WARN
    Error(s) in re-building vignettes:
    --- re-building 'stmVignette.Rnw' using Sweave
    stm v1.3.3 (2018-1-26) successfully loaded. See ?stm for help.
     Papers, resources, and other materials at structuraltopicmodel.com
    Warning in load(url("http://goo.gl/VPdxlS")) :
     InternetOpenUrl failed: 'Eine Umleitungsanforderung ändert eine sichere in eine nicht sichere Verbindung.'
    
    Error: processing vignette 'stmVignette.Rnw' failed with diagnostics:
     chunk 7
    Error in load(url("http://goo.gl/VPdxlS")) : cannot open the connection
    
    --- failed re-building 'stmVignette.Rnw'
    
    SUMMARY: processing the following file failed:
     'stmVignette.Rnw'
    
    Error: Vignette re-building failed.
    Execution halted
Flavor: r-devel-windows-ix86+x86_64

Version: 1.3.3
Check: running tests for arch ‘i386’
Result: ERROR
     Running 'testthat.R' [107s]
    Running the tests in 'tests/testthat.R' failed.
    Complete output:
     > library(testthat)
     > library(stm)
     stm v1.3.3 (2018-1-26) successfully loaded. See ?stm for help.
     Papers, resources, and other materials at structuraltopicmodel.com
     >
     > test_check("stm")
     Building corpus...
     Converting to Lower Case...
     Removing punctuation...
     Removing stopwords...
     Removing numbers...
     Stemming...
     Creating Output...
     Removed 1098 of 1102 terms (3659 of 4143 tokens) due to sparselevel of 0.8
     Removing 2 of 4 terms (223 of 377 tokens) due to frequency
     Removing 117 Documents with No Words
     Your corpus now has 135 documents, 2 terms and 154 tokens.Beginning Spectral Initialization
     Calculating the gram matrix...
     Finding anchor words...
     ...
     Recovering initialization...
     ...........
     Initialization complete.
     .................................................................................................................
     Completed E-Step (0 seconds).
     Completed M-Step.
     Completing Iteration 1 (approx. per word bound = -5.753)
     .................................................................................................................
     Completed E-Step (0 seconds).
     Completed M-Step.
     Model Terminated Before Convergence Reached
     Building corpus...
     Converting to Lower Case...
     Removing punctuation...
     Removing stopwords...
     Removing numbers...
     Stemming...
     Creating Output...
     Removing 640 of 1102 terms (640 of 3789 tokens) due to frequency
     Your corpus now has 341 documents, 462 terms and 3149 tokens.Beginning Spectral Initialization
     Calculating the gram matrix...
     Finding anchor words...
     ...
     Recovering initialization...
     ....
     Initialization complete.
     .................................................................................................................
     Completed E-Step (0 seconds).
     Completed M-Step.
     Completing Iteration 1 (approx. per word bound = -5.622)
     .................................................................................................................
     Completed E-Step (0 seconds).
     Completed M-Step.
     Model Terminated Before Convergence Reached
     Beginning Random Initialization
     ....................................................................................................
     Completed E-Step (3 seconds).
     Completed M-Step.
     Model Terminated Before Convergence Reached
     Beginning Spectral Initialization
     Calculating the gram matrix...
     Finding anchor words...
     ...
     Recovering initialization...
     ..........................
     Initialization complete.
     ....................................................................................................
     Completed E-Step (3 seconds).
     Completed M-Step.
     Model Terminated Before Convergence Reached
     Beginning Spectral Initialization
     Calculating the gram matrix...
     Finding anchor words...
     ...
     Recovering initialization...
     ..........................
     Initialization complete.
     ....................................................................................................
     Completed E-Step (3 seconds).
     Completed M-Step.
     Completing Iteration 1 (approx. per word bound = -7.197)
     ....................................................................................................
     Completed E-Step (2 seconds).
     Completed M-Step.
     Model Terminated Before Convergence Reached
     Beginning Spectral Initialization
     Calculating the gram matrix...
     Finding anchor words...
     ...
     Recovering initialization...
     ..........................
     Initialization complete.
     ....................................................................................................
     Completed E-Step (3 seconds).
     .....................................................................................................
     Completed M-Step (16 seconds).
     Completing Iteration 1 (approx. per word bound = -7.197)
     ....................................................................................................
     Completed E-Step (2 seconds).
     .....................................................................................................
     Completed M-Step (16 seconds).
     Model Terminated Before Convergence Reached
     Beginning Random Initialization
     ....................................................................................................
     Completed Group 1 E-Step (1 seconds).
     ....................................................................................................
     Completed Group 2 E-Step (1 seconds).
     Completed M-Step.
     Completing Iteration 1 (approx. per word bound = -10.359)
     ....................................................................................................
     Completed Group 2 E-Step (1 seconds).
     Completed M-Step.
     ....................................................................................................
     Completed Group 1 E-Step (2 seconds).
     Completed M-Step.
     Model Terminated Before Convergence Reached
     -- 1. Error: plot.STM doesn't throw error (@test-visualize.R#4) --------------
     cannot open the connection
     1: load(url("http://goo.gl/VPdxlS")) at testthat/test-visualize.R:4
    
     == testthat results ===========================================================
     OK: 10 SKIPPED: 0 FAILED: 1
     1. Error: plot.STM doesn't throw error (@test-visualize.R#4)
    
     Error: testthat unit tests failed
     Execution halted
Flavor: r-release-windows-ix86+x86_64

Version: 1.3.3
Check: running tests for arch ‘x64’
Result: ERROR
     Running 'testthat.R' [106s]
    Running the tests in 'tests/testthat.R' failed.
    Complete output:
     > library(testthat)
     > library(stm)
     stm v1.3.3 (2018-1-26) successfully loaded. See ?stm for help.
     Papers, resources, and other materials at structuraltopicmodel.com
     >
     > test_check("stm")
     Building corpus...
     Converting to Lower Case...
     Removing punctuation...
     Removing stopwords...
     Removing numbers...
     Stemming...
     Creating Output...
     Removed 1098 of 1102 terms (3659 of 4143 tokens) due to sparselevel of 0.8
     Removing 2 of 4 terms (223 of 377 tokens) due to frequency
     Removing 117 Documents with No Words
     Your corpus now has 135 documents, 2 terms and 154 tokens.Beginning Spectral Initialization
     Calculating the gram matrix...
     Finding anchor words...
     ...
     Recovering initialization...
     ...........
     Initialization complete.
     .................................................................................................................
     Completed E-Step (0 seconds).
     Completed M-Step.
     Completing Iteration 1 (approx. per word bound = -5.748)
     .................................................................................................................
     Completed E-Step (0 seconds).
     Completed M-Step.
     Model Terminated Before Convergence Reached
     Building corpus...
     Converting to Lower Case...
     Removing punctuation...
     Removing stopwords...
     Removing numbers...
     Stemming...
     Creating Output...
     Removing 640 of 1102 terms (640 of 3789 tokens) due to frequency
     Your corpus now has 341 documents, 462 terms and 3149 tokens.Beginning Spectral Initialization
     Calculating the gram matrix...
     Finding anchor words...
     ...
     Recovering initialization...
     ....
     Initialization complete.
     .................................................................................................................
     Completed E-Step (0 seconds).
     Completed M-Step.
     Completing Iteration 1 (approx. per word bound = -5.623)
     .................................................................................................................
     Completed E-Step (0 seconds).
     Completed M-Step.
     Model Terminated Before Convergence Reached
     Beginning Random Initialization
     ....................................................................................................
     Completed E-Step (3 seconds).
     Completed M-Step.
     Model Terminated Before Convergence Reached
     Beginning Spectral Initialization
     Calculating the gram matrix...
     Finding anchor words...
     ...
     Recovering initialization...
     ..........................
     Initialization complete.
     ....................................................................................................
     Completed E-Step (3 seconds).
     Completed M-Step.
     Model Terminated Before Convergence Reached
     Beginning Spectral Initialization
     Calculating the gram matrix...
     Finding anchor words...
     ...
     Recovering initialization...
     ..........................
     Initialization complete.
     ....................................................................................................
     Completed E-Step (2 seconds).
     Completed M-Step.
     Completing Iteration 1 (approx. per word bound = -7.197)
     ....................................................................................................
     Completed E-Step (3 seconds).
     Completed M-Step.
     Model Terminated Before Convergence Reached
     Beginning Spectral Initialization
     Calculating the gram matrix...
     Finding anchor words...
     ...
     Recovering initialization...
     ..........................
     Initialization complete.
     ....................................................................................................
     Completed E-Step (3 seconds).
     .....................................................................................................
     Completed M-Step (16 seconds).
     Completing Iteration 1 (approx. per word bound = -7.197)
     ....................................................................................................
     Completed E-Step (3 seconds).
     .....................................................................................................
     Completed M-Step (15 seconds).
     Model Terminated Before Convergence Reached
     Beginning Random Initialization
     ....................................................................................................
     Completed Group 1 E-Step (1 seconds).
     ....................................................................................................
     Completed Group 2 E-Step (1 seconds).
     Completed M-Step.
     Completing Iteration 1 (approx. per word bound = -10.359)
     ....................................................................................................
     Completed Group 2 E-Step (1 seconds).
     Completed M-Step.
     ....................................................................................................
     Completed Group 1 E-Step (1 seconds).
     Completed M-Step.
     Model Terminated Before Convergence Reached
     -- 1. Error: plot.STM doesn't throw error (@test-visualize.R#4) --------------
     cannot open the connection
     1: load(url("http://goo.gl/VPdxlS")) at testthat/test-visualize.R:4
    
     == testthat results ===========================================================
     OK: 10 SKIPPED: 0 FAILED: 1
     1. Error: plot.STM doesn't throw error (@test-visualize.R#4)
    
     Error: testthat unit tests failed
     Execution halted
Flavor: r-release-windows-ix86+x86_64

Version: 1.3.3
Check: re-building of vignette outputs
Result: WARN
    Error in re-building vignettes:
     ...
    stm v1.3.3 (2018-1-26) successfully loaded. See ?stm for help.
     Papers, resources, and other materials at structuraltopicmodel.com
    Warning in load(url("http://goo.gl/VPdxlS")) :
     InternetOpenUrl failed: 'Eine Umleitungsanforderung ändert eine nicht sichere in eine sichere Verbindung.'
    
    Error: processing vignette 'stmVignette.Rnw' failed with diagnostics:
     chunk 7
    Error in load(url("http://goo.gl/VPdxlS")) : cannot open the connection
    Execution halted
Flavors: r-release-windows-ix86+x86_64, r-oldrel-windows-ix86+x86_64

Version: 1.3.3
Check: running tests for arch ‘i386’
Result: ERROR
     Running 'testthat.R' [90s]
    Running the tests in 'tests/testthat.R' failed.
    Complete output:
     > library(testthat)
     > library(stm)
     stm v1.3.3 (2018-1-26) successfully loaded. See ?stm for help.
     Papers, resources, and other materials at structuraltopicmodel.com
     >
     > test_check("stm")
     Building corpus...
     Converting to Lower Case...
     Removing punctuation...
     Removing stopwords...
     Removing numbers...
     Stemming...
     Creating Output...
     Removed 1098 of 1102 terms (3659 of 4143 tokens) due to sparselevel of 0.8
     Removing 2 of 4 terms (223 of 377 tokens) due to frequency
     Removing 117 Documents with No Words
     Your corpus now has 135 documents, 2 terms and 154 tokens.Beginning Spectral Initialization
     Calculating the gram matrix...
     Finding anchor words...
     ...
     Recovering initialization...
     ...........
     Initialization complete.
     .................................................................................................................
     Completed E-Step (0 seconds).
     Completed M-Step.
     Completing Iteration 1 (approx. per word bound = -5.753)
     .................................................................................................................
     Completed E-Step (0 seconds).
     Completed M-Step.
     Model Terminated Before Convergence Reached
     Building corpus...
     Converting to Lower Case...
     Removing punctuation...
     Removing stopwords...
     Removing numbers...
     Stemming...
     Creating Output...
     Removing 640 of 1102 terms (640 of 3789 tokens) due to frequency
     Your corpus now has 341 documents, 462 terms and 3149 tokens.Beginning Spectral Initialization
     Calculating the gram matrix...
     Finding anchor words...
     ...
     Recovering initialization...
     ....
     Initialization complete.
     .................................................................................................................
     Completed E-Step (0 seconds).
     Completed M-Step.
     Completing Iteration 1 (approx. per word bound = -5.622)
     .................................................................................................................
     Completed E-Step (0 seconds).
     Completed M-Step.
     Model Terminated Before Convergence Reached
     Beginning Random Initialization
     ....................................................................................................
     Completed E-Step (2 seconds).
     Completed M-Step.
     Model Terminated Before Convergence Reached
     Beginning Spectral Initialization
     Calculating the gram matrix...
     Finding anchor words...
     ...
     Recovering initialization...
     ..........................
     Initialization complete.
     ....................................................................................................
     Completed E-Step (2 seconds).
     Completed M-Step.
     Model Terminated Before Convergence Reached
     Beginning Spectral Initialization
     Calculating the gram matrix...
     Finding anchor words...
     ...
     Recovering initialization...
     ..........................
     Initialization complete.
     ....................................................................................................
     Completed E-Step (3 seconds).
     Completed M-Step.
     Completing Iteration 1 (approx. per word bound = -7.197)
     ....................................................................................................
     Completed E-Step (2 seconds).
     Completed M-Step.
     Model Terminated Before Convergence Reached
     Beginning Spectral Initialization
     Calculating the gram matrix...
     Finding anchor words...
     ...
     Recovering initialization...
     ..........................
     Initialization complete.
     ....................................................................................................
     Completed E-Step (2 seconds).
     .....................................................................................................
     Completed M-Step (12 seconds).
     Completing Iteration 1 (approx. per word bound = -7.197)
     ....................................................................................................
     Completed E-Step (2 seconds).
     .....................................................................................................
     Completed M-Step (13 seconds).
     Model Terminated Before Convergence Reached
     Beginning Random Initialization
     ....................................................................................................
     Completed Group 1 E-Step (1 seconds).
     ....................................................................................................
     Completed Group 2 E-Step (1 seconds).
     Completed M-Step.
     Completing Iteration 1 (approx. per word bound = -10.359)
     ....................................................................................................
     Completed Group 2 E-Step (1 seconds).
     Completed M-Step.
     ....................................................................................................
     Completed Group 1 E-Step (1 seconds).
     Completed M-Step.
     Model Terminated Before Convergence Reached
     -- 1. Error: plot.STM doesn't throw error (@test-visualize.R#4) --------------
     cannot open the connection
     1: load(url("http://goo.gl/VPdxlS")) at testthat/test-visualize.R:4
    
     == testthat results ===========================================================
     OK: 10 SKIPPED: 0 FAILED: 1
     1. Error: plot.STM doesn't throw error (@test-visualize.R#4)
    
     Error: testthat unit tests failed
     Execution halted
Flavor: r-oldrel-windows-ix86+x86_64

Version: 1.3.3
Check: running tests for arch ‘x64’
Result: ERROR
     Running 'testthat.R' [100s]
    Running the tests in 'tests/testthat.R' failed.
    Complete output:
     > library(testthat)
     > library(stm)
     stm v1.3.3 (2018-1-26) successfully loaded. See ?stm for help.
     Papers, resources, and other materials at structuraltopicmodel.com
     >
     > test_check("stm")
     Building corpus...
     Converting to Lower Case...
     Removing punctuation...
     Removing stopwords...
     Removing numbers...
     Stemming...
     Creating Output...
     Removed 1098 of 1102 terms (3659 of 4143 tokens) due to sparselevel of 0.8
     Removing 2 of 4 terms (223 of 377 tokens) due to frequency
     Removing 117 Documents with No Words
     Your corpus now has 135 documents, 2 terms and 154 tokens.Beginning Spectral Initialization
     Calculating the gram matrix...
     Finding anchor words...
     ...
     Recovering initialization...
     ...........
     Initialization complete.
     .................................................................................................................
     Completed E-Step (0 seconds).
     Completed M-Step.
     Completing Iteration 1 (approx. per word bound = -5.748)
     .................................................................................................................
     Completed E-Step (0 seconds).
     Completed M-Step.
     Model Terminated Before Convergence Reached
     Building corpus...
     Converting to Lower Case...
     Removing punctuation...
     Removing stopwords...
     Removing numbers...
     Stemming...
     Creating Output...
     Removing 640 of 1102 terms (640 of 3789 tokens) due to frequency
     Your corpus now has 341 documents, 462 terms and 3149 tokens.Beginning Spectral Initialization
     Calculating the gram matrix...
     Finding anchor words...
     ...
     Recovering initialization...
     ....
     Initialization complete.
     .................................................................................................................
     Completed E-Step (0 seconds).
     Completed M-Step.
     Completing Iteration 1 (approx. per word bound = -5.623)
     .................................................................................................................
     Completed E-Step (0 seconds).
     Completed M-Step.
     Model Terminated Before Convergence Reached
     Beginning Random Initialization
     ....................................................................................................
     Completed E-Step (2 seconds).
     Completed M-Step.
     Model Terminated Before Convergence Reached
     Beginning Spectral Initialization
     Calculating the gram matrix...
     Finding anchor words...
     ...
     Recovering initialization...
     ..........................
     Initialization complete.
     ....................................................................................................
     Completed E-Step (2 seconds).
     Completed M-Step.
     Model Terminated Before Convergence Reached
     Beginning Spectral Initialization
     Calculating the gram matrix...
     Finding anchor words...
     ...
     Recovering initialization...
     ..........................
     Initialization complete.
     ....................................................................................................
     Completed E-Step (2 seconds).
     Completed M-Step.
     Completing Iteration 1 (approx. per word bound = -7.197)
     ....................................................................................................
     Completed E-Step (2 seconds).
     Completed M-Step.
     Model Terminated Before Convergence Reached
     Beginning Spectral Initialization
     Calculating the gram matrix...
     Finding anchor words...
     ...
     Recovering initialization...
     ..........................
     Initialization complete.
     ....................................................................................................
     Completed E-Step (2 seconds).
     .....................................................................................................
     Completed M-Step (14 seconds).
     Completing Iteration 1 (approx. per word bound = -7.197)
     ....................................................................................................
     Completed E-Step (2 seconds).
     .....................................................................................................
     Completed M-Step (14 seconds).
     Model Terminated Before Convergence Reached
     Beginning Random Initialization
     ....................................................................................................
     Completed Group 1 E-Step (1 seconds).
     ....................................................................................................
     Completed Group 2 E-Step (1 seconds).
     Completed M-Step.
     Completing Iteration 1 (approx. per word bound = -10.359)
     ....................................................................................................
     Completed Group 2 E-Step (1 seconds).
     Completed M-Step.
     ....................................................................................................
     Completed Group 1 E-Step (1 seconds).
     Completed M-Step.
     Model Terminated Before Convergence Reached
     -- 1. Error: plot.STM doesn't throw error (@test-visualize.R#4) --------------
     cannot open the connection
     1: load(url("http://goo.gl/VPdxlS")) at testthat/test-visualize.R:4
    
     == testthat results ===========================================================
     OK: 10 SKIPPED: 0 FAILED: 1
     1. Error: plot.STM doesn't throw error (@test-visualize.R#4)
    
     Error: testthat unit tests failed
     Execution halted
Flavor: r-oldrel-windows-ix86+x86_64