CRAN Package Check Results for Package stminsights

Last updated on 2018-06-23 10:50:00 CEST.

Flavor Version Tinstall Tcheck Ttotal Status Flags
r-devel-linux-x86_64-debian-clang 0.2.0 5.38 115.66 121.04 OK
r-devel-linux-x86_64-debian-gcc 0.2.0 6.74 89.26 96.00 OK
r-devel-linux-x86_64-fedora-clang 0.2.0 142.50 NOTE
r-devel-linux-x86_64-fedora-gcc 0.2.0 136.97 NOTE
r-devel-windows-ix86+x86_64 0.2.0 16.00 113.00 129.00 OK
r-patched-linux-x86_64 0.2.0 5.54 100.81 106.35 OK
r-patched-solaris-x86 0.2.0 208.10 NOTE
r-release-linux-x86_64 0.2.0 6.90 99.99 106.89 OK
r-release-windows-ix86+x86_64 0.2.0 12.00 113.00 125.00 OK
r-release-osx-x86_64 0.2.0 NOTE
r-oldrel-windows-ix86+x86_64 0.2.0 25.00 118.00 143.00 OK
r-oldrel-osx-x86_64 0.1.2 NOTE

Check Details

Version: 0.2.0
Check: dependencies in R code
Result: NOTE
    Namespaces in Imports field not imported from:
     ‘huge’ ‘scales’ ‘shinyjs’
     All declared Imports should be used.
Flavors: r-devel-linux-x86_64-fedora-clang, r-devel-linux-x86_64-fedora-gcc, r-patched-solaris-x86, r-release-osx-x86_64

Version: 0.1.2
Check: dependencies in R code
Result: NOTE
    Namespaces in Imports field not imported from:
     ‘huge’ ‘scales’ ‘shinyjs’
     All declared Imports should be used.
Flavor: r-oldrel-osx-x86_64