CRAN Package Check Results for Package stminsights

Last updated on 2018-09-24 16:51:08 CEST.

Flavor Version Tinstall Tcheck Ttotal Status Flags
r-devel-linux-x86_64-debian-clang 0.2.2 6.70 111.36 118.06 OK
r-devel-linux-x86_64-debian-gcc 0.2.2 6.16 84.97 91.13 OK
r-devel-linux-x86_64-fedora-clang 0.2.2 137.50 NOTE
r-devel-linux-x86_64-fedora-gcc 0.2.2 131.54 NOTE
r-devel-windows-ix86+x86_64 0.2.2 23.00 127.00 150.00 OK
r-patched-linux-x86_64 0.2.2 5.25 93.63 98.88 OK
r-patched-solaris-x86 0.2.2 193.00 NOTE
r-release-linux-x86_64 0.2.2 4.97 93.74 98.71 OK
r-release-windows-ix86+x86_64 0.2.2 22.00 199.00 221.00 OK
r-release-osx-x86_64 0.2.2 NOTE
r-oldrel-windows-ix86+x86_64 0.2.2 13.00 129.00 142.00 OK
r-oldrel-osx-x86_64 0.2.2 NOTE

Check Details

Version: 0.2.2
Check: dependencies in R code
Result: NOTE
    Namespaces in Imports field not imported from:
     ‘huge’ ‘readr’ ‘scales’ ‘shinyjs’
     All declared Imports should be used.
Flavors: r-devel-linux-x86_64-fedora-clang, r-devel-linux-x86_64-fedora-gcc, r-patched-solaris-x86, r-release-osx-x86_64, r-oldrel-osx-x86_64