CRAN Package Check Results for Package stminsights

Last updated on 2018-12-18 14:47:40 CET.

Flavor Version Tinstall Tcheck Ttotal Status Flags
r-devel-linux-x86_64-debian-clang 0.3.0 5.00 100.43 105.43 OK
r-devel-linux-x86_64-debian-gcc 0.3.0 5.48 78.14 83.62 OK
r-devel-linux-x86_64-fedora-clang 0.3.0 122.42 NOTE
r-devel-linux-x86_64-fedora-gcc 0.3.0 117.71 NOTE
r-devel-windows-ix86+x86_64 0.3.0 18.00 143.00 161.00 OK
r-patched-linux-x86_64 0.3.0 5.85 94.09 99.94 OK
r-patched-solaris-x86 0.3.0 203.90 NOTE
r-release-linux-x86_64 0.3.0 6.01 94.28 100.29 OK
r-release-windows-ix86+x86_64 0.3.0 24.00 154.00 178.00 OK
r-release-osx-x86_64 0.3.0 NOTE
r-oldrel-windows-ix86+x86_64 0.3.0 20.00 160.00 180.00 OK
r-oldrel-osx-x86_64 0.3.0 NOTE

Check Details

Version: 0.3.0
Check: dependencies in R code
Result: NOTE
    Namespaces in Imports field not imported from:
     ‘huge’ ‘readr’ ‘scales’ ‘shinyjs’
     All declared Imports should be used.
Flavors: r-devel-linux-x86_64-fedora-clang, r-devel-linux-x86_64-fedora-gcc, r-patched-solaris-x86, r-release-osx-x86_64, r-oldrel-osx-x86_64