CRAN Package Check Results for Package stockfish

Last updated on 2022-12-08 23:00:01 CET.

Flavor Version Tinstall Tcheck Ttotal Status Flags
r-devel-linux-x86_64-debian-clang 1.0.0 63.66 24.72 88.38 OK
r-devel-linux-x86_64-debian-gcc 1.0.0 55.31 19.07 74.38 OK
r-devel-linux-x86_64-fedora-clang 1.0.0 151.38 OK
r-devel-linux-x86_64-fedora-gcc 1.0.0 129.96 OK
r-devel-windows-x86_64 1.0.0 67.00 57.00 124.00 OK
r-patched-linux-x86_64 1.0.0 58.68 23.79 82.47 OK
r-release-linux-x86_64 1.0.0 54.82 22.34 77.16 OK
r-release-macos-arm64 1.0.0 43.00 OK
r-release-macos-x86_64 1.0.0 48.00 OK
r-release-windows-x86_64 1.0.0 78.00 60.00 138.00 OK
r-oldrel-macos-arm64 1.0.0 38.00 OK
r-oldrel-macos-x86_64 1.0.0 51.00 OK
r-oldrel-windows-ix86+x86_64 1.0.0 169.00 53.00 222.00 NOTE

Check Details

Version: 1.0.0
Check: installed package size
Result: NOTE
     installed size is 7.0Mb
     sub-directories of 1Mb or more:
     bin 6.9Mb
Flavor: r-oldrel-windows-ix86+x86_64