Last updated on 2023-12-06 13:52:32 CET.
Flavor | Version | Tinstall | Tcheck | Ttotal | Status | Flags |
---|---|---|---|---|---|---|
r-devel-linux-x86_64-debian-clang | 1.2-0 | 11.17 | 415.12 | 426.29 | OK | |
r-devel-linux-x86_64-debian-gcc | 1.2-0 | 8.23 | 314.34 | 322.57 | OK | |
r-devel-linux-x86_64-fedora-clang | 1.2-0 | 561.19 | OK | |||
r-devel-linux-x86_64-fedora-gcc | 1.2-0 | 519.61 | OK | |||
r-devel-windows-x86_64 | 1.2-0 | 10.00 | 301.00 | 311.00 | OK | |
r-patched-linux-x86_64 | 1.2-0 | 13.33 | 431.50 | 444.83 | OK | |
r-release-linux-x86_64 | 1.2-0 | 9.83 | 427.75 | 437.58 | OK | |
r-release-macos-arm64 | 1.2-0 | 151.00 | OK | |||
r-release-macos-x86_64 | 1.2-0 | 395.00 | OK | |||
r-release-windows-x86_64 | 1.2-0 | 13.00 | 416.00 | 429.00 | OK | |
r-oldrel-macos-arm64 | 1.2-0 | 159.00 | OK | |||
r-oldrel-macos-x86_64 | 1.2-0 | 214.00 | ERROR | |||
r-oldrel-windows-x86_64 | 1.2-0 | 14.00 | 484.00 | 498.00 | OK |
Version: 1.2-0
Check: PDF version of manual
Result: WARN
LaTeX errors when creating PDF version.
This typically indicates Rd problems.
LaTeX errors found:
! Undefined control sequence.
<argument> \mathbf {u},\mathbf {u}\in \mathbb
{R}^3
l.2149 ...{\mathbf{u},\mathbf{u}\in\mathbb{R}^3}{}
is defined
! Undefined control sequence.
<recently read> \mathbb
l.2158 ...uples of vectors in \eqn{\mathbb{R}^3}{}
, given by
! Undefined control sequence.
<recently read> \mathbb
l.2178 ...esenting vectors in \eqn{\mathbb{R}^3}{}
Flavor: r-oldrel-macos-x86_64
Version: 1.2-0
Check: PDF version of manual without index
Result: ERROR
Flavor: r-oldrel-macos-x86_64