CRAN Package Check Results for Package stopwords

Last updated on 2021-07-31 03:52:20 CEST.

Flavor Version Tinstall Tcheck Ttotal Status Flags
r-devel-linux-x86_64-debian-clang 2.2 OK
r-devel-linux-x86_64-debian-gcc 2.2 1.81 20.80 22.61 OK
r-devel-linux-x86_64-fedora-clang 2.2 43.41 NOTE
r-devel-linux-x86_64-fedora-gcc 2.2 32.72 NOTE
r-devel-windows-x86_64 2.2 4.00 43.00 47.00 OK
r-devel-windows-x86_64-gcc10-UCRT 2.2 NOTE
r-patched-linux-x86_64 2.2 OK
r-patched-solaris-x86 2.2 51.50 NOTE
r-release-linux-x86_64 2.2 2.27 25.51 27.78 OK
r-release-macos-arm64 2.2 NOTE
r-release-macos-x86_64 2.2 NOTE
r-release-windows-ix86+x86_64 2.2 5.00 59.00 64.00 OK
r-oldrel-macos-x86_64 2.2 NOTE
r-oldrel-windows-ix86+x86_64 2.2 5.00 48.00 53.00 OK

Check Details

Version: 2.2
Check: data for non-ASCII characters
Result: NOTE
     Note: found 22474 marked UTF-8 strings
Flavors: r-devel-linux-x86_64-fedora-clang, r-devel-linux-x86_64-fedora-gcc, r-devel-windows-x86_64-gcc10-UCRT, r-patched-solaris-x86, r-release-macos-arm64, r-release-macos-x86_64, r-oldrel-macos-x86_64