CRAN Package Check Results for Package stormwindmodel

Last updated on 2018-05-26 16:48:12 CEST.

Flavor Version Tinstall Tcheck Ttotal Status Flags
r-devel-linux-x86_64-debian-clang 0.1.0 3.52 35.81 39.33 OK --no-vignettes
r-devel-linux-x86_64-debian-gcc 0.1.0 2.23 28.45 30.68 OK --no-vignettes
r-devel-linux-x86_64-fedora-clang 0.1.0 239.71 OK
r-devel-linux-x86_64-fedora-gcc 0.1.0 241.67 OK
r-devel-windows-ix86+x86_64 0.1.0 7.00 55.00 62.00 WARN
r-patched-linux-x86_64 0.1.0 2.26 32.50 34.76 OK --no-vignettes
r-patched-solaris-x86 0.1.0 360.20 OK
r-release-linux-x86_64 0.1.0 2.91 32.28 35.19 OK --no-vignettes
r-release-windows-ix86+x86_64 0.1.0 10.00 83.00 93.00 WARN
r-release-osx-x86_64 0.1.0 OK
r-oldrel-windows-ix86+x86_64 0.1.0 8.00 285.00 293.00 OK
r-oldrel-osx-x86_64 0.1.0 WARN

Check Details

Version: 0.1.0
Check: re-building of vignette outputs
Result: WARN
    Error in re-building vignettes:
     ...
    
    Attaching package: 'dplyr'
    
    The following objects are masked from 'package:stats':
    
     filter, lag
    
    The following objects are masked from 'package:base':
    
     intersect, setdiff, setequal, union
    
    
    Attaching package: 'gridExtra'
    
    The following object is masked from 'package:dplyr':
    
     combine
    
    Map from URL : http://maps.googleapis.com/maps/api/staticmap?center=georgia&zoom=5&size=640x640&scale=2&maptype=terrain&language=en-EN&sensor=false
    Information from URL : http://maps.googleapis.com/maps/api/geocode/json?address=georgia&sensor=false
    Warning: geocode failed with status OVER_QUERY_LIMIT, location = "georgia"
    Quitting from lines 220-233 (Details.Rmd)
    Error: processing vignette 'Details.Rmd' failed with diagnostics:
    arguments imply differing number of rows: 0, 1
    Execution halted
Flavors: r-devel-windows-ix86+x86_64, r-release-windows-ix86+x86_64

Version: 0.1.0
Check: package dependencies
Result: NOTE
    Packages suggested but not available for checking: ‘rgeos’ ‘tigris’
Flavor: r-oldrel-osx-x86_64

Version: 0.1.0
Check: re-building of vignette outputs
Result: WARN
    Error in re-building vignettes:
     ...
    
     filter, lag
    
    The following objects are masked from 'package:base':
    
     intersect, setdiff, setequal, union
    
    
    Attaching package: 'gridExtra'
    
    The following object is masked from 'package:dplyr':
    
     combine
    
    Map from URL : http://maps.googleapis.com/maps/api/staticmap?center=georgia&zoom=5&size=640x640&scale=2&maptype=terrain&language=en-EN&sensor=false
    Information from URL : http://maps.googleapis.com/maps/api/geocode/json?address=georgia&sensor=false
    Warning: Removed 703 rows containing missing values (geom_point).
    Warning: Removed 89 rows containing missing values (geom_point).
    Warning: Removed 1 rows containing missing values (geom_path).
    Warning in engine$weave(file, quiet = quiet, encoding = enc) :
     Pandoc (>= 1.12.3) and/or pandoc-citeproc not available. Falling back to R Markdown v1.
    Quitting from lines 98-100 (Overview.Rmd)
    Error: processing vignette 'Overview.Rmd' failed with diagnostics:
    there is no package called 'tigris'
    Execution halted
Flavor: r-oldrel-osx-x86_64