CRAN Package Check Results for Package stormwindmodel

Last updated on 2018-08-19 07:47:39 CEST.

Flavor Version Tinstall Tcheck Ttotal Status Flags
r-devel-linux-x86_64-debian-clang 0.1.0 4.06 209.11 213.17 OK
r-devel-linux-x86_64-debian-gcc 0.1.0 3.17 157.26 160.43 OK
r-devel-linux-x86_64-fedora-clang 0.1.0 241.32 OK
r-devel-linux-x86_64-fedora-gcc 0.1.0 245.04 OK
r-devel-windows-ix86+x86_64 0.1.0 11.00 300.00 311.00 OK
r-patched-linux-x86_64 0.1.0 2.62 197.55 200.17 OK
r-patched-solaris-x86 0.1.0 366.40 OK
r-release-linux-x86_64 0.1.0 3.55 202.21 205.76 OK
r-release-windows-ix86+x86_64 0.1.0 12.00 198.00 210.00 OK
r-release-osx-x86_64 0.1.0 OK
r-oldrel-windows-ix86+x86_64 0.1.0 6.00 272.00 278.00 OK
r-oldrel-osx-x86_64 0.1.0 WARN

Check Details

Version: 0.1.0
Check: package dependencies
Result: NOTE
    Packages suggested but not available for checking: ‘rgeos’ ‘tigris’
Flavor: r-oldrel-osx-x86_64

Version: 0.1.0
Check: re-building of vignette outputs
Result: WARN
    Error in re-building vignettes:
     ...
    
     filter, lag
    
    The following objects are masked from 'package:base':
    
     intersect, setdiff, setequal, union
    
    
    Attaching package: 'gridExtra'
    
    The following object is masked from 'package:dplyr':
    
     combine
    
    Map from URL : http://maps.googleapis.com/maps/api/staticmap?center=georgia&zoom=5&size=640x640&scale=2&maptype=terrain&language=en-EN&sensor=false
    Information from URL : http://maps.googleapis.com/maps/api/geocode/json?address=georgia&sensor=false
    Warning: Removed 703 rows containing missing values (geom_point).
    Warning: Removed 89 rows containing missing values (geom_point).
    Warning: Removed 1 rows containing missing values (geom_path).
    Warning in engine$weave(file, quiet = quiet, encoding = enc) :
     Pandoc (>= 1.12.3) and/or pandoc-citeproc not available. Falling back to R Markdown v1.
    Quitting from lines 98-100 (Overview.Rmd)
    Error: processing vignette 'Overview.Rmd' failed with diagnostics:
    there is no package called 'tigris'
    Execution halted
Flavor: r-oldrel-osx-x86_64