CRAN Package Check Results for Package stormwindmodel

Last updated on 2018-02-17 19:46:47 CET.

Flavor Version Tinstall Tcheck Ttotal Status Flags
r-devel-linux-x86_64-debian-clang 0.1.0 2.84 309.99 312.83 OK
r-devel-linux-x86_64-debian-gcc 0.1.0 2.30 244.00 246.30 OK
r-devel-linux-x86_64-fedora-clang 0.1.0 324.94 OK
r-devel-linux-x86_64-fedora-gcc 0.1.0 195.36 OK
r-devel-windows-ix86+x86_64 0.1.0 5.00 274.00 279.00 OK
r-patched-linux-x86_64 0.1.0 2.38 39.36 41.74 WARN
r-patched-solaris-x86 0.1.0 514.50 OK
r-release-linux-x86_64 0.1.0 2.60 381.72 384.32 OK
r-release-windows-ix86+x86_64 0.1.0 9.00 349.00 358.00 OK
r-release-osx-x86_64 0.1.0 WARN
r-oldrel-windows-ix86+x86_64 0.1.0 5.00 500.00 505.00 WARN
r-oldrel-osx-x86_64 0.1.0 WARN

Check Details

Version: 0.1.0
Check: re-building of vignette outputs
Result: WARN
    Error in re-building vignettes:
     ...
    
    Attaching package: 'dplyr'
    
    The following objects are masked from 'package:stats':
    
     filter, lag
    
    The following objects are masked from 'package:base':
    
     intersect, setdiff, setequal, union
    
    
    Attaching package: 'gridExtra'
    
    The following object is masked from 'package:dplyr':
    
     combine
    
    Map from URL : http://maps.googleapis.com/maps/api/staticmap?center=georgia&zoom=5&size=640x640&scale=2&maptype=terrain&language=en-EN&sensor=false
    Information from URL : http://maps.googleapis.com/maps/api/geocode/json?address=georgia&sensor=false
    Warning: geocode failed with status OVER_QUERY_LIMIT, location = "georgia"
    Quitting from lines 220-233 (Details.Rmd)
    Error: processing vignette ‘Details.Rmd’ failed with diagnostics:
    arguments imply differing number of rows: 0, 1
    Execution halted
Flavors: r-patched-linux-x86_64, r-oldrel-windows-ix86+x86_64

Version: 0.1.0
Check: package dependencies
Result: NOTE
    Packages suggested but not available for checking: ‘rgeos’ ‘tigris’
Flavor: r-release-osx-x86_64

Version: 0.1.0
Check: re-building of vignette outputs
Result: WARN
    Error in re-building vignettes:
     ...
    
     filter, lag
    
    The following objects are masked from 'package:base':
    
     intersect, setdiff, setequal, union
    
    
    Attaching package: 'gridExtra'
    
    The following object is masked from 'package:dplyr':
    
     combine
    
    Map from URL : http://maps.googleapis.com/maps/api/staticmap?center=georgia&zoom=5&size=640x640&scale=2&maptype=terrain&language=en-EN&sensor=false
    Information from URL : http://maps.googleapis.com/maps/api/geocode/json?address=georgia&sensor=false
    Warning: Removed 703 rows containing missing values (geom_point).
    Warning: Removed 89 rows containing missing values (geom_point).
    Warning: Removed 1 rows containing missing values (geom_path).
    Warning in engine$weave(file, quiet = quiet, encoding = enc) :
     Pandoc (>= 1.12.3) and/or pandoc-citeproc not available. Falling back to R Markdown v1.
    Quitting from lines 98-100 (Overview.Rmd)
    Error: processing vignette 'Overview.Rmd' failed with diagnostics:
    there is no package called 'tigris'
    Execution halted
Flavor: r-release-osx-x86_64

Version: 0.1.0
Check: re-building of vignette outputs
Result: WARN
    Error in re-building vignettes:
     ...
    
    Attaching package: 'dplyr'
    
    The following objects are masked from 'package:stats':
    
     filter, lag
    
    The following objects are masked from 'package:base':
    
     intersect, setdiff, setequal, union
    
    
    Attaching package: 'gridExtra'
    
    The following object is masked from 'package:dplyr':
    
     combine
    
    Map from URL : http://maps.googleapis.com/maps/api/staticmap?center=georgia&zoom=5&size=640x640&scale=2&maptype=terrain&language=en-EN&sensor=false
    Information from URL : http://maps.googleapis.com/maps/api/geocode/json?address=georgia&sensor=false
    Quitting from lines 220-233 (Details.Rmd)
    Error: processing vignette 'Details.Rmd' failed with diagnostics:
    GeomRasterAnn was built with an incompatible version of ggproto.
    Please reinstall the package that provides this extension.
    Execution halted
Flavor: r-oldrel-osx-x86_64