CRAN Package Check Results for Package stortingscrape

Last updated on 2024-03-04 01:53:06 CET.

Flavor Version Tinstall Tcheck Ttotal Status Flags
r-devel-linux-x86_64-debian-clang 0.3.0 7.38 60.31 67.69 OK
r-devel-linux-x86_64-debian-gcc 0.3.0 5.17 44.67 49.84 OK
r-devel-linux-x86_64-fedora-clang 0.3.0 81.51 NOTE
r-devel-linux-x86_64-fedora-gcc 0.3.0 94.67 NOTE
r-devel-windows-x86_64 0.3.0 8.00 70.00 78.00 OK
r-patched-linux-x86_64 0.3.0 12.14 57.02 69.16 OK
r-release-linux-x86_64 0.3.0 5.69 56.47 62.16 OK
r-release-macos-arm64 0.3.0 43.00 OK
r-release-macos-x86_64 0.3.0 64.00 OK
r-release-windows-x86_64 0.3.0 11.00 78.00 89.00 OK
r-oldrel-macos-arm64 0.3.0 40.00 OK
r-oldrel-windows-x86_64 0.3.0 11.00 77.00 88.00 OK

Check Details

Version: 0.3.0
Check: data for non-ASCII characters
Result: NOTE Note: found 1725 marked UTF-8 strings Flavors: r-devel-linux-x86_64-fedora-clang, r-devel-linux-x86_64-fedora-gcc