CRAN Package Check Results for Package stplanr

Last updated on 2018-05-26 21:47:02 CEST.

Flavor Version Tinstall Tcheck Ttotal Status Flags
r-devel-linux-x86_64-debian-clang 0.2.4 37.23 193.91 231.14 OK
r-devel-linux-x86_64-debian-gcc 0.2.4 31.52 153.24 184.76 OK
r-devel-linux-x86_64-fedora-clang 0.2.4 282.99 OK
r-devel-linux-x86_64-fedora-gcc 0.2.4 290.91 OK
r-devel-windows-ix86+x86_64 0.2.4 73.00 264.00 337.00 OK
r-patched-linux-x86_64 0.2.4 36.26 173.13 209.39 OK
r-patched-solaris-x86 0.2.4 408.90 OK
r-release-linux-x86_64 0.2.4 34.86 173.01 207.87 OK
r-release-windows-ix86+x86_64 0.2.4 97.00 389.00 486.00 OK
r-release-osx-x86_64 0.2.4 WARN
r-oldrel-windows-ix86+x86_64 0.2.4 94.00 291.00 385.00 OK
r-oldrel-osx-x86_64 0.2.3 WARN

Check Details

Version: 0.2.4
Check: re-building of vignette outputs
Result: WARN
    Error in re-building vignettes:
     ...
    Warning in engine$weave(file, quiet = quiet, encoding = enc) :
     Pandoc (>= 1.12.3) and/or pandoc-citeproc not available. Falling back to R Markdown v1.
    Quitting from lines 111-114 (introducing-stplanr.Rmd)
    Error: processing vignette 'introducing-stplanr.Rmd' failed with diagnostics:
    cannot open the connection
    Execution halted
Flavor: r-release-osx-x86_64

Version: 0.2.3
Check: dependencies in R code
Result: NOTE
    Namespace in Imports field not imported from: ‘lwgeom’
     All declared Imports should be used.
Flavor: r-oldrel-osx-x86_64

Version: 0.2.3
Check: re-building of vignette outputs
Result: WARN
    Error in re-building vignettes:
     ...
    Warning in engine$weave(file, quiet = quiet, encoding = enc) :
     Pandoc (>= 1.12.3) and/or pandoc-citeproc not available. Falling back to R Markdown v1.
    Quitting from lines 111-114 (introducing-stplanr.Rmd)
    Error: processing vignette 'introducing-stplanr.Rmd' failed with diagnostics:
    cannot open the connection
    Execution halted
Flavor: r-oldrel-osx-x86_64