CRAN Package Check Results for Package strand

Last updated on 2022-08-08 09:50:52 CEST.

Flavor Version Tinstall Tcheck Ttotal Status Flags
r-devel-linux-x86_64-debian-clang 0.2.0 22.06 299.64 321.70 OK
r-devel-linux-x86_64-debian-gcc 0.2.0 17.79 224.67 242.46 OK
r-devel-linux-x86_64-fedora-clang 0.2.0 380.71 NOTE
r-devel-linux-x86_64-fedora-gcc 0.2.0 376.66 NOTE
r-devel-windows-x86_64 0.2.0 58.00 310.00 368.00 OK
r-patched-linux-x86_64 0.2.0 21.05 281.76 302.81 OK
r-release-linux-x86_64 0.2.0 OK
r-release-macos-arm64 0.2.0 85.00 NOTE
r-release-macos-x86_64 0.2.0 167.00 NOTE
r-release-windows-x86_64 0.2.0 29.00 314.00 343.00 OK
r-oldrel-macos-arm64 0.2.0 132.00 NOTE
r-oldrel-macos-x86_64 0.2.0 170.00 NOTE
r-oldrel-windows-ix86+x86_64 0.2.0 41.00 322.00 363.00 OK

Check Details

Version: 0.2.0
Check: data for non-ASCII characters
Result: NOTE
     Note: found 1 marked UTF-8 string
Flavors: r-devel-linux-x86_64-fedora-clang, r-devel-linux-x86_64-fedora-gcc, r-release-macos-arm64, r-release-macos-x86_64, r-oldrel-macos-arm64, r-oldrel-macos-x86_64

Version: 0.2.0
Check: package dependencies
Result: NOTE
    Package suggested but not available for checking: ‘Rsymphony’
Flavor: r-oldrel-macos-arm64