CRAN Package Check Results for Package strand

Last updated on 2021-02-27 08:50:48 CET.

Flavor Version Tinstall Tcheck Ttotal Status Flags
r-devel-linux-x86_64-debian-clang 0.2.0 19.44 224.65 244.09 OK
r-devel-linux-x86_64-debian-gcc 0.2.0 15.00 172.92 187.92 OK
r-devel-linux-x86_64-fedora-clang 0.2.0 321.11 NOTE
r-devel-linux-x86_64-fedora-gcc 0.2.0 284.23 NOTE
r-devel-windows-ix86+x86_64 0.2.0 27.00 195.00 222.00 OK
r-patched-linux-x86_64 0.2.0 16.55 222.55 239.10 OK
r-release-linux-x86_64 0.2.0 18.47 219.22 237.69 OK
r-release-macos-x86_64 0.2.0 NOTE
r-release-windows-ix86+x86_64 0.2.0 43.00 263.00 306.00 OK
r-oldrel-macos-x86_64 0.2.0 NOTE
r-oldrel-windows-ix86+x86_64 0.2.0 24.00 260.00 284.00 OK

Check Details

Version: 0.2.0
Check: data for non-ASCII characters
Result: NOTE
     Note: found 1 marked UTF-8 string
Flavors: r-devel-linux-x86_64-fedora-clang, r-devel-linux-x86_64-fedora-gcc, r-release-macos-x86_64, r-oldrel-macos-x86_64

Version: 0.2.0
Check: package dependencies
Result: NOTE
    Package suggested but not available for checking: ‘Rsymphony’
Flavors: r-release-macos-x86_64, r-oldrel-macos-x86_64