CRAN Package Check Results for Package strandCet

Last updated on 2019-12-06 03:47:39 CET.

Flavor Version Tinstall Tcheck Ttotal Status Flags
r-devel-linux-x86_64-debian-clang 1.0 3.23 43.79 47.02 OK
r-devel-linux-x86_64-debian-gcc 1.0 3.04 33.45 36.49 OK
r-devel-linux-x86_64-fedora-clang 1.0 55.83 NOTE
r-devel-linux-x86_64-fedora-gcc 1.0 57.82 NOTE
r-devel-windows-ix86+x86_64 1.0 8.00 75.00 83.00 OK
r-devel-windows-ix86+x86_64-gcc8 1.0 9.00 79.00 88.00 OK
r-patched-linux-x86_64 1.0 3.07 39.94 43.01 OK
r-patched-solaris-x86 1.0 74.10 NOTE
r-release-linux-x86_64 1.0 3.12 40.31 43.43 OK
r-release-windows-ix86+x86_64 1.0 11.00 57.00 68.00 OK
r-release-osx-x86_64 1.0 NOTE
r-oldrel-windows-ix86+x86_64 1.0 5.00 73.00 78.00 OK
r-oldrel-osx-x86_64 1.0 NOTE

Check Details

Version: 1.0
Check: dependencies in R code
Result: NOTE
    Namespace in Imports field not imported from: ‘boot’
     All declared Imports should be used.
Flavors: r-devel-linux-x86_64-fedora-clang, r-devel-linux-x86_64-fedora-gcc, r-patched-solaris-x86, r-release-osx-x86_64, r-oldrel-osx-x86_64