CRAN Package Check Results for Package strandCet

Last updated on 2019-08-19 12:47:52 CEST.

Flavor Version Tinstall Tcheck Ttotal Status Flags
r-devel-linux-x86_64-debian-clang 1.0 3.93 40.83 44.76 OK
r-devel-linux-x86_64-debian-gcc 1.0 3.31 30.99 34.30 OK
r-devel-linux-x86_64-fedora-clang 1.0 52.81 NOTE
r-devel-linux-x86_64-fedora-gcc 1.0 55.36 NOTE
r-devel-windows-ix86+x86_64 1.0 12.00 50.00 62.00 OK
r-patched-linux-x86_64 1.0 3.22 40.43 43.65 OK
r-patched-solaris-x86 1.0 76.40 NOTE
r-release-linux-x86_64 1.0 3.38 40.54 43.92 OK
r-release-windows-ix86+x86_64 1.0 7.00 52.00 59.00 OK
r-release-osx-x86_64 1.0 NOTE
r-oldrel-windows-ix86+x86_64 1.0 9.00 68.00 77.00 OK
r-oldrel-osx-x86_64 1.0 NOTE

Check Details

Version: 1.0
Check: dependencies in R code
Result: NOTE
    Namespace in Imports field not imported from: ‘boot’
     All declared Imports should be used.
Flavors: r-devel-linux-x86_64-fedora-clang, r-devel-linux-x86_64-fedora-gcc, r-patched-solaris-x86, r-release-osx-x86_64, r-oldrel-osx-x86_64