CRAN Package Check Results for Package stremr

Last updated on 2018-11-21 09:48:49 CET.

Flavor Version Tinstall Tcheck Ttotal Status Flags
r-oldrel-osx-x86_64 0.4 ERROR

Check Details

Version: 0.4
Check: package dependencies
Result: NOTE
    Package suggested but not available for checking: ‘devtools’
Flavor: r-oldrel-osx-x86_64

Version: 0.4
Check: tests
Result: ERROR
     Running ‘test-all.R’ [167s/242s]
    Running the tests in ‘tests/test-all.R’ failed.
    Last 13 lines of output:
     RUNIT TEST PROTOCOL -- Mon Apr 3 00:44:25 2017
     ***********************************************
     Number of test functions: 18
     Number of errors: 1
     Number of failures: 0
    
    
     1 Test Suite :
     stremr unit testing - 18 test functions, 1 error, 0 failures
     ERROR in test.speedglm.allestimators10Kdata: Error in readChar(con, 5L, useBytes = TRUE) : cannot open the connection
     Error:
    
     unit testing failed (#test failures: 0, #R errors: 1)
    
     Execution halted
Flavor: r-oldrel-osx-x86_64