CRAN Package Check Results for Package stringb

Last updated on 2022-10-02 01:50:45 CEST.

Flavor Version Tinstall Tcheck Ttotal Status Flags
r-devel-linux-x86_64-debian-clang 0.1.17 3.99 33.20 37.19 NOTE
r-devel-linux-x86_64-debian-gcc 0.1.17 3.02 26.22 29.24 NOTE
r-devel-linux-x86_64-fedora-clang 0.1.17 59.25 NOTE
r-devel-linux-x86_64-fedora-gcc 0.1.17 55.16 NOTE
r-devel-windows-x86_64 0.1.17 44.00 71.00 115.00 NOTE
r-patched-linux-x86_64 0.1.17 3.84 31.85 35.69 NOTE
r-release-linux-x86_64 0.1.17 3.23 31.35 34.58 NOTE
r-release-macos-arm64 0.1.17 17.00 NOTE
r-release-macos-x86_64 0.1.17 26.00 NOTE
r-release-windows-x86_64 0.1.17 45.00 60.00 105.00 NOTE
r-oldrel-macos-arm64 0.1.17 21.00 NOTE
r-oldrel-macos-x86_64 0.1.17 31.00 NOTE
r-oldrel-windows-ix86+x86_64 0.1.17 9.00 59.00 68.00 NOTE

Check Details

Version: 0.1.17
Check: LazyData
Result: NOTE
     'LazyData' is specified without a 'data' directory
Flavors: r-devel-linux-x86_64-debian-clang, r-devel-linux-x86_64-debian-gcc, r-devel-linux-x86_64-fedora-clang, r-devel-linux-x86_64-fedora-gcc, r-devel-windows-x86_64, r-patched-linux-x86_64, r-release-linux-x86_64, r-release-macos-arm64, r-release-macos-x86_64, r-release-windows-x86_64, r-oldrel-macos-arm64, r-oldrel-macos-x86_64, r-oldrel-windows-ix86+x86_64