CRAN Package Check Results for Package stringformattr

Last updated on 2023-12-09 19:54:27 CET.

Flavor Version Tinstall Tcheck Ttotal Status Flags
r-devel-linux-x86_64-debian-clang 0.1.2 1.73 21.55 23.28 NOTE
r-devel-linux-x86_64-debian-gcc 0.1.2 1.47 17.02 18.49 NOTE
r-devel-linux-x86_64-fedora-clang 0.1.2 30.75 NOTE
r-devel-linux-x86_64-fedora-gcc 0.1.2 28.54 NOTE
r-devel-windows-x86_64 0.1.2 3.00 45.00 48.00 NOTE
r-patched-linux-x86_64 0.1.2 1.81 21.28 23.09 NOTE
r-release-linux-x86_64 0.1.2 1.67 21.43 23.10 NOTE
r-release-macos-arm64 0.1.2 16.00 NOTE
r-release-macos-x86_64 0.1.2 20.00 NOTE
r-release-windows-x86_64 0.1.2 3.00 43.00 46.00 NOTE
r-oldrel-macos-arm64 0.1.2 16.00 NOTE
r-oldrel-macos-x86_64 0.1.2 20.00 NOTE
r-oldrel-windows-x86_64 0.1.2 3.00 47.00 50.00 NOTE

Check Details

Version: 0.1.2
Check: LazyData
Result: NOTE 'LazyData' is specified without a 'data' directory Flavors: r-devel-linux-x86_64-debian-clang, r-devel-linux-x86_64-debian-gcc, r-devel-linux-x86_64-fedora-clang, r-devel-linux-x86_64-fedora-gcc, r-devel-windows-x86_64, r-patched-linux-x86_64, r-release-linux-x86_64, r-release-macos-arm64, r-release-macos-x86_64, r-release-windows-x86_64, r-oldrel-macos-arm64, r-oldrel-macos-x86_64, r-oldrel-windows-x86_64