CRAN Package Check Results for Package stringformattr

Last updated on 2022-12-07 06:53:21 CET.

Flavor Version Tinstall Tcheck Ttotal Status Flags
r-devel-linux-x86_64-debian-clang 0.1.2 2.11 22.56 24.67 NOTE
r-devel-linux-x86_64-debian-gcc 0.1.2 1.56 17.70 19.26 NOTE
r-devel-linux-x86_64-fedora-clang 0.1.2 41.23 NOTE
r-devel-linux-x86_64-fedora-gcc 0.1.2 40.63 NOTE
r-devel-windows-x86_64 0.1.2 12.00 56.00 68.00 NOTE
r-patched-linux-x86_64 0.1.2 1.98 22.53 24.51 NOTE
r-release-linux-x86_64 0.1.2 1.83 21.83 23.66 NOTE
r-release-macos-arm64 0.1.2 16.00 NOTE
r-release-macos-x86_64 0.1.2 20.00 NOTE
r-release-windows-x86_64 0.1.2 10.00 55.00 65.00 NOTE
r-oldrel-macos-arm64 0.1.2 19.00 NOTE
r-oldrel-macos-x86_64 0.1.2 25.00 NOTE
r-oldrel-windows-ix86+x86_64 0.1.2 6.00 47.00 53.00 NOTE

Check Details

Version: 0.1.2
Check: LazyData
Result: NOTE
     'LazyData' is specified without a 'data' directory
Flavors: r-devel-linux-x86_64-debian-clang, r-devel-linux-x86_64-debian-gcc, r-devel-linux-x86_64-fedora-clang, r-devel-linux-x86_64-fedora-gcc, r-devel-windows-x86_64, r-patched-linux-x86_64, r-release-linux-x86_64, r-release-macos-arm64, r-release-macos-x86_64, r-release-windows-x86_64, r-oldrel-macos-arm64, r-oldrel-macos-x86_64, r-oldrel-windows-ix86+x86_64