Last updated on 2023-09-25 14:01:13 CEST.
Flavor | Version | Tinstall | Tcheck | Ttotal | Status | Flags |
---|---|---|---|---|---|---|
r-devel-linux-x86_64-debian-clang | 1.7.12 | 167.70 | 72.72 | 240.42 | NOTE | |
r-devel-linux-x86_64-debian-gcc | 1.7.12 | 96.10 | 56.13 | 152.23 | NOTE | |
r-devel-linux-x86_64-fedora-clang | 1.7.12 | 428.52 | NOTE | |||
r-devel-linux-x86_64-fedora-gcc | 1.7.12 | 323.15 | NOTE | |||
r-devel-windows-x86_64 | 1.7.12 | 659.00 | 166.00 | 825.00 | NOTE | |
r-patched-linux-x86_64 | 1.7.12 | 162.43 | 72.76 | 235.19 | NOTE | |
r-release-linux-x86_64 | 1.7.12 | 153.80 | 72.45 | 226.25 | NOTE | |
r-release-macos-arm64 | 1.7.12 | 100.00 | NOTE | |||
r-release-macos-x86_64 | 1.7.12 | 157.00 | NOTE | |||
r-release-windows-x86_64 | 1.7.12 | 692.00 | 211.00 | 903.00 | NOTE | |
r-oldrel-macos-arm64 | 1.7.12 | 91.00 | NOTE | |||
r-oldrel-macos-x86_64 | 1.7.12 | 128.00 | NOTE | |||
r-oldrel-windows-x86_64 | 1.7.12 | 647.00 | 157.00 | 804.00 | NOTE |
Version: 1.7.12
Check: C++ specification
Result: NOTE
Specified C++11: please drop specification unless essential
Flavors: r-devel-linux-x86_64-debian-clang, r-devel-linux-x86_64-debian-gcc, r-devel-linux-x86_64-fedora-clang, r-devel-linux-x86_64-fedora-gcc, r-devel-windows-x86_64, r-patched-linux-x86_64, r-release-linux-x86_64, r-release-macos-arm64, r-release-macos-x86_64, r-release-windows-x86_64
Version: 1.7.12
Check: installed package size
Result: NOTE
installed size is 33.2Mb
sub-directories of 1Mb or more:
libs 32.4Mb
Flavors: r-devel-windows-x86_64, r-release-macos-arm64, r-release-macos-x86_64, r-release-windows-x86_64, r-oldrel-macos-arm64, r-oldrel-macos-x86_64, r-oldrel-windows-x86_64