CRAN Package Check Results for Package stringi

Last updated on 2019-02-17 22:46:51 CET.

Flavor Version Tinstall Tcheck Ttotal Status Flags
r-devel-linux-x86_64-debian-clang 1.3.1 92.21 49.48 141.69 OK
r-devel-linux-x86_64-debian-gcc 1.3.1 61.06 38.89 99.95 OK
r-devel-linux-x86_64-fedora-clang 1.3.1 237.91 NOTE
r-devel-linux-x86_64-fedora-gcc 1.3.1 176.91 OK
r-devel-windows-ix86+x86_64 1.3.1 1564.00 112.00 1676.00 NOTE
r-patched-linux-x86_64 1.3.1 83.64 45.72 129.36 OK
r-patched-solaris-x86 1.3.1 654.50 NOTE
r-release-linux-x86_64 1.3.1 OK
r-release-windows-ix86+x86_64 1.3.1 1067.00 97.00 1164.00 NOTE
r-release-osx-x86_64 1.3.1 NOTE
r-oldrel-windows-ix86+x86_64 1.3.1 885.00 99.00 984.00 NOTE
r-oldrel-osx-x86_64 1.3.1 NOTE

Additional issues

rchk

Check Details

Version: 1.3.1
Check: installed package size
Result: NOTE
     installed size is 5.3Mb
     sub-directories of 1Mb or more:
     libs 4.5Mb
Flavors: r-devel-linux-x86_64-fedora-clang, r-devel-windows-ix86+x86_64, r-patched-solaris-x86, r-release-windows-ix86+x86_64, r-release-osx-x86_64, r-oldrel-windows-ix86+x86_64, r-oldrel-osx-x86_64