CRAN Package Check Results for Package stringi

Last updated on 2018-08-20 15:51:58 CEST.

Flavor Version Tinstall Tcheck Ttotal Status Flags
r-devel-linux-x86_64-debian-clang 1.2.4 89.71 46.72 136.43 OK
r-devel-linux-x86_64-debian-gcc 1.2.4 65.33 37.63 102.96 OK
r-devel-linux-x86_64-fedora-clang 1.2.4 214.10 NOTE
r-devel-linux-x86_64-fedora-gcc 1.2.4 171.83 OK
r-devel-windows-ix86+x86_64 1.2.4 1656.00 159.00 1815.00 NOTE
r-patched-linux-x86_64 1.2.4 93.06 45.36 138.42 OK
r-patched-solaris-x86 1.2.4 635.00 NOTE
r-release-linux-x86_64 1.2.4 90.78 44.91 135.69 OK
r-release-windows-ix86+x86_64 1.2.4 841.00 5.00 846.00 ERROR
r-release-osx-x86_64 1.2.4 NOTE
r-oldrel-windows-ix86+x86_64 1.2.4 1101.00 6.00 1107.00 ERROR
r-oldrel-osx-x86_64 1.2.4 NOTE

Additional issues

rchk

Check Details

Version: 1.2.4
Check: installed package size
Result: NOTE
     installed size is 5.8Mb
     sub-directories of 1Mb or more:
     libs 5.1Mb
Flavors: r-devel-linux-x86_64-fedora-clang, r-devel-windows-ix86+x86_64, r-patched-solaris-x86, r-release-osx-x86_64, r-oldrel-osx-x86_64

Version: 1.2.4
Check: whether package can be installed
Result: ERROR
    Installation failed.
Flavors: r-release-windows-ix86+x86_64, r-oldrel-windows-ix86+x86_64