CRAN Package Check Results for Package stringi

Last updated on 2022-09-25 08:54:42 CEST.

Flavor Version Tinstall Tcheck Ttotal Status Flags
r-devel-linux-x86_64-debian-clang 1.7.8 154.32 71.93 226.25 OK
r-devel-linux-x86_64-debian-gcc 1.7.8 103.78 53.98 157.76 OK
r-devel-linux-x86_64-fedora-clang 1.7.8 340.48 OK
r-devel-linux-x86_64-fedora-gcc 1.7.8 285.56 OK
r-devel-windows-x86_64 1.7.8 1120.00 218.00 1338.00 WARN
r-patched-linux-x86_64 1.7.8 130.51 62.41 192.92 OK
r-release-linux-x86_64 1.7.8 124.85 62.40 187.25 OK
r-release-macos-arm64 1.7.8 101.00 NOTE
r-release-macos-x86_64 1.7.8 122.00 NOTE
r-release-windows-x86_64 1.7.8 652.00 146.00 798.00 WARN
r-oldrel-macos-arm64 1.7.8 103.00 NOTE
r-oldrel-macos-x86_64 1.7.8 129.00 NOTE
r-oldrel-windows-ix86+x86_64 1.7.8 12.00 11.00 23.00 ERROR

Additional issues

rchk

Check Details

Version: 1.7.8
Check: whether package can be installed
Result: WARN
    Found the following significant warnings:
     icu69/common/cstring.h:43:70: warning: 'char* strncpy(char*, const char*, size_t)' output may be truncated copying 156 bytes from a string of length 156 [-Wstringop-truncation]
Flavors: r-devel-windows-x86_64, r-release-windows-x86_64

Version: 1.7.8
Check: installed package size
Result: NOTE
     installed size is 33.3Mb
     sub-directories of 1Mb or more:
     libs 32.4Mb
Flavors: r-devel-windows-x86_64, r-release-macos-arm64, r-release-macos-x86_64, r-release-windows-x86_64, r-oldrel-macos-arm64, r-oldrel-macos-x86_64

Version: 1.7.8
Check: whether package can be installed
Result: ERROR
    Installation failed.
Flavor: r-oldrel-windows-ix86+x86_64