CRAN Package Check Results for Package stringi

Last updated on 2018-02-25 05:47:48 CET.

Flavor Version Tinstall Tcheck Ttotal Status Flags
r-devel-linux-x86_64-debian-clang 1.1.6 87.28 40.70 127.98 WARN
r-devel-linux-x86_64-debian-gcc 1.1.6 54.42 32.04 86.46 WARN
r-devel-linux-x86_64-fedora-clang 1.1.6 214.50 WARN
r-devel-linux-x86_64-fedora-gcc 1.1.6 148.86 WARN
r-devel-windows-ix86+x86_64 1.1.6 1419.00 91.00 1510.00 WARN
r-patched-linux-x86_64 1.1.6 78.77 39.32 118.09 OK
r-patched-solaris-x86 1.1.6 615.20 NOTE
r-release-linux-x86_64 1.1.6 78.05 39.10 117.15 OK
r-release-windows-ix86+x86_64 1.1.6 793.00 93.00 886.00 NOTE
r-release-osx-x86_64 1.1.6 NOTE
r-oldrel-windows-ix86+x86_64 1.1.6 991.00 128.00 1119.00 NOTE
r-oldrel-osx-x86_64 1.1.6 NOTE

Additional issues

rchk

Check Details

Version: 1.1.6
Check: pragmas in C/C++ headers and code
Result: WARN
    File which contains pragma(s) suppressing important diagnostics:
     ‘src/icu55/i18n/decNumber.c’
Flavors: r-devel-linux-x86_64-debian-clang, r-devel-linux-x86_64-debian-gcc, r-devel-linux-x86_64-fedora-clang, r-devel-linux-x86_64-fedora-gcc, r-devel-windows-ix86+x86_64

Version: 1.1.6
Check: installed package size
Result: NOTE
     installed size is 5.7Mb
     sub-directories of 1Mb or more:
     libs 5.0Mb
Flavors: r-devel-linux-x86_64-fedora-clang, r-devel-linux-x86_64-fedora-gcc, r-devel-windows-ix86+x86_64, r-patched-solaris-x86, r-release-windows-ix86+x86_64, r-release-osx-x86_64, r-oldrel-windows-ix86+x86_64, r-oldrel-osx-x86_64

Version: 1.1.6
Check: whether package can be installed
Result: WARN
    Found the following significant warnings:
     icu55/i18n/winnmfmt.h:152:11: warning: 'icu_55::Win32NumberFormat::fFractionDigitsSet' will be initialized after [-Wreorder]
     icu55/i18n/winnmfmt.h:151:17: warning: 'icu_55::FormatInfo* icu_55::Win32NumberFormat::fFormatInfo' [-Wreorder]
     icu55/i18n/winnmfmt.cpp:138:1: warning: when initialized here [-Wreorder]
Flavor: r-devel-windows-ix86+x86_64