Last updated on 2023-10-02 20:12:13 CEST.
Flavor | Version | Tinstall | Tcheck | Ttotal | Status | Flags |
---|---|---|---|---|---|---|
r-devel-linux-x86_64-debian-clang | 1.5.0 | 6.20 | 65.66 | 71.86 | OK | |
r-devel-linux-x86_64-debian-gcc | 1.5.0 | 4.45 | 49.82 | 54.27 | OK | |
r-devel-linux-x86_64-fedora-clang | 1.5.0 | 87.24 | NOTE | |||
r-devel-linux-x86_64-fedora-gcc | 1.5.0 | 96.84 | OK | |||
r-devel-windows-x86_64 | 1.5.0 | 7.00 | 78.00 | 85.00 | OK | |
r-patched-linux-x86_64 | 1.5.0 | 7.80 | 63.58 | 71.38 | OK | |
r-release-linux-x86_64 | 1.5.0 | 5.66 | 62.60 | 68.26 | OK | |
r-release-macos-arm64 | 1.5.0 | 36.00 | OK | |||
r-release-macos-x86_64 | 1.5.0 | 50.00 | OK | |||
r-release-windows-x86_64 | 1.5.0 | 10.00 | 87.00 | 97.00 | OK | |
r-oldrel-macos-arm64 | 1.5.0 | 27.00 | OK | |||
r-oldrel-macos-x86_64 | 1.5.0 | 40.00 | OK | |||
r-oldrel-windows-x86_64 | 1.5.0 | 9.00 | 91.00 | 100.00 | OK |
Version: 1.5.0
Check: Rd cross-references
Result: NOTE
Undeclared package ‘dplyr’ in Rd xrefs
Flavor: r-devel-linux-x86_64-fedora-clang