CRAN Package Check Results for Package stringr

Last updated on 2018-01-24 03:49:09 CET.

Flavor Version Tinstall Tcheck Ttotal Status Flags
r-devel-linux-x86_64-debian-clang 1.2.0 0.93 33.50 34.43 OK
r-devel-linux-x86_64-debian-gcc 1.2.0 0.89 25.81 26.70 OK
r-devel-linux-x86_64-fedora-clang 1.2.0 40.59 NOTE
r-devel-linux-x86_64-fedora-gcc 1.2.0 37.66 NOTE
r-devel-windows-ix86+x86_64 1.2.0 7.00 46.00 53.00 OK
r-patched-linux-x86_64 1.2.0 1.24 31.17 32.41 OK
r-patched-solaris-x86 1.2.0 54.00 NOTE
r-release-linux-x86_64 1.2.0 1.02 31.31 32.33 OK
r-release-windows-ix86+x86_64 1.2.0 4.00 41.00 45.00 OK
r-release-osx-x86_64 1.2.0 NOTE
r-oldrel-windows-ix86+x86_64 1.2.0 6.00 42.00 48.00 OK
r-oldrel-osx-x86_64 1.2.0 NOTE

Check Details

Version: 1.2.0
Check: data for non-ASCII characters
Result: NOTE
     Note: found 3 marked UTF-8 strings
Flavors: r-devel-linux-x86_64-fedora-clang, r-devel-linux-x86_64-fedora-gcc, r-patched-solaris-x86, r-release-osx-x86_64, r-oldrel-osx-x86_64