CRAN Package Check Results for Package stringr

Last updated on 2018-12-17 15:50:01 CET.

Flavor Version Tinstall Tcheck Ttotal Status Flags
r-devel-linux-x86_64-debian-clang 1.3.1 1.82 3.56 5.38 ERROR
r-devel-linux-x86_64-debian-gcc 1.3.1 1.64 2.12 3.76 ERROR
r-devel-linux-x86_64-fedora-clang 1.3.1 37.26 NOTE
r-devel-linux-x86_64-fedora-gcc 1.3.1 36.22 NOTE
r-devel-windows-ix86+x86_64 1.3.1 6.00 56.00 62.00 OK
r-patched-linux-x86_64 1.3.1 1.47 2.75 4.22 ERROR
r-patched-solaris-x86 1.3.1 57.30 NOTE
r-release-linux-x86_64 1.3.1 1.38 28.45 29.83 OK
r-release-windows-ix86+x86_64 1.3.1 5.00 59.00 64.00 OK
r-release-osx-x86_64 1.3.1 NOTE
r-oldrel-windows-ix86+x86_64 1.3.1 9.00 66.00 75.00 OK
r-oldrel-osx-x86_64 1.3.1 NOTE

Check Details

Version: 1.3.1
Check: whether the package can be loaded
Result: ERROR
    Loading this package had a fatal error status code 1
    Loading log:
    Error: package or namespace load failed for ‘stringr’ in dyn.load(file, DLLpath = DLLpath, ...):
     unable to load shared object ‘/home/hornik/tmp/R.check/r-devel-clang/Work/build/Packages/stringi/libs/stringi.so’:
     /home/hornik/tmp/R.check/r-devel-clang/Work/build/Packages/stringi/libs/stringi.so: failed to map segment from shared object
    Execution halted
Flavor: r-devel-linux-x86_64-debian-clang

Version: 1.3.1
Check: whether the package can be loaded
Result: ERROR
    Loading this package had a fatal error status code 1
    Loading log:
    Error: package or namespace load failed for ‘stringr’ in dyn.load(file, DLLpath = DLLpath, ...):
     unable to load shared object ‘/home/hornik/tmp/R.check/r-devel-gcc/Work/build/Packages/stringi/libs/stringi.so’:
     /home/hornik/tmp/R.check/r-devel-gcc/Work/build/Packages/stringi/libs/stringi.so: failed to map segment from shared object
    Execution halted
Flavor: r-devel-linux-x86_64-debian-gcc

Version: 1.3.1
Check: data for non-ASCII characters
Result: NOTE
     Note: found 3 marked UTF-8 strings
Flavors: r-devel-linux-x86_64-fedora-clang, r-devel-linux-x86_64-fedora-gcc, r-patched-solaris-x86, r-release-osx-x86_64, r-oldrel-osx-x86_64

Version: 1.3.1
Check: whether the package can be loaded
Result: ERROR
    Loading this package had a fatal error status code 1
    Loading log:
    Error: package or namespace load failed for ‘stringr’ in dyn.load(file, DLLpath = DLLpath, ...):
     unable to load shared object ‘/home/hornik/tmp/R.check/r-patched-gcc/Work/build/Packages/stringi/libs/stringi.so’:
     /home/hornik/tmp/R.check/r-patched-gcc/Work/build/Packages/stringi/libs/stringi.so: failed to map segment from shared object
    Execution halted
Flavor: r-patched-linux-x86_64