CRAN Package Check Results for Package stringr

Last updated on 2018-07-19 11:49:01 CEST.

Flavor Version Tinstall Tcheck Ttotal Status Flags
r-devel-linux-x86_64-debian-clang 1.3.1 1.98 27.22 29.20 OK
r-devel-linux-x86_64-debian-gcc 1.3.1 1.26 23.76 25.02 OK
r-devel-linux-x86_64-fedora-clang 1.3.1 36.75 NOTE
r-devel-linux-x86_64-fedora-gcc 1.3.1 36.11 NOTE
r-devel-windows-ix86+x86_64 1.3.1 5.00 56.00 61.00 OK
r-patched-linux-x86_64 1.3.1 1.52 28.40 29.92 OK
r-patched-solaris-x86 1.3.1 57.60 NOTE
r-release-linux-x86_64 1.3.1 1.89 28.11 30.00 OK
r-release-windows-ix86+x86_64 1.3.1 8.00 61.00 69.00 OK
r-release-osx-x86_64 1.3.1 NOTE
r-oldrel-windows-ix86+x86_64 1.3.1 6.00 47.00 53.00 OK
r-oldrel-osx-x86_64 1.3.1 NOTE

Check Details

Version: 1.3.1
Check: data for non-ASCII characters
Result: NOTE
     Note: found 3 marked UTF-8 strings
Flavors: r-devel-linux-x86_64-fedora-clang, r-devel-linux-x86_64-fedora-gcc, r-patched-solaris-x86, r-release-osx-x86_64, r-oldrel-osx-x86_64