CRAN Package Check Results for Package stringr

Last updated on 2018-10-22 22:57:01 CEST.

Flavor Version Tinstall Tcheck Ttotal Status Flags
r-devel-linux-x86_64-debian-clang 1.3.1 2.09 30.46 32.55 OK
r-devel-linux-x86_64-debian-gcc 1.3.1 1.54 25.34 26.88 OK
r-devel-linux-x86_64-fedora-clang 1.3.1 38.85 NOTE
r-devel-linux-x86_64-fedora-gcc 1.3.1 38.07 NOTE
r-devel-windows-ix86+x86_64 1.3.1 7.00 67.00 74.00 OK
r-patched-linux-x86_64 1.3.1 1.57 27.60 29.17 OK
r-patched-solaris-x86 1.3.1 58.60 NOTE
r-release-linux-x86_64 1.3.1 1.61 27.04 28.65 ERROR
r-release-windows-ix86+x86_64 1.3.1 5.00 60.00 65.00 OK
r-release-osx-x86_64 1.3.1 NOTE
r-oldrel-windows-ix86+x86_64 1.3.1 4.00 60.00 64.00 OK
r-oldrel-osx-x86_64 1.3.1 NOTE

Check Details

Version: 1.3.1
Check: data for non-ASCII characters
Result: NOTE
     Note: found 3 marked UTF-8 strings
Flavors: r-devel-linux-x86_64-fedora-clang, r-devel-linux-x86_64-fedora-gcc, r-patched-solaris-x86, r-release-osx-x86_64, r-oldrel-osx-x86_64

Version: 1.3.1
Check: package dependencies
Result: NOTE
    Package suggested but not available for checking: ‘htmlwidgets’
Flavor: r-release-linux-x86_64

Version: 1.3.1
Check: examples
Result: ERROR
    Running examples in ‘stringr-Ex.R’ failed
    The error most likely occurred in:
    
    > base::assign(".ptime", proc.time(), pos = "CheckExEnv")
    > ### Name: str_view
    > ### Title: View HTML rendering of regular expression match.
    > ### Aliases: str_view str_view_all
    >
    > ### ** Examples
    >
    > str_view(c("abc", "def", "fgh"), "[aeiou]")
    Error in loadNamespace(name) : there is no package called ‘htmlwidgets’
    Calls: str_view ... tryCatch -> tryCatchList -> tryCatchOne -> <Anonymous>
    Execution halted
Flavor: r-release-linux-x86_64

Version: 1.3.1
Check: tests
Result: ERROR
     Running ‘testthat.R’ [1s/2s]
    Running the tests in ‘tests/testthat.R’ failed.
    Complete output:
     > library(testthat)
     > library(stringr)
     >
     > test_check("stringr")
     ── 1. Failure: view works (@test-view.R#6) ────────────────────────────────────
     `str_view(x, "[aeiou]")` threw an error.
     Message: there is no package called 'htmlwidgets'
     Class: simpleError/error/condition
    
     ── 2. Failure: view works (@test-view.R#7) ────────────────────────────────────
     `str_view_all(x, "d|e")` threw an error.
     Message: there is no package called 'htmlwidgets'
     Class: simpleError/error/condition
    
     ── 3. Error: match argument controls what is shown (@test-view.R#11) ──────────
     there is no package called 'htmlwidgets'
     1: str_view(x, "d|e") at testthat/test-view.R:11
     2: str_view_widget(string)
     3: htmlwidgets::sizingPolicy
     4: getExportedValue(pkg, name)
     5: asNamespace(ns)
     6: getNamespace(ns)
     7: tryCatch(loadNamespace(name), error = function(e) stop(e))
     8: tryCatchList(expr, classes, parentenv, handlers)
     9: tryCatchOne(expr, names, parentenv, handlers[[1L]])
     10: value[[3L]](cond)
    
     ── 4. Error: view_all shows all matches (@test-view.R#22) ─────────────────────
     there is no package called 'htmlwidgets'
     1: str_view_all(x, "d|e", match = TRUE) at testthat/test-view.R:22
     2: str_view_widget(string)
     3: htmlwidgets::sizingPolicy
     4: getExportedValue(pkg, name)
     5: asNamespace(ns)
     6: getNamespace(ns)
     7: tryCatch(loadNamespace(name), error = function(e) stop(e))
     8: tryCatchList(expr, classes, parentenv, handlers)
     9: tryCatchOne(expr, names, parentenv, handlers[[1L]])
     10: value[[3L]](cond)
    
     ══ testthat results ═══════════════════════════════════════════════════════════
     OK: 214 SKIPPED: 0 FAILED: 4
     1. Failure: view works (@test-view.R#6)
     2. Failure: view works (@test-view.R#7)
     3. Error: match argument controls what is shown (@test-view.R#11)
     4. Error: view_all shows all matches (@test-view.R#22)
    
     Error: testthat unit tests failed
     Execution halted
Flavor: r-release-linux-x86_64