CRAN Package Check Results for Package stringr

Last updated on 2022-10-05 02:52:24 CEST.

Flavor Version Tinstall Tcheck Ttotal Status Flags
r-devel-linux-x86_64-debian-clang 1.4.1 3.62 40.57 44.19 OK
r-devel-linux-x86_64-debian-gcc 1.4.1 1.89 30.62 32.51 OK
r-devel-linux-x86_64-fedora-clang 1.4.1 66.21 NOTE
r-devel-linux-x86_64-fedora-gcc 1.4.1 61.68 NOTE
r-devel-windows-x86_64 1.4.1 40.00 83.00 123.00 OK
r-patched-linux-x86_64 1.4.1 4.94 37.15 42.09 OK
r-release-linux-x86_64 1.4.1 3.16 37.48 40.64 OK
r-release-macos-arm64 1.4.1 19.00 NOTE
r-release-macos-x86_64 1.4.1 30.00 NOTE
r-release-windows-x86_64 1.4.1 37.00 74.00 111.00 OK
r-oldrel-macos-arm64 1.4.1 21.00 NOTE
r-oldrel-macos-x86_64 1.4.1 34.00 NOTE
r-oldrel-windows-ix86+x86_64 1.4.1 7.00 65.00 72.00 OK

Check Details

Version: 1.4.1
Check: data for non-ASCII characters
Result: NOTE
     Note: found 3 marked UTF-8 strings
Flavors: r-devel-linux-x86_64-fedora-clang, r-devel-linux-x86_64-fedora-gcc, r-release-macos-arm64, r-release-macos-x86_64, r-oldrel-macos-arm64, r-oldrel-macos-x86_64