CRAN Package Check Results for Package stringr

Last updated on 2019-05-27 05:47:55 CEST.

Flavor Version Tinstall Tcheck Ttotal Status Flags
r-devel-linux-x86_64-debian-clang 1.4.0 2.79 30.53 33.32 OK
r-devel-linux-x86_64-debian-gcc 1.4.0 2.21 24.80 27.01 OK
r-devel-linux-x86_64-fedora-clang 1.4.0 40.76 NOTE
r-devel-linux-x86_64-fedora-gcc 1.4.0 45.36 NOTE
r-devel-windows-ix86+x86_64 1.4.0 8.00 75.00 83.00 OK
r-patched-linux-x86_64 1.4.0 OK
r-patched-solaris-x86 1.4.0 74.70 NOTE
r-release-linux-x86_64 1.4.0 2.28 31.22 33.50 OK
r-release-windows-ix86+x86_64 1.4.0 11.00 71.00 82.00 OK
r-release-osx-x86_64 1.4.0 NOTE
r-oldrel-windows-ix86+x86_64 1.4.0 8.00 40.00 48.00 OK
r-oldrel-osx-x86_64 1.4.0 NOTE

Check Details

Version: 1.4.0
Check: data for non-ASCII characters
Result: NOTE
     Note: found 3 marked UTF-8 strings
Flavors: r-devel-linux-x86_64-fedora-clang, r-devel-linux-x86_64-fedora-gcc, r-patched-solaris-x86, r-release-osx-x86_64, r-oldrel-osx-x86_64