CRAN Package Check Results for Package stringr

Last updated on 2019-02-19 21:49:42 CET.

Flavor Version Tinstall Tcheck Ttotal Status Flags
r-devel-linux-x86_64-debian-clang 1.4.0 2.06 31.22 33.28 OK
r-devel-linux-x86_64-debian-gcc 1.4.0 1.54 24.72 26.26 OK
r-devel-linux-x86_64-fedora-clang 1.4.0 42.16 NOTE
r-devel-linux-x86_64-fedora-gcc 1.4.0 41.15 NOTE
r-devel-windows-ix86+x86_64 1.4.0 8.00 63.00 71.00 OK
r-patched-linux-x86_64 1.4.0 1.38 29.10 30.48 OK
r-patched-solaris-x86 1.4.0 57.50 NOTE
r-release-linux-x86_64 1.4.0 2.12 28.53 30.65 OK
r-release-windows-ix86+x86_64 1.4.0 4.00 65.00 69.00 OK
r-release-osx-x86_64 1.4.0 NOTE
r-oldrel-windows-ix86+x86_64 1.4.0 4.00 49.00 53.00 OK
r-oldrel-osx-x86_64 1.4.0 NOTE

Check Details

Version: 1.4.0
Check: data for non-ASCII characters
Result: NOTE
     Note: found 3 marked UTF-8 strings
Flavors: r-devel-linux-x86_64-fedora-clang, r-devel-linux-x86_64-fedora-gcc, r-patched-solaris-x86, r-release-osx-x86_64, r-oldrel-osx-x86_64