Last updated on 2022-06-26 12:54:59 CEST.
Flavor | Version | Tinstall | Tcheck | Ttotal | Status | Flags |
---|---|---|---|---|---|---|
r-devel-linux-x86_64-debian-clang | 0.1.3 | 41.03 | 490.43 | 531.46 | OK | |
r-devel-linux-x86_64-debian-gcc | 0.1.3 | 33.94 | 361.33 | 395.27 | OK | |
r-devel-linux-x86_64-fedora-clang | 0.1.3 | 638.99 | WARN | |||
r-devel-linux-x86_64-fedora-gcc | 0.1.3 | 645.31 | WARN | |||
r-devel-windows-x86_64 | 0.1.3 | 41.00 | 472.00 | 513.00 | OK | |
r-patched-linux-x86_64 | 0.1.3 | 33.13 | 461.15 | 494.28 | OK | |
r-release-linux-x86_64 | 0.1.3 | 28.83 | 463.64 | 492.47 | OK | |
r-release-macos-arm64 | 0.1.3 | 154.00 | OK | |||
r-release-macos-x86_64 | 0.1.3 | 260.00 | OK | |||
r-release-windows-x86_64 | 0.1.3 | 39.00 | 459.00 | 498.00 | OK | |
r-oldrel-macos-arm64 | 0.1.3 | 150.00 | OK | |||
r-oldrel-macos-x86_64 | 0.1.3 | 243.00 | OK | |||
r-oldrel-windows-ix86+x86_64 | 0.1.3 | 84.00 | 504.00 | 588.00 | OK |
Version: 0.1.3
Check: package dependencies
Result: WARN
Requires (indirectly) orphaned package: ‘gtools’
Flavors: r-devel-linux-x86_64-fedora-clang, r-devel-linux-x86_64-fedora-gcc