CRAN Package Check Results for Package strucchangeRcpp

Last updated on 2024-02-22 07:52:25 CET.

Flavor Version Tinstall Tcheck Ttotal Status Flags
r-devel-linux-x86_64-debian-clang 1.5-3-1.0.4 NOTE
r-devel-linux-x86_64-debian-gcc 1.5-3-1.0.4 93.70 66.45 160.15 NOTE
r-devel-linux-x86_64-fedora-clang 1.5-3-1.0.4 282.29 NOTE
r-devel-linux-x86_64-fedora-gcc 1.5-3-1.0.4 289.06 NOTE
r-devel-windows-x86_64 1.5-3-1.0.4 85.00 133.00 218.00 NOTE
r-patched-linux-x86_64 1.5-3-1.0.4 116.67 88.16 204.83 NOTE
r-release-linux-x86_64 1.5-3-1.0.4 96.70 87.07 183.77 NOTE
r-release-macos-arm64 1.5-3-1.0.4 74.00 NOTE
r-release-macos-x86_64 1.5-3-1.0.4 127.00 NOTE
r-release-windows-x86_64 1.5-3-1.0.4 110.00 151.00 261.00 NOTE
r-oldrel-macos-arm64 1.5-3-1.0.4 63.00 NOTE
r-oldrel-windows-x86_64 1.5-3-1.0.4 103.00 148.00 251.00 OK

Check Details

Version: 1.5-3-1.0.4
Check: Rd files
Result: NOTE checkRd: (-1) Grossarl.Rd:53: Lost braces 53 | \emph{Festschrift 50 Jahre \"{O}sterreichische Statistische Gesellschaft}, 133-146, | ^ checkRd: (-1) Grossarl.Rd:54: Lost braces 54 | \"{O}sterreichische Statistische Gesellschaft. | ^ checkRd: (-1) SP2001.Rd:3: Escaped LaTeX specials: \& checkRd: (-1) SP2001.Rd:5: Escaped LaTeX specials: \& checkRd: (-1) SP2001.Rd:12: Escaped LaTeX specials: \& checkRd: (-1) breakpoints.Rd:223: Lost braces 223 | Zeileis A., Kleiber C., Kr\"{a}mer W., Hornik K. (2003), Testing and Dating of | ^ checkRd: (-1) efp.Rd:109: Lost braces 109 | Kr\"{a}mer W., Ploberger W., Alt R. (1988), Testing for structural change in | ^ checkRd: (-1) efp.Rd:119: Lost braces 119 | Ploberger W., Kr\"{a}mer W. (1992), The CUSUM test with OLS residuals, | ^ Flavors: r-devel-linux-x86_64-debian-clang, r-devel-linux-x86_64-debian-gcc

Version: 1.5-3-1.0.4
Check: Rd files
Result: NOTE checkRd: (-1) SP2001.Rd:3: Escaped LaTeX specials: \& checkRd: (-1) SP2001.Rd:5: Escaped LaTeX specials: \& checkRd: (-1) SP2001.Rd:12: Escaped LaTeX specials: \& Flavors: r-devel-linux-x86_64-fedora-clang, r-devel-linux-x86_64-fedora-gcc, r-devel-windows-x86_64, r-patched-linux-x86_64, r-release-linux-x86_64, r-release-macos-arm64, r-release-macos-x86_64, r-release-windows-x86_64

Version: 1.5-3-1.0.4
Check: installed package size
Result: NOTE installed size is 5.6Mb sub-directories of 1Mb or more: libs 4.3Mb Flavors: r-release-macos-arm64, r-release-macos-x86_64, r-oldrel-macos-arm64