CRAN Package Check Results for Package stuart

Last updated on 2022-12-07 09:52:30 CET.

Flavor Version Tinstall Tcheck Ttotal Status Flags
r-devel-linux-x86_64-debian-clang 0.10.1 10.25 82.67 92.92 OK
r-devel-linux-x86_64-debian-gcc 0.10.1 6.75 60.02 66.77 OK
r-devel-linux-x86_64-fedora-clang 0.10.1 121.20 NOTE
r-devel-linux-x86_64-fedora-gcc 0.10.1 117.63 NOTE
r-devel-windows-x86_64 0.10.1 30.00 103.00 133.00 OK
r-patched-linux-x86_64 0.10.1 8.36 75.44 83.80 OK
r-release-linux-x86_64 0.10.1 8.24 77.01 85.25 OK
r-release-macos-arm64 0.10.1 26.00 NOTE
r-release-macos-x86_64 0.10.1 41.00 NOTE
r-release-windows-x86_64 0.10.1 27.00 101.00 128.00 OK
r-oldrel-macos-arm64 0.10.1 25.00 NOTE
r-oldrel-macos-x86_64 0.10.1 48.00 NOTE
r-oldrel-windows-ix86+x86_64 0.10.1 14.00 94.00 108.00 OK

Check Details

Version: 0.10.1
Check: data for non-ASCII characters
Result: NOTE
     Note: found 83 marked UTF-8 strings
Flavors: r-devel-linux-x86_64-fedora-clang, r-devel-linux-x86_64-fedora-gcc, r-release-macos-arm64, r-release-macos-x86_64, r-oldrel-macos-arm64, r-oldrel-macos-x86_64