CRAN Package Check Results for Package subscreen

Last updated on 2025-01-24 02:48:39 CET.

Flavor Version Tinstall Tcheck Ttotal Status Flags
r-devel-linux-x86_64-debian-clang 3.0.7 8.83 69.86 78.69 OK
r-devel-linux-x86_64-debian-gcc 3.0.7 5.37 51.25 56.62 OK
r-devel-linux-x86_64-fedora-clang 3.0.7 127.24 NOTE
r-devel-linux-x86_64-fedora-gcc 3.0.7 128.84 NOTE
r-devel-windows-x86_64 3.0.7 12.00 80.00 92.00 OK
r-patched-linux-x86_64 3.0.7 7.51 65.94 73.45 OK
r-release-linux-x86_64 3.0.7 7.74 65.14 72.88 OK
r-release-macos-arm64 3.0.7 42.00 OK
r-release-macos-x86_64 3.0.7 66.00 OK
r-release-windows-x86_64 3.0.7 10.00 81.00 91.00 OK
r-oldrel-macos-arm64 3.0.7 46.00 OK
r-oldrel-macos-x86_64 3.0.7 74.00 OK
r-oldrel-windows-x86_64 3.0.7 12.00 97.00 109.00 OK

Check Details

Version: 3.0.7
Check: dependencies in R code
Result: NOTE Namespaces in Imports field not imported from: ‘DT’ ‘bsplus’ ‘colourpicker’ ‘grDevices’ ‘graphics’ ‘jsonlite’ ‘purrr’ ‘shinyjs’ All declared Imports should be used. Flavors: r-devel-linux-x86_64-fedora-clang, r-devel-linux-x86_64-fedora-gcc