CRAN Package Check Results for Package subsemble

Last updated on 2018-08-15 08:49:03 CEST.

Flavor Version Tinstall Tcheck Ttotal Status Flags
r-devel-linux-x86_64-debian-clang 0.0.9 1.34 20.36 21.70 NOTE
r-devel-linux-x86_64-debian-gcc 0.0.9 1.10 15.75 16.85 NOTE
r-devel-linux-x86_64-fedora-clang 0.0.9 24.63 NOTE
r-devel-linux-x86_64-fedora-gcc 0.0.9 23.57 NOTE
r-devel-windows-ix86+x86_64 0.0.9 2.00 18.00 20.00 FAIL
r-patched-linux-x86_64 0.0.9 1.28 18.85 20.13 NOTE
r-patched-solaris-x86 0.0.9 37.50 NOTE
r-release-linux-x86_64 0.0.9 1.29 18.85 20.14 NOTE
r-release-windows-ix86+x86_64 0.0.9 6.00 32.00 38.00 NOTE
r-release-osx-x86_64 0.0.9 NOTE
r-oldrel-windows-ix86+x86_64 0.0.9 4.00 40.00 44.00 NOTE
r-oldrel-osx-x86_64 0.0.9 NOTE

Check Details

Version: 0.0.9
Check: dependencies in R code
Result: NOTE
    'library' or 'require' call to ‘parallel’ in package code.
     Please use :: or requireNamespace() instead.
     See section 'Suggested packages' in the 'Writing R Extensions' manual.
Flavors: r-devel-linux-x86_64-debian-clang, r-devel-linux-x86_64-debian-gcc, r-devel-linux-x86_64-fedora-clang, r-devel-linux-x86_64-fedora-gcc, r-devel-windows-ix86+x86_64, r-patched-linux-x86_64, r-patched-solaris-x86, r-release-linux-x86_64, r-release-windows-ix86+x86_64, r-release-osx-x86_64, r-oldrel-windows-ix86+x86_64, r-oldrel-osx-x86_64

Version: 0.0.9
Check: S3 generic/method consistency
Result: NOTE
    Found the following apparent S3 methods exported but not registered:
     predict.subsemble
    See section ‘Registering S3 methods’ in the ‘Writing R Extensions’
    manual.
Flavors: r-devel-linux-x86_64-debian-clang, r-devel-linux-x86_64-debian-gcc, r-devel-linux-x86_64-fedora-clang, r-devel-linux-x86_64-fedora-gcc, r-patched-linux-x86_64, r-patched-solaris-x86, r-release-linux-x86_64

Version: 0.0.9
Check: R code for possible problems
Result: NOTE
    predict.subsemble: no visible global function definition for ‘predict’
    predict.subsemble: no visible binding for global variable ‘family’
    subsemble: no visible global function definition for ‘gaussian’
    subsemble: no visible global function definition for ‘detectCores’
    subsemble : .make_Z_l: no visible global function definition for
     ‘parSapply’
    subsemble : .make_Z_l: no visible global function definition for
     ‘makeCluster’
    subsemble : .make_Z_l: no visible global function definition for
     ‘stopCluster’
    subsemble: no visible global function definition for ‘parSapply’
    subsemble: no visible global function definition for ‘makeCluster’
    subsemble: no visible global function definition for ‘stopCluster’
    subsemble: no visible global function definition for ‘predict’
    Undefined global functions or variables:
     detectCores family gaussian makeCluster parSapply predict stopCluster
    Consider adding
     importFrom("stats", "family", "gaussian", "predict")
    to your NAMESPACE file.
Flavors: r-devel-linux-x86_64-debian-clang, r-devel-linux-x86_64-debian-gcc, r-devel-linux-x86_64-fedora-clang, r-devel-linux-x86_64-fedora-gcc, r-patched-linux-x86_64, r-patched-solaris-x86, r-release-linux-x86_64, r-release-windows-ix86+x86_64, r-release-osx-x86_64, r-oldrel-windows-ix86+x86_64, r-oldrel-osx-x86_64

Version: 0.0.9
Check: R code for possible problems
Result: FAIL
    
Flavor: r-devel-windows-ix86+x86_64