CRAN Package Check Results for Package subspace

Last updated on 2018-05-23 15:48:09 CEST.

Flavor Version Tinstall Tcheck Ttotal Status Flags
r-devel-linux-x86_64-debian-clang 1.0.4 3.01 60.85 63.86 OK
r-devel-linux-x86_64-debian-gcc 1.0.4 0.52 1.29 1.81 ERROR
r-devel-linux-x86_64-fedora-clang 1.0.4 74.00 OK
r-devel-linux-x86_64-fedora-gcc 1.0.4 72.74 OK
r-devel-windows-ix86+x86_64 1.0.4 8.00 93.00 101.00 OK
r-patched-linux-x86_64 1.0.4 3.98 53.84 57.82 OK
r-patched-solaris-x86 1.0.4 100.50 OK
r-release-linux-x86_64 1.0.4 3.84 54.46 58.30 OK
r-release-windows-ix86+x86_64 1.0.4 12.00 104.00 116.00 OK
r-release-osx-x86_64 1.0.4 OK
r-oldrel-windows-ix86+x86_64 1.0.4 16.00 71.00 87.00 OK
r-oldrel-osx-x86_64 1.0.4 OK

Check Details

Version: 1.0.4
Check: package dependencies
Result: ERROR
    Package required but not available: ‘ggvis’
    
    See section ‘The DESCRIPTION file’ in the ‘Writing R Extensions’
    manual.
Flavor: r-devel-linux-x86_64-debian-gcc