CRAN Package Check Results for Package suppdata

Last updated on 2024-07-18 02:57:41 CEST.

Flavor Version Tinstall Tcheck Ttotal Status Flags
r-devel-linux-x86_64-debian-clang 1.1-9 5.93 71.23 77.16 OK
r-devel-linux-x86_64-debian-gcc 1.1-9 5.69 54.02 59.71 OK
r-devel-linux-x86_64-fedora-clang 1.1-9 101.46 OK
r-devel-linux-x86_64-fedora-gcc 1.1-9 104.60 OK
r-devel-windows-x86_64 1.1-9 8.00 87.00 95.00 OK
r-patched-linux-x86_64 1.1-9 4.57 68.04 72.61 OK
r-release-linux-x86_64 1.1-9 6.71 66.93 73.64 OK
r-release-macos-arm64 1.1-9 41.00 OK
r-release-macos-x86_64 1.1-9 62.00 WARN
r-release-windows-x86_64 1.1-9 7.00 86.00 93.00 OK
r-oldrel-macos-arm64 1.1-9 56.00 OK
r-oldrel-macos-x86_64 1.1-9 85.00 OK
r-oldrel-windows-x86_64 1.1-9 9.00 93.00 102.00 OK

Check Details

Version: 1.1-9
Check: re-building of vignette outputs
Result: WARN Error(s) in re-building vignettes: ... --- re-building ‘suppdata-intro.Rnw’ using knitr Error: processing vignette 'suppdata-intro.Rnw' failed with diagnostics: Running 'texi2dvi' on 'suppdata-intro.tex' failed. LaTeX errors: ! Undefined control sequence. l.89 \hlkwd{require}\hldef {(suppdata)} ? ! Emergency stop. ! Emergency stop. l.89 End of file on the terminal! ! ==> Fatal error occurred, no output PDF file produced! --- failed re-building ‘suppdata-intro.Rnw’ SUMMARY: processing the following file failed: ‘suppdata-intro.Rnw’ Error: Vignette re-building failed. Execution halted Flavor: r-release-macos-x86_64