CRAN Package Check Results for Package surbayes

Last updated on 2021-05-08 05:57:24 CEST.

Flavor Version Tinstall Tcheck Ttotal Status Flags
r-devel-linux-x86_64-debian-clang 0.1.2 88.24 65.58 153.82 OK
r-devel-linux-x86_64-debian-gcc 0.1.2 54.64 50.19 104.83 OK
r-devel-linux-x86_64-fedora-clang 0.1.2 217.85 OK
r-devel-linux-x86_64-fedora-gcc 0.1.2 191.68 OK
r-devel-windows-ix86+x86_64 0.1.2 141.00 6.00 147.00 ERROR
r-devel-windows-x86_64-gcc10-UCRT 0.1.2 OK
r-patched-linux-x86_64 0.1.2 70.15 63.23 133.38 OK
r-patched-solaris-x86 0.1.2 210.20 OK
r-release-linux-x86_64 0.1.2 70.01 60.45 130.46 OK
r-release-macos-x86_64 0.1.2 OK
r-release-windows-ix86+x86_64 0.1.2 150.00 92.00 242.00 OK
r-oldrel-macos-x86_64 0.1.2 OK
r-oldrel-windows-ix86+x86_64 0.1.2 182.00 82.00 264.00 OK

Check Details

Version: 0.1.2
Check: whether package can be installed
Result: ERROR
    Installation failed.
Flavor: r-devel-windows-ix86+x86_64