Last updated on 2023-12-06 07:50:31 CET.
Flavor | Version | Tinstall | Tcheck | Ttotal | Status | Flags |
---|---|---|---|---|---|---|
r-devel-linux-x86_64-debian-clang | 0.5 | 14.30 | 239.84 | 254.14 | NOTE | |
r-devel-linux-x86_64-debian-gcc | 0.5 | 10.28 | 177.59 | 187.87 | NOTE | |
r-devel-linux-x86_64-fedora-clang | 0.5 | 319.35 | NOTE | |||
r-devel-linux-x86_64-fedora-gcc | 0.5 | 311.69 | NOTE | |||
r-devel-windows-x86_64 | 0.5 | 12.00 | 189.00 | 201.00 | NOTE | |
r-patched-linux-x86_64 | 0.5 | 13.64 | 234.16 | 247.80 | NOTE | |
r-release-linux-x86_64 | 0.5 | 13.82 | 228.92 | 242.74 | NOTE | |
r-release-macos-arm64 | 0.5 | 122.00 | NOTE | |||
r-release-macos-x86_64 | 0.5 | 221.00 | OK | |||
r-release-windows-x86_64 | 0.5 | 15.00 | 245.00 | 260.00 | NOTE | |
r-oldrel-macos-arm64 | 0.5 | 95.00 | OK | |||
r-oldrel-macos-x86_64 | 0.5 | 144.00 | OK | |||
r-oldrel-windows-x86_64 | 0.5 | 15.00 | 247.00 | 262.00 | NOTE |
Version: 0.5
Check: R code for possible problems
Result: NOTE
surfaceSimulate : phytransform: no visible global function definition
for ‘rescale’
Undefined global functions or variables:
rescale
Flavors: r-devel-linux-x86_64-debian-clang, r-devel-linux-x86_64-debian-gcc, r-devel-linux-x86_64-fedora-clang, r-devel-linux-x86_64-fedora-gcc, r-devel-windows-x86_64, r-patched-linux-x86_64, r-release-linux-x86_64, r-release-macos-arm64, r-release-windows-x86_64, r-oldrel-windows-x86_64