CRAN Package Check Results for Package surveybootstrap

Last updated on 2018-08-20 15:51:58 CEST.

Flavor Version Tinstall Tcheck Ttotal Status Flags
r-devel-linux-x86_64-debian-clang 0.0.1 23.09 113.41 136.50 NOTE
r-devel-linux-x86_64-debian-gcc 0.0.1 22.65 86.96 109.61 NOTE
r-devel-linux-x86_64-fedora-clang 0.0.1 181.07 NOTE
r-devel-linux-x86_64-fedora-gcc 0.0.1 176.42 NOTE
r-devel-windows-ix86+x86_64 0.0.1 65.00 268.00 333.00 OK
r-patched-linux-x86_64 0.0.1 28.63 113.95 142.58 NOTE
r-patched-solaris-x86 0.0.1 189.10 OK
r-release-linux-x86_64 0.0.1 31.46 114.58 146.04 NOTE
r-release-windows-ix86+x86_64 0.0.1 64.00 279.00 343.00 OK
r-release-osx-x86_64 0.0.1 OK
r-oldrel-windows-ix86+x86_64 0.0.1 47.00 187.00 234.00 OK
r-oldrel-osx-x86_64 0.0.1 OK

Check Details

Version: 0.0.1
Check: compiled code
Result: NOTE
    File ‘surveybootstrap/libs/surveybootstrap.so’:
     Found no calls to: ‘R_registerRoutines’, ‘R_useDynamicSymbols’
    
    It is good practice to register native routines and to disable symbol
    search.
    
    See ‘Writing portable packages’ in the ‘Writing R Extensions’ manual.
Flavors: r-devel-linux-x86_64-debian-clang, r-devel-linux-x86_64-debian-gcc, r-devel-linux-x86_64-fedora-clang, r-devel-linux-x86_64-fedora-gcc, r-patched-linux-x86_64, r-release-linux-x86_64