CRAN Package Check Results for Package surveybootstrap

Last updated on 2018-11-21 13:48:45 CET.

Flavor Version Tinstall Tcheck Ttotal Status Flags
r-devel-linux-x86_64-debian-clang 0.0.1 25.55 117.06 142.61 OK
r-devel-linux-x86_64-debian-gcc 0.0.1 23.23 89.82 113.05 OK
r-devel-linux-x86_64-fedora-clang 0.0.1 177.27 NOTE
r-devel-linux-x86_64-fedora-gcc 0.0.1 171.40 NOTE
r-devel-windows-ix86+x86_64 0.0.1 69.00 283.00 352.00 OK
r-patched-linux-x86_64 0.0.1 27.75 115.85 143.60 OK
r-patched-solaris-x86 0.0.1 235.40 OK
r-release-linux-x86_64 0.0.1 28.47 117.04 145.51 OK
r-release-windows-ix86+x86_64 0.0.1 51.00 301.00 352.00 OK
r-release-osx-x86_64 0.0.1 OK
r-oldrel-windows-ix86+x86_64 0.0.1 47.00 265.00 312.00 OK
r-oldrel-osx-x86_64 0.0.1 OK

Check Details

Version: 0.0.1
Check: compiled code
Result: NOTE
    File ‘surveybootstrap/libs/surveybootstrap.so’:
     Found no calls to: ‘R_registerRoutines’, ‘R_useDynamicSymbols’
    
    It is good practice to register native routines and to disable symbol
    search.
    
    See ‘Writing portable packages’ in the ‘Writing R Extensions’ manual.
Flavors: r-devel-linux-x86_64-fedora-clang, r-devel-linux-x86_64-fedora-gcc