CRAN Package Check Results for Package surveybootstrap

Last updated on 2018-05-24 18:47:39 CEST.

Flavor Version Tinstall Tcheck Ttotal Status Flags
r-devel-linux-x86_64-debian-clang 0.0.1 25.22 98.83 124.05 NOTE
r-devel-linux-x86_64-debian-gcc 0.0.1 20.69 85.91 106.60 NOTE
r-devel-linux-x86_64-fedora-clang 0.0.1 181.29 NOTE
r-devel-linux-x86_64-fedora-gcc 0.0.1 161.69 NOTE
r-devel-windows-ix86+x86_64 0.0.1 44.00 301.00 345.00 OK
r-patched-linux-x86_64 0.0.1 28.04 110.91 138.95 NOTE
r-patched-solaris-x86 0.0.1 201.90 OK
r-release-linux-x86_64 0.0.1 25.89 110.77 136.66 NOTE
r-release-windows-ix86+x86_64 0.0.1 66.00 214.00 280.00 OK
r-release-osx-x86_64 0.0.1 OK
r-oldrel-windows-ix86+x86_64 0.0.1 65.00 261.00 326.00 OK
r-oldrel-osx-x86_64 0.0.1 OK

Check Details

Version: 0.0.1
Check: compiled code
Result: NOTE
    File ‘surveybootstrap/libs/surveybootstrap.so’:
     Found no calls to: ‘R_registerRoutines’, ‘R_useDynamicSymbols’
    
    It is good practice to register native routines and to disable symbol
    search.
    
    See ‘Writing portable packages’ in the ‘Writing R Extensions’ manual.
Flavors: r-devel-linux-x86_64-debian-clang, r-devel-linux-x86_64-debian-gcc, r-devel-linux-x86_64-fedora-clang, r-devel-linux-x86_64-fedora-gcc, r-patched-linux-x86_64, r-release-linux-x86_64