CRAN Package Check Results for Package surveybootstrap

Last updated on 2019-02-21 07:48:55 CET.

Flavor Version Tinstall Tcheck Ttotal Status Flags
r-devel-linux-x86_64-debian-clang 0.0.1 24.81 79.34 104.15 OK
r-devel-linux-x86_64-debian-gcc 0.0.1 22.14 59.68 81.82 OK
r-devel-linux-x86_64-fedora-clang 0.0.1 135.82 NOTE
r-devel-linux-x86_64-fedora-gcc 0.0.1 128.92 NOTE
r-devel-windows-ix86+x86_64 0.0.1 69.00 213.00 282.00 OK
r-patched-linux-x86_64 0.0.1 OK
r-patched-solaris-x86 0.0.1 217.20 OK
r-release-linux-x86_64 0.0.1 OK
r-release-windows-ix86+x86_64 0.0.1 48.00 209.00 257.00 OK
r-release-osx-x86_64 0.0.1 OK
r-oldrel-windows-ix86+x86_64 0.0.1 53.00 176.00 229.00 OK
r-oldrel-osx-x86_64 0.0.1 OK

Check Details

Version: 0.0.1
Check: compiled code
Result: NOTE
    File ‘surveybootstrap/libs/surveybootstrap.so’:
     Found no calls to: ‘R_registerRoutines’, ‘R_useDynamicSymbols’
    
    It is good practice to register native routines and to disable symbol
    search.
    
    See ‘Writing portable packages’ in the ‘Writing R Extensions’ manual.
Flavors: r-devel-linux-x86_64-fedora-clang, r-devel-linux-x86_64-fedora-gcc