CRAN Package Check Results for Package surveybootstrap

Last updated on 2018-02-21 15:49:16 CET.

Flavor Version Tinstall Tcheck Ttotal Status Flags
r-devel-linux-x86_64-debian-clang 0.0.1 21.59 220.53 242.12 NOTE
r-devel-linux-x86_64-debian-gcc 0.0.1 18.87 91.43 110.30 NOTE
r-devel-linux-x86_64-fedora-clang 0.0.1 179.99 NOTE
r-devel-linux-x86_64-fedora-gcc 0.0.1 282.44 NOTE
r-devel-windows-ix86+x86_64 0.0.1 41.00 364.00 405.00 OK
r-patched-linux-x86_64 0.0.1 23.19 134.60 157.79 NOTE
r-patched-solaris-x86 0.0.1 291.70 OK
r-release-linux-x86_64 0.0.1 22.99 121.57 144.56 NOTE
r-release-windows-ix86+x86_64 0.0.1 62.00 502.00 564.00 OK
r-release-osx-x86_64 0.0.1 OK
r-oldrel-windows-ix86+x86_64 0.0.1 52.00 219.00 271.00 OK
r-oldrel-osx-x86_64 0.0.1 OK

Check Details

Version: 0.0.1
Check: compiled code
Result: NOTE
    File ‘surveybootstrap/libs/surveybootstrap.so’:
     Found no calls to: ‘R_registerRoutines’, ‘R_useDynamicSymbols’
    
    It is good practice to register native routines and to disable symbol
    search.
    
    See ‘Writing portable packages’ in the ‘Writing R Extensions’ manual.
Flavors: r-devel-linux-x86_64-debian-clang, r-devel-linux-x86_64-debian-gcc, r-devel-linux-x86_64-fedora-clang, r-devel-linux-x86_64-fedora-gcc, r-patched-linux-x86_64, r-release-linux-x86_64