CRAN Package Check Results for Package surveydata

Last updated on 2018-05-23 09:47:37 CEST.

Flavor Version Tinstall Tcheck Ttotal Status Flags
r-devel-linux-x86_64-debian-clang 0.2.0 3.18 42.70 45.88 OK
r-devel-linux-x86_64-debian-gcc 0.2.0 0.48 1.46 1.94 ERROR
r-devel-linux-x86_64-fedora-clang 0.2.0 55.89 OK
r-devel-linux-x86_64-fedora-gcc 0.2.0 54.09 OK
r-devel-windows-ix86+x86_64 0.2.0 7.00 80.00 87.00 OK
r-patched-linux-x86_64 0.2.0 2.81 39.20 42.01 OK
r-patched-solaris-x86 0.2.0 77.70 OK
r-release-linux-x86_64 0.2.0 3.00 39.38 42.38 OK
r-release-windows-ix86+x86_64 0.2.0 8.00 93.00 101.00 OK
r-release-osx-x86_64 0.2.0 OK
r-oldrel-windows-ix86+x86_64 0.2.0 9.00 77.00 86.00 OK
r-oldrel-osx-x86_64 0.2.0 OK

Check Details

Version: 0.2.0
Check: package dependencies
Result: ERROR
    Packages required but not available: ‘dplyr’ ‘purrr’
    
    See section ‘The DESCRIPTION file’ in the ‘Writing R Extensions’
    manual.
Flavor: r-devel-linux-x86_64-debian-gcc