CRAN Package Check Results for Package survidm

Last updated on 2024-02-28 05:13:06 CET.

Flavor Version Tinstall Tcheck Ttotal Status Flags
r-devel-linux-x86_64-debian-clang 1.3.2 20.52 168.54 189.06 NOTE
r-devel-linux-x86_64-debian-gcc 1.3.2 15.99 124.47 140.46 NOTE
r-devel-linux-x86_64-fedora-clang 1.3.2 236.73 NOTE
r-devel-linux-x86_64-fedora-gcc 1.3.2 224.63 NOTE
r-devel-windows-x86_64 1.3.2 21.00 129.00 150.00 OK
r-patched-linux-x86_64 1.3.2 16.82 163.85 180.67 OK
r-release-linux-x86_64 1.3.2 15.77 161.74 177.51 OK
r-release-macos-arm64 1.3.2 69.00 OK
r-release-macos-x86_64 1.3.2 111.00 OK
r-release-windows-x86_64 1.3.2 28.00 161.00 189.00 OK
r-oldrel-macos-arm64 1.3.2 69.00 OK
r-oldrel-windows-x86_64 1.3.2 27.00 167.00 194.00 OK

Check Details

Version: 1.3.2
Check: Rd files
Result: NOTE checkRd: (-1) tprob.Rd:138: Lost braces in \itemize; meant \describe ? checkRd: (-1) tprob.Rd:139: Lost braces in \itemize; meant \describe ? checkRd: (-1) tprob.Rd:140: Lost braces in \itemize; meant \describe ? checkRd: (-1) tprob.Rd:141: Lost braces in \itemize; meant \describe ? checkRd: (-1) tprob.Rd:142: Lost braces in \itemize; meant \describe ? checkRd: (-1) tprob.Rd:143: Lost braces in \itemize; meant \describe ? checkRd: (-1) tprob.Rd:144: Lost braces in \itemize; meant \describe ? checkRd: (-1) tprob.Rd:145: Lost braces in \itemize; meant \describe ? checkRd: (-1) tprob.Rd:146: Lost braces in \itemize; meant \describe ? Flavors: r-devel-linux-x86_64-debian-clang, r-devel-linux-x86_64-debian-gcc, r-devel-linux-x86_64-fedora-clang, r-devel-linux-x86_64-fedora-gcc