CRAN Package Check Results for Package survidm

Last updated on 2020-01-27 04:48:28 CET.

Flavor Version Tinstall Tcheck Ttotal Status Flags
r-devel-linux-x86_64-debian-clang 1.2.0 18.69 115.89 134.58 OK
r-devel-linux-x86_64-debian-gcc 1.2.0 13.86 88.83 102.69 OK
r-devel-linux-x86_64-fedora-clang 1.2.0 161.59 WARN
r-devel-linux-x86_64-fedora-gcc 1.2.0 162.50 OK
r-devel-windows-ix86+x86_64 1.2.0 36.00 232.00 268.00 OK
r-devel-windows-ix86+x86_64-gcc8 1.2.0 52.00 244.00 296.00 OK
r-patched-linux-x86_64 1.2.0 14.30 101.48 115.78 OK
r-patched-solaris-x86 1.2.0 201.50 OK
r-release-linux-x86_64 1.2.0 14.77 100.15 114.92 OK
r-release-windows-ix86+x86_64 1.2.0 30.00 140.00 170.00 OK
r-release-osx-x86_64 1.2.0 OK
r-oldrel-windows-ix86+x86_64 1.2.0 23.00 174.00 197.00 OK
r-oldrel-osx-x86_64 1.2.0 OK

Check Details

Version: 1.2.0
Check: package dependencies
Result: WARN
    Requires orphaned package: ‘doRNG’
Flavor: r-devel-linux-x86_64-fedora-clang