Last updated on 2022-06-29 00:51:27 CEST.
Flavor | Version | Tinstall | Tcheck | Ttotal | Status | Flags |
---|---|---|---|---|---|---|
r-devel-linux-x86_64-debian-clang | 3.3-1 | 70.21 | 615.58 | 685.79 | OK | |
r-devel-linux-x86_64-debian-gcc | 3.3-1 | 58.31 | 459.04 | 517.35 | OK | |
r-devel-linux-x86_64-fedora-clang | 3.3-1 | 823.79 | NOTE | |||
r-devel-linux-x86_64-fedora-gcc | 3.3-1 | 823.97 | OK | |||
r-devel-windows-x86_64 | 3.3-1 | 328.00 | 661.00 | 989.00 | NOTE | |
r-patched-linux-x86_64 | 3.3-1 | 67.74 | 581.43 | 649.17 | OK | |
r-release-linux-x86_64 | 3.3-1 | 66.78 | 583.81 | 650.59 | OK | |
r-release-macos-arm64 | 3.3-1 | 247.00 | NOTE | |||
r-release-macos-x86_64 | 3.3-1 | 381.00 | NOTE | |||
r-release-windows-x86_64 | 3.3-1 | 297.00 | 716.00 | 1013.00 | NOTE | |
r-oldrel-macos-arm64 | 3.3-1 | 283.00 | NOTE | |||
r-oldrel-macos-x86_64 | 3.3-1 | 398.00 | NOTE | |||
r-oldrel-windows-ix86+x86_64 | 3.3-1 | 151.00 | 970.00 | 1121.00 | NOTE |
Version: 3.3-1
Check: installed package size
Result: NOTE
installed size is 8.1Mb
sub-directories of 1Mb or more:
R 1.2Mb
data 1.9Mb
doc 3.5Mb
Flavors: r-devel-linux-x86_64-fedora-clang, r-devel-windows-x86_64, r-release-macos-arm64, r-release-macos-x86_64, r-release-windows-x86_64, r-oldrel-macos-arm64, r-oldrel-macos-x86_64, r-oldrel-windows-ix86+x86_64