CRAN Package Check Results for Package survival

Last updated on 2018-01-16 09:13:20 CET.

Flavor Version Tinstall Tcheck Ttotal Status Flags
r-devel-linux-x86_64-debian-clang 2.41-3 39.04 297.46 336.50 OK
r-devel-linux-x86_64-debian-gcc 2.41-3 30.18 256.64 286.82 OK
r-devel-linux-x86_64-fedora-clang 2.41-3 428.03 NOTE
r-devel-linux-x86_64-fedora-gcc 2.41-3 460.62 NOTE
r-devel-windows-ix86+x86_64 2.41-3 79.00 630.00 709.00 NOTE
r-patched-linux-x86_64 2.41-3 36.92 359.10 396.02 OK
r-patched-solaris-x86 2.41-3 NOTE
r-release-linux-x86_64 2.41-3 34.63 355.88 390.51 OK
r-release-windows-ix86+x86_64 2.41-3 122.00 689.00 811.00 NOTE
r-release-osx-x86_64 2.41-3 NOTE
r-oldrel-windows-ix86+x86_64 2.41-3 102.00 651.00 753.00 NOTE
r-oldrel-osx-x86_64 2.41-3 NOTE

Additional issues

noLD

Check Details

Version: 2.41-3
Check: installed package size
Result: NOTE
     installed size is 6.3Mb
     sub-directories of 1Mb or more:
     data 1.9Mb
     doc 2.6Mb
Flavors: r-devel-linux-x86_64-fedora-clang, r-devel-linux-x86_64-fedora-gcc, r-devel-windows-ix86+x86_64, r-patched-solaris-x86, r-release-windows-ix86+x86_64, r-release-osx-x86_64, r-oldrel-windows-ix86+x86_64, r-oldrel-osx-x86_64