Last updated on 2023-11-29 07:52:27 CET.
Flavor | Version | Tinstall | Tcheck | Ttotal | Status | Flags |
---|---|---|---|---|---|---|
r-devel-linux-x86_64-debian-clang | 3.5-7 | 67.48 | 675.64 | 743.12 | NOTE | |
r-devel-linux-x86_64-debian-gcc | 3.5-7 | 57.37 | 514.07 | 571.44 | NOTE | |
r-devel-linux-x86_64-fedora-clang | 3.5-7 | 950.84 | NOTE | |||
r-devel-linux-x86_64-fedora-gcc | 3.5-7 | 947.75 | OK | |||
r-devel-windows-x86_64 | 3.5-7 | 77.00 | 699.00 | 776.00 | NOTE | |
r-patched-linux-x86_64 | 3.5-7 | 75.78 | 659.60 | 735.38 | OK | |
r-release-linux-x86_64 | 3.5-7 | 73.86 | 672.09 | 745.95 | OK | |
r-release-macos-arm64 | 3.5-7 | 345.00 | NOTE | |||
r-release-macos-x86_64 | 3.5-7 | 631.00 | NOTE | |||
r-release-windows-x86_64 | 3.5-7 | 102.00 | 785.00 | 887.00 | NOTE | |
r-oldrel-macos-arm64 | 3.5-7 | 299.00 | NOTE | |||
r-oldrel-macos-x86_64 | 3.5-7 | 467.00 | NOTE | |||
r-oldrel-windows-x86_64 | 3.5-7 | 100.00 | 836.00 | 936.00 | NOTE |
Version: 3.5-7
Check: Rd files
Result: NOTE
checkRd: (-1) hoel.Rd:14: Lost braces
14 | \item{\code{outcome}}{outcome: code{censor}, \code{thymic
| ^
checkRd: (-1) tmerge.Rd:42-67: Lost braces in \itemize; meant \describe ?
checkRd: (-1) tmerge.Rd:57: Lost braces
57 | \item{newname = cumtdc(y,x, init)}{ Similar to tdc, except that the event
| ^
checkRd: (-1) tmerge.Rd:57-60: Lost braces
57 | \item{newname = cumtdc(y,x, init)}{ Similar to tdc, except that the event
| ^
checkRd: (-1) tmerge.Rd:62: Lost braces
62 | \item{newname = event(y,x)}{ Mark an event at time y.
| ^
checkRd: (-1) tmerge.Rd:62-65: Lost braces
62 | \item{newname = event(y,x)}{ Mark an event at time y.
| ^
checkRd: (-1) tmerge.Rd:66: Lost braces
66 | \item{newname = cumevent(y,x)}{ Cumulative events}.
| ^
checkRd: (-1) tmerge.Rd:66: Lost braces
66 | \item{newname = cumevent(y,x)}{ Cumulative events}.
| ^
Flavors: r-devel-linux-x86_64-debian-clang, r-devel-linux-x86_64-debian-gcc
Version: 3.5-7
Check: installed package size
Result: NOTE
installed size is 8.2Mb
sub-directories of 1Mb or more:
R 1.2Mb
data 1.9Mb
doc 3.9Mb
Flavors: r-devel-linux-x86_64-fedora-clang, r-devel-windows-x86_64, r-release-macos-arm64, r-release-macos-x86_64, r-release-windows-x86_64, r-oldrel-macos-arm64, r-oldrel-macos-x86_64, r-oldrel-windows-x86_64