CRAN Package Check Results for Package survival

Last updated on 2018-09-24 16:51:08 CEST.

Flavor Version Tinstall Tcheck Ttotal Status Flags
r-devel-linux-x86_64-debian-clang 2.42-6 39.22 449.27 488.49 OK
r-devel-linux-x86_64-debian-gcc 2.42-6 28.43 349.63 378.06 OK
r-devel-linux-x86_64-fedora-clang 2.42-6 572.58 NOTE
r-devel-linux-x86_64-fedora-gcc 2.42-6 560.99 OK
r-devel-windows-ix86+x86_64 2.42-6 122.00 695.00 817.00 NOTE
r-patched-linux-x86_64 2.42-6 29.15 389.90 419.05 OK
r-patched-solaris-x86 2.42-6 NOTE
r-release-linux-x86_64 2.42-6 33.44 391.47 424.91 OK
r-release-windows-ix86+x86_64 2.42-6 92.00 794.00 886.00 NOTE
r-release-osx-x86_64 2.42-6 NOTE
r-oldrel-windows-ix86+x86_64 2.42-6 88.00 788.00 876.00 NOTE
r-oldrel-osx-x86_64 2.42-6 NOTE

Check Details

Version: 2.42-6
Check: installed package size
Result: NOTE
     installed size is 5.5Mb
     sub-directories of 1Mb or more:
     doc 2.8Mb
Flavors: r-devel-linux-x86_64-fedora-clang, r-devel-windows-ix86+x86_64, r-patched-solaris-x86, r-release-windows-ix86+x86_64, r-release-osx-x86_64, r-oldrel-windows-ix86+x86_64, r-oldrel-osx-x86_64