CRAN Package Check Results for Package survival

Last updated on 2018-12-18 14:47:40 CET.

Flavor Version Tinstall Tcheck Ttotal Status Flags
r-devel-linux-x86_64-debian-clang 2.43-3 42.14 476.70 518.84 OK
r-devel-linux-x86_64-debian-gcc 2.43-3 29.44 363.79 393.23 OK
r-devel-linux-x86_64-fedora-clang 2.43-3 599.36 NOTE
r-devel-linux-x86_64-fedora-gcc 2.43-3 577.11 OK
r-devel-windows-ix86+x86_64 2.43-3 118.00 795.00 913.00 NOTE
r-patched-linux-x86_64 2.43-3 36.96 452.21 489.17 OK
r-patched-solaris-x86 2.43-3 NOTE
r-release-linux-x86_64 2.43-3 31.08 451.57 482.65 OK
r-release-windows-ix86+x86_64 2.43-3 92.00 686.00 778.00 NOTE
r-release-osx-x86_64 2.43-3 NOTE
r-oldrel-windows-ix86+x86_64 2.43-3 116.00 906.00 1022.00 NOTE
r-oldrel-osx-x86_64 2.43-3 NOTE

Check Details

Version: 2.43-3
Check: installed package size
Result: NOTE
     installed size is 5.9Mb
     sub-directories of 1Mb or more:
     doc 3.0Mb
Flavors: r-devel-linux-x86_64-fedora-clang, r-devel-windows-ix86+x86_64, r-patched-solaris-x86, r-release-windows-ix86+x86_64, r-release-osx-x86_64, r-oldrel-windows-ix86+x86_64, r-oldrel-osx-x86_64