Last updated on 2023-10-01 08:52:12 CEST.
Flavor | Version | Tinstall | Tcheck | Ttotal | Status | Flags |
---|---|---|---|---|---|---|
r-devel-linux-x86_64-debian-clang | 0.0.5 | 8.31 | 94.76 | 103.07 | OK | |
r-devel-linux-x86_64-debian-gcc | 0.0.5 | 8.58 | 72.16 | 80.74 | OK | |
r-devel-linux-x86_64-fedora-clang | 0.0.5 | 129.87 | NOTE | |||
r-devel-linux-x86_64-fedora-gcc | 0.0.5 | 129.40 | NOTE | |||
r-devel-windows-x86_64 | 0.0.5 | 12.00 | 102.00 | 114.00 | OK | |
r-patched-linux-x86_64 | 0.0.5 | 17.24 | 90.89 | 108.13 | OK | |
r-release-linux-x86_64 | 0.0.5 | 6.57 | 92.25 | 98.82 | OK | |
r-release-macos-arm64 | 0.0.5 | 43.00 | OK | |||
r-release-macos-x86_64 | 0.0.5 | 65.00 | OK | |||
r-release-windows-x86_64 | 0.0.5 | 13.00 | 117.00 | 130.00 | OK | |
r-oldrel-macos-arm64 | 0.0.5 | 37.00 | NOTE | |||
r-oldrel-macos-x86_64 | 0.0.5 | 60.00 | NOTE | |||
r-oldrel-windows-x86_64 | 0.0.5 | 14.00 | 153.00 | 167.00 | OK |
Version: 0.0.5
Check: dependencies in R code
Result: NOTE
Namespace in Imports field not imported from: ‘quadprog’
All declared Imports should be used.
Flavors: r-devel-linux-x86_64-fedora-clang, r-devel-linux-x86_64-fedora-gcc, r-oldrel-macos-arm64, r-oldrel-macos-x86_64