CRAN Package Check Results for Package survminer

Last updated on 2018-12-17 15:50:01 CET.

Flavor Version Tinstall Tcheck Ttotal Status Flags
r-devel-linux-x86_64-debian-clang 0.4.3 10.51 3.74 14.25 ERROR
r-devel-linux-x86_64-debian-gcc 0.4.3 8.04 2.42 10.46 ERROR
r-devel-linux-x86_64-fedora-clang 0.4.3 228.82 NOTE
r-devel-linux-x86_64-fedora-gcc 0.4.3 214.66 OK
r-devel-windows-ix86+x86_64 0.4.3 21.00 255.00 276.00 NOTE
r-patched-linux-x86_64 0.4.3 10.98 3.44 14.42 ERROR
r-patched-solaris-x86 0.4.3 306.90 NOTE
r-release-linux-x86_64 0.4.3 10.33 179.36 189.69 OK
r-release-windows-ix86+x86_64 0.4.3 27.00 268.00 295.00 NOTE
r-release-osx-x86_64 0.4.3 NOTE
r-oldrel-windows-ix86+x86_64 0.4.3 23.00 289.00 312.00 NOTE
r-oldrel-osx-x86_64 0.4.3 NOTE

Check Details

Version: 0.4.3
Check: whether the package can be loaded
Result: ERROR
    Loading this package had a fatal error status code 1
    Loading log:
    Loading required package: ggplot2
    Error: package or namespace load failed for ‘ggplot2’ in dyn.load(file, DLLpath = DLLpath, ...):
     unable to load shared object ‘/home/hornik/tmp/R.check/r-devel-clang/Work/build/Packages/Rcpp/libs/Rcpp.so’:
     /home/hornik/tmp/R.check/r-devel-clang/Work/build/Packages/Rcpp/libs/Rcpp.so: failed to map segment from shared object
    Error: package ‘ggplot2’ could not be loaded
    Execution halted
Flavor: r-devel-linux-x86_64-debian-clang

Version: 0.4.3
Check: whether the package can be loaded
Result: ERROR
    Loading this package had a fatal error status code 1
    Loading log:
    Loading required package: ggplot2
    Error: package or namespace load failed for ‘ggplot2’ in dyn.load(file, DLLpath = DLLpath, ...):
     unable to load shared object ‘/home/hornik/tmp/R.check/r-devel-gcc/Work/build/Packages/Rcpp/libs/Rcpp.so’:
     /home/hornik/tmp/R.check/r-devel-gcc/Work/build/Packages/Rcpp/libs/Rcpp.so: failed to map segment from shared object
    Error: package ‘ggplot2’ could not be loaded
    Execution halted
Flavor: r-devel-linux-x86_64-debian-gcc

Version: 0.4.3
Check: installed package size
Result: NOTE
     installed size is 5.6Mb
     sub-directories of 1Mb or more:
     doc 5.1Mb
Flavors: r-devel-linux-x86_64-fedora-clang, r-devel-windows-ix86+x86_64, r-patched-solaris-x86, r-release-windows-ix86+x86_64, r-release-osx-x86_64, r-oldrel-windows-ix86+x86_64, r-oldrel-osx-x86_64

Version: 0.4.3
Check: whether the package can be loaded
Result: ERROR
    Loading this package had a fatal error status code 1
    Loading log:
    Loading required package: ggplot2
    Error: package or namespace load failed for ‘ggplot2’ in dyn.load(file, DLLpath = DLLpath, ...):
     unable to load shared object ‘/home/hornik/tmp/R.check/r-patched-gcc/Work/build/Packages/Rcpp/libs/Rcpp.so’:
     /home/hornik/tmp/R.check/r-patched-gcc/Work/build/Packages/Rcpp/libs/Rcpp.so: failed to map segment from shared object
    Error: package ‘ggplot2’ could not be loaded
    Execution halted
Flavor: r-patched-linux-x86_64