CRAN Package Check Results for Package survminer

Last updated on 2019-02-19 21:49:42 CET.

Flavor Version Tinstall Tcheck Ttotal Status Flags
r-devel-linux-x86_64-debian-clang 0.4.3 11.53 203.49 215.02 OK
r-devel-linux-x86_64-debian-gcc 0.4.3 8.11 151.37 159.48 OK
r-devel-linux-x86_64-fedora-clang 0.4.3 246.95 NOTE
r-devel-linux-x86_64-fedora-gcc 0.4.3 229.80 OK
r-devel-windows-ix86+x86_64 0.4.3 23.00 332.00 355.00 NOTE
r-patched-linux-x86_64 0.4.3 10.42 185.59 196.01 OK
r-patched-solaris-x86 0.4.3 310.10 NOTE
r-release-linux-x86_64 0.4.3 9.98 183.27 193.25 OK
r-release-windows-ix86+x86_64 0.4.3 16.00 301.00 317.00 NOTE
r-release-osx-x86_64 0.4.3 NOTE
r-oldrel-windows-ix86+x86_64 0.4.3 14.00 235.00 249.00 NOTE
r-oldrel-osx-x86_64 0.4.3 NOTE

Check Details

Version: 0.4.3
Check: installed package size
Result: NOTE
     installed size is 5.6Mb
     sub-directories of 1Mb or more:
     doc 5.1Mb
Flavors: r-devel-linux-x86_64-fedora-clang, r-devel-windows-ix86+x86_64, r-patched-solaris-x86, r-release-windows-ix86+x86_64, r-release-osx-x86_64, r-oldrel-windows-ix86+x86_64, r-oldrel-osx-x86_64