CRAN Package Check Results for Package survminer

Last updated on 2019-05-27 05:47:55 CEST.

Flavor Version Tinstall Tcheck Ttotal Status Flags
r-devel-linux-x86_64-debian-clang 0.4.4 12.16 195.22 207.38 OK
r-devel-linux-x86_64-debian-gcc 0.4.4 10.59 146.99 157.58 OK
r-devel-linux-x86_64-fedora-clang 0.4.4 250.31 NOTE
r-devel-linux-x86_64-fedora-gcc 0.4.4 242.47 OK
r-devel-windows-ix86+x86_64 0.4.4 23.00 259.00 282.00 NOTE
r-patched-linux-x86_64 0.4.4 OK
r-patched-solaris-x86 0.4.4 314.60 NOTE
r-release-linux-x86_64 0.4.4 15.23 186.95 202.18 OK
r-release-windows-ix86+x86_64 0.4.4 35.00 247.00 282.00 NOTE
r-release-osx-x86_64 0.4.4 NOTE
r-oldrel-windows-ix86+x86_64 0.4.4 27.00 241.00 268.00 NOTE
r-oldrel-osx-x86_64 0.4.4 NOTE

Check Details

Version: 0.4.4
Check: installed package size
Result: NOTE
     installed size is 5.6Mb
     sub-directories of 1Mb or more:
     doc 5.1Mb
Flavors: r-devel-linux-x86_64-fedora-clang, r-devel-windows-ix86+x86_64, r-patched-solaris-x86, r-release-windows-ix86+x86_64, r-release-osx-x86_64, r-oldrel-windows-ix86+x86_64, r-oldrel-osx-x86_64