CRAN Package Check Results for Package survminer

Last updated on 2018-06-17 22:49:35 CEST.

Flavor Version Tinstall Tcheck Ttotal Status Flags
r-devel-linux-x86_64-debian-clang 0.4.2 11.65 188.81 200.46 OK
r-devel-linux-x86_64-debian-gcc 0.4.2 9.66 144.03 153.69 OK
r-devel-linux-x86_64-fedora-clang 0.4.2 228.74 NOTE
r-devel-linux-x86_64-fedora-gcc 0.4.2 220.98 OK
r-devel-windows-ix86+x86_64 0.4.2 26.00 185.00 211.00 NOTE
r-patched-linux-x86_64 0.4.2 7.84 172.95 180.79 OK
r-patched-solaris-x86 0.4.2 289.50 NOTE
r-release-linux-x86_64 0.4.2 9.93 169.06 178.99 OK
r-release-windows-ix86+x86_64 0.4.2 30.00 186.00 216.00 NOTE
r-release-osx-x86_64 0.4.2 NOTE
r-oldrel-windows-ix86+x86_64 0.4.2 15.00 288.00 303.00 NOTE
r-oldrel-osx-x86_64 0.4.2 NOTE

Check Details

Version: 0.4.2
Check: installed package size
Result: NOTE
     installed size is 5.6Mb
     sub-directories of 1Mb or more:
     doc 5.1Mb
Flavors: r-devel-linux-x86_64-fedora-clang, r-devel-windows-ix86+x86_64, r-patched-solaris-x86, r-release-windows-ix86+x86_64, r-release-osx-x86_64, r-oldrel-windows-ix86+x86_64, r-oldrel-osx-x86_64