CRAN Package Check Results for Package survminer

Last updated on 2018-10-23 21:49:34 CEST.

Flavor Version Tinstall Tcheck Ttotal Status Flags
r-devel-linux-x86_64-debian-clang 0.4.3 10.76 195.88 206.64 OK
r-devel-linux-x86_64-debian-gcc 0.4.3 8.21 151.33 159.54 OK
r-devel-linux-x86_64-fedora-clang 0.4.3 241.38 NOTE
r-devel-linux-x86_64-fedora-gcc 0.4.3 240.70 OK
r-devel-windows-ix86+x86_64 0.4.3 28.00 263.00 291.00 NOTE
r-patched-linux-x86_64 0.4.3 8.76 176.79 185.55 OK
r-patched-solaris-x86 0.4.3 307.90 NOTE
r-release-linux-x86_64 0.4.3 10.64 177.43 188.07 OK
r-release-windows-ix86+x86_64 0.4.3 31.00 256.00 287.00 NOTE
r-release-osx-x86_64 0.4.3 NOTE
r-oldrel-windows-ix86+x86_64 0.4.3 15.00 307.00 322.00 NOTE
r-oldrel-osx-x86_64 0.4.3 NOTE

Check Details

Version: 0.4.3
Check: installed package size
Result: NOTE
     installed size is 5.6Mb
     sub-directories of 1Mb or more:
     doc 5.1Mb
Flavors: r-devel-linux-x86_64-fedora-clang, r-devel-windows-ix86+x86_64, r-patched-solaris-x86, r-release-windows-ix86+x86_64, r-release-osx-x86_64, r-oldrel-windows-ix86+x86_64, r-oldrel-osx-x86_64