CRAN Package Check Results for Package survminer

Last updated on 2018-08-20 23:48:17 CEST.

Flavor Version Tinstall Tcheck Ttotal Status Flags
r-devel-linux-x86_64-debian-clang 0.4.3 9.50 194.58 204.08 OK
r-devel-linux-x86_64-debian-gcc 0.4.3 8.93 150.15 159.08 OK
r-devel-linux-x86_64-fedora-clang 0.4.3 241.35 NOTE
r-devel-linux-x86_64-fedora-gcc 0.4.3 250.69 OK
r-devel-windows-ix86+x86_64 0.4.3 30.00 263.00 293.00 NOTE
r-patched-linux-x86_64 0.4.3 10.40 176.79 187.19 OK
r-patched-solaris-x86 0.4.3 316.80 NOTE
r-release-linux-x86_64 0.4.3 11.20 178.20 189.40 OK
r-release-windows-ix86+x86_64 0.4.3 29.00 177.00 206.00 NOTE
r-release-osx-x86_64 0.4.3 NOTE
r-oldrel-windows-ix86+x86_64 0.4.3 14.00 297.00 311.00 NOTE
r-oldrel-osx-x86_64 0.4.3 NOTE

Check Details

Version: 0.4.3
Check: installed package size
Result: NOTE
     installed size is 5.6Mb
     sub-directories of 1Mb or more:
     doc 5.1Mb
Flavors: r-devel-linux-x86_64-fedora-clang, r-devel-windows-ix86+x86_64, r-patched-solaris-x86, r-release-windows-ix86+x86_64, r-release-osx-x86_64, r-oldrel-windows-ix86+x86_64, r-oldrel-osx-x86_64