CRAN Package Check Results for Package survminer

Last updated on 2018-04-25 07:48:05 CEST.

Flavor Version Tinstall Tcheck Ttotal Status Flags
r-devel-linux-x86_64-debian-clang 0.4.2 10.86 166.90 177.76 OK
r-devel-linux-x86_64-debian-gcc 0.4.2 8.06 126.95 135.01 OK
r-devel-linux-x86_64-fedora-clang 0.4.2 215.71 NOTE
r-devel-linux-x86_64-fedora-gcc 0.4.2 209.66 NOTE
r-devel-windows-ix86+x86_64 0.4.2 24.00 177.00 201.00 NOTE
r-patched-linux-x86_64 0.4.2 7.35 163.73 171.08 OK
r-patched-solaris-x86 0.4.2 293.30 NOTE
r-release-linux-x86_64 0.4.2 8.93 164.98 173.91 OK
r-release-windows-ix86+x86_64 0.4.2 24.00 177.00 201.00 NOTE
r-release-osx-x86_64 0.4.2 NOTE
r-oldrel-windows-ix86+x86_64 0.4.2 16.00 236.00 252.00 NOTE
r-oldrel-osx-x86_64 0.4.2 NOTE

Check Details

Version: 0.4.2
Check: installed package size
Result: NOTE
     installed size is 5.6Mb
     sub-directories of 1Mb or more:
     doc 5.1Mb
Flavors: r-devel-linux-x86_64-fedora-clang, r-devel-linux-x86_64-fedora-gcc, r-devel-windows-ix86+x86_64, r-patched-solaris-x86, r-release-windows-ix86+x86_64, r-release-osx-x86_64, r-oldrel-windows-ix86+x86_64, r-oldrel-osx-x86_64