CRAN Package Check Results for Package survminer

Last updated on 2017-06-25 04:47:44.

Flavor Version Tinstall Tcheck Ttotal Status Flags
r-devel-linux-x86_64-debian-clang 0.4.0 4.29 127.00 131.29 OK
r-devel-linux-x86_64-debian-gcc 0.4.0 4.17 124.28 128.45 OK
r-devel-linux-x86_64-fedora-clang 0.4.0 265.96 NOTE
r-devel-linux-x86_64-fedora-gcc 0.4.0 265.81 NOTE
r-devel-windows-ix86+x86_64 0.4.0 21.00 280.00 301.00 NOTE
r-patched-linux-x86_64 0.4.0 4.64 123.68 128.32 OK
r-patched-solaris-sparc 0.4.0 1436.90 NOTE
r-patched-solaris-x86 0.4.0 313.90 NOTE
r-release-linux-x86_64 0.4.0 4.40 126.04 130.44 OK
r-release-windows-ix86+x86_64 0.4.0 22.00 284.00 306.00 NOTE
r-release-osx-x86_64 0.4.0 NOTE
r-oldrel-windows-ix86+x86_64 0.4.0 16.00 252.00 268.00 NOTE
r-oldrel-osx-x86_64 0.4.0 NOTE

Check Details

Version: 0.4.0
Check: installed package size
Result: NOTE
     installed size is 5.6Mb
     sub-directories of 1Mb or more:
     doc 5.3Mb
Flavors: r-devel-linux-x86_64-fedora-clang, r-devel-linux-x86_64-fedora-gcc, r-devel-windows-ix86+x86_64, r-patched-solaris-sparc, r-patched-solaris-x86, r-release-windows-ix86+x86_64, r-release-osx-x86_64, r-oldrel-windows-ix86+x86_64, r-oldrel-osx-x86_64