CRAN Package Check Results for Package survminer

Last updated on 2017-04-28 06:49:12.

Flavor Version Tinstall Tcheck Ttotal Status Flags
r-devel-linux-x86_64-debian-clang 0.3.1 4.11 110.52 114.62 OK
r-devel-linux-x86_64-debian-gcc 0.3.1 4.67 107.95 112.62 OK
r-devel-linux-x86_64-fedora-clang 0.3.1 257.44 NOTE --no-stop-on-test-error
r-devel-linux-x86_64-fedora-gcc 0.3.1 230.24 NOTE --no-stop-on-test-error
r-devel-windows-ix86+x86_64 0.3.1 14.00 265.00 279.00 NOTE
r-patched-linux-x86_64 0.3.1 4.21 107.35 111.56 OK
r-patched-solaris-sparc 0.3.1 1210.10 NOTE
r-patched-solaris-x86 0.3.1 277.00 NOTE
r-release-linux-x86_64 0.3.1 4.40 105.24 109.64 OK
r-release-windows-ix86+x86_64 0.3.1 13.00 201.00 214.00 NOTE
r-release-osx-x86_64 0.3.1 NOTE
r-oldrel-windows-ix86+x86_64 0.3.1 17.00 158.00 175.00 NOTE
r-oldrel-osx-x86_64 0.3.1 NOTE

Check Details

Version: 0.3.1
Flags: --no-stop-on-test-error
Check: installed package size
Result: NOTE
     installed size is 5.6Mb
     sub-directories of 1Mb or more:
     doc 5.3Mb
Flavors: r-devel-linux-x86_64-fedora-clang, r-devel-linux-x86_64-fedora-gcc

Version: 0.3.1
Check: installed package size
Result: NOTE
     installed size is 5.5Mb
     sub-directories of 1Mb or more:
     doc 5.3Mb
Flavors: r-devel-windows-ix86+x86_64, r-patched-solaris-sparc, r-patched-solaris-x86, r-release-windows-ix86+x86_64, r-release-osx-x86_64, r-oldrel-windows-ix86+x86_64, r-oldrel-osx-x86_64