CRAN Package Check Results for Package svHttp

Last updated on 2021-10-26 05:13:43 CEST.

Flavor Version Tinstall Tcheck Ttotal Status Flags
r-devel-linux-x86_64-debian-clang 0.9-55 1.99 23.82 25.81 NOTE
r-devel-linux-x86_64-debian-gcc 0.9-55 1.55 18.26 19.81 NOTE
r-devel-linux-x86_64-fedora-clang 0.9-55 42.51 NOTE
r-devel-linux-x86_64-fedora-gcc 0.9-55 30.92 NOTE
r-devel-windows-x86_64 0.9-55 4.00 32.00 36.00 NOTE
r-devel-windows-x86_64-gcc10-UCRT 0.9-55 NOTE
r-patched-linux-x86_64 0.9-55 2.02 22.40 24.42 NOTE
r-patched-solaris-x86 0.9-55 49.00 NOTE
r-release-linux-x86_64 0.9-55 1.69 22.46 24.15 NOTE
r-release-macos-arm64 0.9-55 NOTE
r-release-macos-x86_64 0.9-55 NOTE
r-release-windows-ix86+x86_64 0.9-55 4.00 50.00 54.00 NOTE
r-oldrel-macos-x86_64 0.9-55 NOTE
r-oldrel-windows-ix86+x86_64 0.9-55 5.00 42.00 47.00 NOTE

Check Details

Version: 0.9-55
Check: DESCRIPTION meta-information
Result: NOTE
    Malformed Description field: should contain one or more complete sentences.
Flavors: r-devel-linux-x86_64-debian-clang, r-devel-linux-x86_64-debian-gcc, r-devel-linux-x86_64-fedora-clang, r-devel-linux-x86_64-fedora-gcc, r-devel-windows-x86_64, r-devel-windows-x86_64-gcc10-UCRT, r-patched-linux-x86_64, r-patched-solaris-x86, r-release-linux-x86_64, r-release-macos-arm64, r-release-macos-x86_64, r-release-windows-ix86+x86_64, r-oldrel-macos-x86_64, r-oldrel-windows-ix86+x86_64

Version: 0.9-55
Check: R code for possible problems
Result: NOTE
    startHttpServer : <anonymous> : Rjsonp: no visible global function
     definition for 'localeToCharset'
    Undefined global functions or variables:
     localeToCharset
    Consider adding
     importFrom("utils", "localeToCharset")
    to your NAMESPACE file.
Flavors: r-devel-linux-x86_64-debian-clang, r-devel-linux-x86_64-debian-gcc, r-devel-linux-x86_64-fedora-clang, r-devel-linux-x86_64-fedora-gcc, r-devel-windows-x86_64, r-devel-windows-x86_64-gcc10-UCRT, r-patched-linux-x86_64, r-patched-solaris-x86, r-release-linux-x86_64, r-release-macos-arm64, r-release-macos-x86_64, r-release-windows-ix86+x86_64, r-oldrel-macos-x86_64, r-oldrel-windows-ix86+x86_64