CRAN Package Check Results for Package svSweave

Last updated on 2018-08-18 10:50:49 CEST.

Flavor Version Tinstall Tcheck Ttotal Status Flags
r-devel-linux-x86_64-debian-clang 0.9-8 1.14 19.58 20.72 NOTE
r-devel-linux-x86_64-debian-gcc 0.9-8 0.82 15.95 16.77 NOTE
r-devel-linux-x86_64-fedora-clang 0.9-8 24.23 NOTE
r-devel-linux-x86_64-fedora-gcc 0.9-8 25.13 NOTE
r-devel-windows-ix86+x86_64 0.9-8 3.00 41.00 44.00 NOTE
r-patched-linux-x86_64 0.9-8 0.75 17.98 18.73 NOTE
r-patched-solaris-x86 0.9-8 38.10 NOTE
r-release-linux-x86_64 0.9-8 0.87 17.91 18.78 NOTE
r-release-windows-ix86+x86_64 0.9-8 3.00 36.00 39.00 NOTE
r-release-osx-x86_64 0.9-8 NOTE
r-oldrel-windows-ix86+x86_64 0.9-8 2.00 35.00 37.00 NOTE
r-oldrel-osx-x86_64 0.9-8 NOTE

Check Details

Version: 0.9-8
Check: DESCRIPTION meta-information
Result: NOTE
    Malformed Description field: should contain one or more complete sentences.
Flavors: r-devel-linux-x86_64-debian-clang, r-devel-linux-x86_64-debian-gcc, r-devel-linux-x86_64-fedora-clang, r-devel-linux-x86_64-fedora-gcc, r-devel-windows-ix86+x86_64, r-patched-linux-x86_64, r-patched-solaris-x86, r-release-linux-x86_64, r-release-windows-ix86+x86_64, r-release-osx-x86_64, r-oldrel-windows-ix86+x86_64, r-oldrel-osx-x86_64