CRAN Package Check Results for Package svSweave

Last updated on 2019-01-16 17:49:09 CET.

Flavor Version Tinstall Tcheck Ttotal Status Flags
r-devel-linux-x86_64-debian-clang 0.9-8 1.16 19.39 20.55 NOTE
r-devel-linux-x86_64-debian-gcc 0.9-8 0.81 16.05 16.86 NOTE
r-devel-linux-x86_64-fedora-clang 0.9-8 24.71 NOTE
r-devel-linux-x86_64-fedora-gcc 0.9-8 23.15 NOTE
r-devel-windows-ix86+x86_64 0.9-8 2.00 31.00 33.00 NOTE
r-patched-linux-x86_64 0.9-8 1.02 18.01 19.03 NOTE
r-patched-solaris-x86 0.9-8 39.00 NOTE
r-release-linux-x86_64 0.9-8 0.96 18.16 19.12 NOTE
r-release-windows-ix86+x86_64 0.9-8 3.00 29.00 32.00 NOTE
r-release-osx-x86_64 0.9-8 NOTE
r-oldrel-windows-ix86+x86_64 0.9-8 4.00 76.00 80.00 NOTE
r-oldrel-osx-x86_64 0.9-8 NOTE

Check Details

Version: 0.9-8
Check: DESCRIPTION meta-information
Result: NOTE
    Malformed Description field: should contain one or more complete sentences.
Flavors: r-devel-linux-x86_64-debian-clang, r-devel-linux-x86_64-debian-gcc, r-devel-linux-x86_64-fedora-clang, r-devel-linux-x86_64-fedora-gcc, r-devel-windows-ix86+x86_64, r-patched-linux-x86_64, r-patched-solaris-x86, r-release-linux-x86_64, r-release-windows-ix86+x86_64, r-release-osx-x86_64, r-oldrel-windows-ix86+x86_64, r-oldrel-osx-x86_64