CRAN Package Check Results for Package svSweave

Last updated on 2018-10-21 17:54:38 CEST.

Flavor Version Tinstall Tcheck Ttotal Status Flags
r-devel-linux-x86_64-debian-clang 0.9-8 1.05 19.56 20.61 NOTE
r-devel-linux-x86_64-debian-gcc 0.9-8 0.86 16.21 17.07 NOTE
r-devel-linux-x86_64-fedora-clang 0.9-8 24.90 NOTE
r-devel-linux-x86_64-fedora-gcc 0.9-8 23.58 NOTE
r-devel-windows-ix86+x86_64 0.9-8 3.00 39.00 42.00 NOTE
r-patched-linux-x86_64 0.9-8 0.92 17.90 18.82 NOTE
r-patched-solaris-x86 0.9-8 36.30 NOTE
r-release-linux-x86_64 0.9-8 0.74 18.14 18.88 NOTE
r-release-windows-ix86+x86_64 0.9-8 6.00 40.00 46.00 NOTE
r-release-osx-x86_64 0.9-8 NOTE
r-oldrel-windows-ix86+x86_64 0.9-8 2.00 40.00 42.00 NOTE
r-oldrel-osx-x86_64 0.9-8 NOTE

Check Details

Version: 0.9-8
Check: DESCRIPTION meta-information
Result: NOTE
    Malformed Description field: should contain one or more complete sentences.
Flavors: r-devel-linux-x86_64-debian-clang, r-devel-linux-x86_64-debian-gcc, r-devel-linux-x86_64-fedora-clang, r-devel-linux-x86_64-fedora-gcc, r-devel-windows-ix86+x86_64, r-patched-linux-x86_64, r-patched-solaris-x86, r-release-linux-x86_64, r-release-windows-ix86+x86_64, r-release-osx-x86_64, r-oldrel-windows-ix86+x86_64, r-oldrel-osx-x86_64