CRAN Package Check Results for Package svSweave

Last updated on 2018-05-25 20:47:10 CEST.

Flavor Version Tinstall Tcheck Ttotal Status Flags
r-devel-linux-x86_64-debian-clang 0.9-8 0.90 18.87 19.77 NOTE
r-devel-linux-x86_64-debian-gcc 0.9-8 0.85 15.09 15.94 NOTE
r-devel-linux-x86_64-fedora-clang 0.9-8 23.84 NOTE
r-devel-linux-x86_64-fedora-gcc 0.9-8 22.12 NOTE
r-devel-windows-ix86+x86_64 0.9-8 2.00 50.00 52.00 NOTE
r-patched-linux-x86_64 0.9-8 0.90 17.64 18.54 NOTE
r-patched-solaris-x86 0.9-8 36.80 NOTE
r-release-linux-x86_64 0.9-8 1.03 17.45 18.48 NOTE
r-release-windows-ix86+x86_64 0.9-8 3.00 44.00 47.00 NOTE
r-release-osx-x86_64 0.9-8 NOTE
r-oldrel-windows-ix86+x86_64 0.9-8 3.00 31.00 34.00 NOTE
r-oldrel-osx-x86_64 0.9-8 NOTE

Check Details

Version: 0.9-8
Check: DESCRIPTION meta-information
Result: NOTE
    Malformed Description field: should contain one or more complete sentences.
Flavors: r-devel-linux-x86_64-debian-clang, r-devel-linux-x86_64-debian-gcc, r-devel-linux-x86_64-fedora-clang, r-devel-linux-x86_64-fedora-gcc, r-devel-windows-ix86+x86_64, r-patched-linux-x86_64, r-patched-solaris-x86, r-release-linux-x86_64, r-release-windows-ix86+x86_64, r-release-osx-x86_64, r-oldrel-windows-ix86+x86_64, r-oldrel-osx-x86_64