CRAN Package Check Results for Package svapls

Last updated on 2019-09-20 05:47:08 CEST.

Flavor Version Tinstall Tcheck Ttotal Status Flags
r-devel-linux-x86_64-debian-clang 1.4 3.00 38.56 41.56 NOTE
r-devel-linux-x86_64-debian-gcc 1.4 2.26 29.77 32.03 NOTE
r-devel-linux-x86_64-fedora-clang 1.4 49.36 NOTE
r-devel-linux-x86_64-fedora-gcc 1.4 49.21 NOTE
r-devel-windows-ix86+x86_64 1.4 10.00 52.00 62.00 NOTE
r-patched-linux-x86_64 1.4 2.51 38.13 40.64 NOTE
r-patched-solaris-x86 1.4 90.10 NOTE
r-release-linux-x86_64 1.4 2.02 37.84 39.86 NOTE
r-release-windows-ix86+x86_64 1.4 5.00 73.00 78.00 NOTE
r-release-osx-x86_64 1.4 NOTE
r-oldrel-windows-ix86+x86_64 1.4 4.00 54.00 58.00 NOTE
r-oldrel-osx-x86_64 1.4 NOTE

Check Details

Version: 1.4
Check: DESCRIPTION meta-information
Result: NOTE
    Malformed Title field: should not end in a period.
Flavors: r-devel-linux-x86_64-debian-clang, r-devel-linux-x86_64-debian-gcc, r-devel-linux-x86_64-fedora-clang, r-devel-linux-x86_64-fedora-gcc, r-devel-windows-ix86+x86_64, r-patched-linux-x86_64, r-patched-solaris-x86, r-release-linux-x86_64, r-release-windows-ix86+x86_64, r-release-osx-x86_64, r-oldrel-windows-ix86+x86_64, r-oldrel-osx-x86_64

Version: 1.4
Check: R code for possible problems
Result: NOTE
    fitModel: no visible global function definition for 'var'
    fitModel: no visible global function definition for 'cov'
    svpls: no visible global function definition for 'pt'
    Undefined global functions or variables:
     cov pt var
    Consider adding
     importFrom("stats", "cov", "pt", "var")
    to your NAMESPACE file.
Flavors: r-devel-linux-x86_64-debian-clang, r-devel-linux-x86_64-debian-gcc, r-devel-linux-x86_64-fedora-clang, r-devel-linux-x86_64-fedora-gcc, r-devel-windows-ix86+x86_64, r-patched-linux-x86_64, r-patched-solaris-x86, r-release-linux-x86_64, r-release-windows-ix86+x86_64, r-release-osx-x86_64, r-oldrel-windows-ix86+x86_64, r-oldrel-osx-x86_64