CRAN Package Check Results for Package svapls

Last updated on 2020-02-27 17:51:11 CET.

Flavor Version Tinstall Tcheck Ttotal Status Flags
r-devel-linux-x86_64-debian-clang 1.4 3.13 41.78 44.91 NOTE
r-devel-linux-x86_64-debian-gcc 1.4 2.24 31.88 34.12 NOTE
r-devel-linux-x86_64-fedora-clang 1.4 57.30 NOTE
r-devel-linux-x86_64-fedora-gcc 1.4 52.43 NOTE
r-devel-windows-ix86+x86_64 1.4 6.00 55.00 61.00 NOTE
r-devel-windows-ix86+x86_64-gcc8 1.4 6.00 56.00 62.00 NOTE
r-patched-linux-x86_64 1.4 2.59 37.57 40.16 NOTE
r-patched-solaris-x86 1.4 90.10 NOTE
r-release-linux-x86_64 1.4 2.25 38.99 41.24 NOTE
r-release-windows-ix86+x86_64 1.4 6.00 53.00 59.00 NOTE
r-release-osx-x86_64 1.4 NOTE
r-oldrel-windows-ix86+x86_64 1.4 3.00 59.00 62.00 NOTE
r-oldrel-osx-x86_64 1.4 NOTE

Check Details

Version: 1.4
Check: DESCRIPTION meta-information
Result: NOTE
    Malformed Title field: should not end in a period.
Flavors: r-devel-linux-x86_64-debian-clang, r-devel-linux-x86_64-debian-gcc, r-devel-linux-x86_64-fedora-clang, r-devel-linux-x86_64-fedora-gcc, r-devel-windows-ix86+x86_64, r-devel-windows-ix86+x86_64-gcc8, r-patched-linux-x86_64, r-patched-solaris-x86, r-release-linux-x86_64, r-release-windows-ix86+x86_64, r-release-osx-x86_64, r-oldrel-windows-ix86+x86_64, r-oldrel-osx-x86_64

Version: 1.4
Check: R code for possible problems
Result: NOTE
    fitModel: no visible global function definition for 'var'
    fitModel: no visible global function definition for 'cov'
    svpls: no visible global function definition for 'pt'
    Undefined global functions or variables:
     cov pt var
    Consider adding
     importFrom("stats", "cov", "pt", "var")
    to your NAMESPACE file.
Flavors: r-devel-linux-x86_64-debian-clang, r-devel-linux-x86_64-debian-gcc, r-devel-linux-x86_64-fedora-clang, r-devel-linux-x86_64-fedora-gcc, r-devel-windows-ix86+x86_64, r-devel-windows-ix86+x86_64-gcc8, r-patched-linux-x86_64, r-patched-solaris-x86, r-release-linux-x86_64, r-release-windows-ix86+x86_64, r-release-osx-x86_64, r-oldrel-windows-ix86+x86_64, r-oldrel-osx-x86_64