CRAN Package Check Results for Package swagger

Last updated on 2024-04-15 13:52:26 CEST.

Flavor Version Tinstall Tcheck Ttotal Status Flags
r-devel-linux-x86_64-debian-clang 3.33.1 1.99 22.90 24.89 NOTE
r-devel-linux-x86_64-debian-gcc 3.33.1 1.73 17.53 19.26 NOTE
r-devel-linux-x86_64-fedora-clang 3.33.1 31.58 NOTE
r-devel-linux-x86_64-fedora-gcc 3.33.1 30.21 NOTE
r-prerel-macos-arm64 3.33.1 14.00 NOTE
r-prerel-windows-x86_64 3.33.1 3.00 40.00 43.00 NOTE
r-patched-linux-x86_64 3.33.1 1.85 21.34 23.19 NOTE
r-release-linux-x86_64 3.33.1 2.08 22.31 24.39 NOTE
r-release-macos-arm64 3.33.1 16.00 NOTE
r-release-macos-x86_64 3.33.1 21.00 NOTE
r-release-windows-x86_64 3.33.1 6.00 38.00 44.00 NOTE
r-oldrel-macos-arm64 3.33.1 24.00 NOTE
r-oldrel-windows-x86_64 3.33.1 3.00 41.00 44.00 NOTE

Check Details

Version: 3.33.1
Check: LazyData
Result: NOTE 'LazyData' is specified without a 'data' directory Flavors: r-devel-linux-x86_64-debian-clang, r-devel-linux-x86_64-debian-gcc, r-devel-linux-x86_64-fedora-clang, r-devel-linux-x86_64-fedora-gcc, r-prerel-macos-arm64, r-prerel-windows-x86_64, r-patched-linux-x86_64, r-release-linux-x86_64, r-release-macos-arm64, r-release-macos-x86_64, r-release-windows-x86_64, r-oldrel-macos-arm64, r-oldrel-windows-x86_64