CRAN Package Check Results for Package swamp

Last updated on 2019-09-21 08:50:24 CEST.

Flavor Version Tinstall Tcheck Ttotal Status Flags
r-devel-linux-x86_64-debian-clang 1.4.1 3.46 44.15 47.61 OK
r-devel-linux-x86_64-debian-gcc 1.4.1 2.68 33.96 36.64 OK
r-devel-linux-x86_64-fedora-clang 1.4.1 53.47 OK
r-devel-linux-x86_64-fedora-gcc 1.4.1 53.09 OK
r-devel-windows-ix86+x86_64 1.4.1 14.00 52.00 66.00 OK
r-patched-linux-x86_64 1.4.1 3.45 42.92 46.37 OK
r-patched-solaris-x86 1.4.1 80.50 OK
r-release-linux-x86_64 1.4.1 3.71 43.66 47.37 OK
r-release-windows-ix86+x86_64 1.4.1 6.00 51.00 57.00 OK
r-release-osx-x86_64 1.4.1 ERROR
r-oldrel-windows-ix86+x86_64 1.4.1 5.00 87.00 92.00 OK
r-oldrel-osx-x86_64 1.4.1 OK

Check Details

Version: 1.4.1
Check: package dependencies
Result: ERROR
    Package required but not available: ‘impute’
    
    See section ‘The DESCRIPTION file’ in the ‘Writing R Extensions’
    manual.
Flavor: r-release-osx-x86_64