CRAN Package Check Results for Package swamp

Last updated on 2020-02-24 14:48:19 CET.

Flavor Version Tinstall Tcheck Ttotal Status Flags
r-devel-linux-x86_64-debian-clang 1.5.1 4.06 49.42 53.48 OK
r-devel-linux-x86_64-debian-gcc 1.5.1 3.25 37.85 41.10 OK
r-devel-linux-x86_64-fedora-clang 1.5.1 63.17 WARN
r-devel-linux-x86_64-fedora-gcc 1.5.1 58.98 OK
r-devel-windows-ix86+x86_64 1.5.1 7.00 57.00 64.00 OK
r-devel-windows-ix86+x86_64-gcc8 1.5.1 13.00 58.00 71.00 OK
r-patched-linux-x86_64 1.5.1 OK
r-patched-solaris-x86 1.5.1 80.10 OK
r-release-linux-x86_64 1.5.1 3.39 43.71 47.10 OK
r-release-windows-ix86+x86_64 1.5.1 7.00 52.00 59.00 OK
r-release-osx-x86_64 1.5.1 OK
r-oldrel-windows-ix86+x86_64 1.5.1 5.00 57.00 62.00 OK
r-oldrel-osx-x86_64 1.5.1 OK

Check Details

Version: 1.5.1
Check: package dependencies
Result: WARN
    Requires orphaned package: ‘gplots’
Flavor: r-devel-linux-x86_64-fedora-clang