CRAN Package Check Results for Package sweep

Last updated on 2018-08-19 22:53:34 CEST.

Flavor Version Tinstall Tcheck Ttotal Status Flags
r-devel-linux-x86_64-debian-clang 0.2.1 4.77 129.12 133.89 WARN
r-devel-linux-x86_64-debian-gcc 0.2.1.1 3.56 100.57 104.13 OK
r-devel-linux-x86_64-fedora-clang 0.2.1.1 160.74 NOTE
r-devel-linux-x86_64-fedora-gcc 0.2.1.1 162.85 NOTE
r-devel-windows-ix86+x86_64 0.2.1 14.00 203.00 217.00 WARN
r-patched-linux-x86_64 0.2.1 3.25 123.14 126.39 OK
r-patched-solaris-x86 0.2.1.1 196.70 NOTE
r-release-linux-x86_64 0.2.1 3.90 124.94 128.84 OK
r-release-windows-ix86+x86_64 0.2.1 12.00 141.00 153.00 OK
r-release-osx-x86_64 0.2.1 NOTE
r-oldrel-windows-ix86+x86_64 0.2.1 8.00 213.00 221.00 OK
r-oldrel-osx-x86_64 0.2.1 NOTE

Check Details

Version: 0.2.1
Check: for unstated dependencies in ‘tests’
Result: WARN
    '::' or ':::' import not declared from: ‘fracdiff’
Flavors: r-devel-linux-x86_64-debian-clang, r-devel-windows-ix86+x86_64

Version: 0.2.1.1
Check: dependencies in R code
Result: NOTE
    Namespaces in Imports field not imported from:
     ‘devtools’ ‘lazyeval’ ‘lubridate’ ‘tidyr’
     All declared Imports should be used.
Flavors: r-devel-linux-x86_64-fedora-clang, r-devel-linux-x86_64-fedora-gcc, r-patched-solaris-x86

Version: 0.2.1
Check: dependencies in R code
Result: NOTE
    Namespaces in Imports field not imported from:
     ‘devtools’ ‘lazyeval’ ‘lubridate’ ‘tidyr’
     All declared Imports should be used.
Flavors: r-release-osx-x86_64, r-oldrel-osx-x86_64