CRAN Package Check Results for Package sweep

Last updated on 2018-02-23 05:54:49 CET.

Flavor Version Tinstall Tcheck Ttotal Status Flags
r-devel-linux-x86_64-debian-clang 0.2.0 2.95 116.51 119.46 OK
r-devel-linux-x86_64-debian-gcc 0.2.0 3.04 94.80 97.84 OK
r-devel-linux-x86_64-fedora-clang 0.2.0 156.98 NOTE
r-devel-linux-x86_64-fedora-gcc 0.2.0 159.28 NOTE
r-devel-windows-ix86+x86_64 0.2.0 11.00 176.00 187.00 OK
r-patched-linux-x86_64 0.2.0 3.16 143.52 146.68 OK
r-patched-solaris-x86 0.2.0 223.70 NOTE
r-release-linux-x86_64 0.2.0 2.53 145.02 147.55 OK
r-release-windows-ix86+x86_64 0.2.0 10.00 200.00 210.00 OK
r-release-osx-x86_64 0.2.0 NOTE
r-oldrel-windows-ix86+x86_64 0.2.0 7.00 60.00 67.00 OK
r-oldrel-osx-x86_64 0.2.0 ERROR

Check Details

Version: 0.2.0
Check: dependencies in R code
Result: NOTE
    Namespaces in Imports field not imported from:
     ‘devtools’ ‘lazyeval’ ‘lubridate’ ‘tidyr’
     All declared Imports should be used.
Flavors: r-devel-linux-x86_64-fedora-clang, r-devel-linux-x86_64-fedora-gcc, r-patched-solaris-x86, r-release-osx-x86_64

Version: 0.2.0
Check: package dependencies
Result: ERROR
    Package required but not available: ‘timetk’
    
    See section ‘The DESCRIPTION file’ in the ‘Writing R Extensions’
    manual.
Flavor: r-oldrel-osx-x86_64