CRAN Package Check Results for Package sweep

Last updated on 2019-02-18 04:50:28 CET.

Flavor Version Tinstall Tcheck Ttotal Status Flags
r-devel-linux-x86_64-debian-clang 0.2.1.1 4.19 139.67 143.86 OK
r-devel-linux-x86_64-debian-gcc 0.2.1.1 3.64 104.89 108.53 OK
r-devel-linux-x86_64-fedora-clang 0.2.1.1 175.05 NOTE
r-devel-linux-x86_64-fedora-gcc 0.2.1.1 164.07 NOTE
r-devel-windows-ix86+x86_64 0.2.1.1 13.00 156.00 169.00 OK
r-patched-linux-x86_64 0.2.1.1 3.81 127.15 130.96 OK
r-patched-solaris-x86 0.2.1.1 213.50 NOTE
r-release-linux-x86_64 0.2.1.1 OK
r-release-windows-ix86+x86_64 0.2.1.1 7.00 238.00 245.00 OK
r-release-osx-x86_64 0.2.1.1 NOTE
r-oldrel-windows-ix86+x86_64 0.2.1.1 9.00 168.00 177.00 OK
r-oldrel-osx-x86_64 0.2.1.1 NOTE

Check Details

Version: 0.2.1.1
Check: dependencies in R code
Result: NOTE
    Namespaces in Imports field not imported from:
     ‘devtools’ ‘lazyeval’ ‘lubridate’ ‘tidyr’
     All declared Imports should be used.
Flavors: r-devel-linux-x86_64-fedora-clang, r-devel-linux-x86_64-fedora-gcc, r-patched-solaris-x86, r-release-osx-x86_64, r-oldrel-osx-x86_64