CRAN Package Check Results for Package sweep

Last updated on 2018-05-26 02:49:00 CEST.

Flavor Version Tinstall Tcheck Ttotal Status Flags
r-devel-linux-x86_64-debian-clang 0.2.1 4.30 132.88 137.18 WARN
r-devel-linux-x86_64-debian-gcc 0.2.1 2.73 101.86 104.59 WARN
r-devel-linux-x86_64-fedora-clang 0.2.1 159.87 NOTE
r-devel-linux-x86_64-fedora-gcc 0.2.1 158.91 NOTE
r-devel-windows-ix86+x86_64 0.2.1 9.00 136.00 145.00 OK
r-patched-linux-x86_64 0.2.1 3.14 126.09 129.23 OK
r-patched-solaris-x86 0.2.1 217.70 NOTE
r-release-linux-x86_64 0.2.1 3.75 128.44 132.19 OK
r-release-windows-ix86+x86_64 0.2.1 11.00 200.00 211.00 OK
r-release-osx-x86_64 0.2.1 NOTE
r-oldrel-windows-ix86+x86_64 0.2.1 14.00 145.00 159.00 OK
r-oldrel-osx-x86_64 0.2.1 NOTE

Check Details

Version: 0.2.1
Check: for unstated dependencies in ‘tests’
Result: WARN
    '::' or ':::' import not declared from: ‘fracdiff’
Flavors: r-devel-linux-x86_64-debian-clang, r-devel-linux-x86_64-debian-gcc

Version: 0.2.1
Check: dependencies in R code
Result: NOTE
    Namespaces in Imports field not imported from:
     ‘devtools’ ‘lazyeval’ ‘lubridate’ ‘tidyr’
     All declared Imports should be used.
Flavors: r-devel-linux-x86_64-fedora-clang, r-devel-linux-x86_64-fedora-gcc, r-patched-solaris-x86, r-release-osx-x86_64, r-oldrel-osx-x86_64