CRAN Package Check Results for Package swirl

Last updated on 2022-05-26 09:53:34 CEST.

Flavor Version Tinstall Tcheck Ttotal Status Flags
r-devel-linux-x86_64-debian-clang 2.4.5 8.19 65.82 74.01 NOTE
r-devel-linux-x86_64-debian-gcc 2.4.5 5.68 57.81 63.49 NOTE
r-devel-linux-x86_64-fedora-clang 2.4.5 88.35 NOTE
r-devel-linux-x86_64-fedora-gcc 2.4.5 78.31 NOTE
r-devel-windows-x86_64 2.4.5 34.00 92.00 126.00 NOTE
r-patched-linux-x86_64 2.4.5 7.16 64.54 71.70 NOTE
r-release-linux-x86_64 2.4.5 NOTE
r-release-macos-arm64 2.4.5 27.00 NOTE
r-release-macos-x86_64 2.4.5 47.00 NOTE
r-release-windows-x86_64 2.4.5 35.00 96.00 131.00 NOTE
r-oldrel-macos-arm64 2.4.5 32.00 NOTE
r-oldrel-macos-x86_64 2.4.5 51.00 NOTE
r-oldrel-windows-ix86+x86_64 2.4.5 15.00 76.00 91.00 NOTE

Check Details

Version: 2.4.5
Check: LazyData
Result: NOTE
     'LazyData' is specified without a 'data' directory
Flavors: r-devel-linux-x86_64-debian-clang, r-devel-linux-x86_64-debian-gcc, r-devel-linux-x86_64-fedora-clang, r-devel-linux-x86_64-fedora-gcc, r-devel-windows-x86_64, r-patched-linux-x86_64, r-release-linux-x86_64, r-release-macos-arm64, r-release-macos-x86_64, r-release-windows-x86_64, r-oldrel-macos-arm64, r-oldrel-macos-x86_64, r-oldrel-windows-ix86+x86_64