CRAN Package Check Results for Package swirlify

Last updated on 2018-05-23 18:53:04 CEST.

Flavor Version Tinstall Tcheck Ttotal Status Flags
r-devel-linux-x86_64-debian-clang 0.5.2 3.72 40.69 44.41 OK
r-devel-linux-x86_64-debian-gcc 0.5.2 0.33 1.42 1.75 ERROR
r-devel-linux-x86_64-fedora-clang 0.5.2 53.54 OK
r-devel-linux-x86_64-fedora-gcc 0.5.2 51.51 OK
r-devel-windows-ix86+x86_64 0.5.2 7.00 84.00 91.00 OK
r-patched-linux-x86_64 0.5.2 2.98 37.59 40.57 OK
r-patched-solaris-x86 0.5.2 80.50 OK
r-release-linux-x86_64 0.5.2 2.96 37.44 40.40 OK
r-release-windows-ix86+x86_64 0.5.2 12.00 71.00 83.00 OK
r-release-osx-x86_64 0.5.2 OK
r-oldrel-windows-ix86+x86_64 0.5.2 16.00 52.00 68.00 OK
r-oldrel-osx-x86_64 0.5.2 OK

Check Details

Version: 0.5.2
Check: package dependencies
Result: ERROR
    Package required but not available: ‘readr’
    
    See section ‘The DESCRIPTION file’ in the ‘Writing R Extensions’
    manual.
Flavor: r-devel-linux-x86_64-debian-gcc