CRAN Package Check Results for Package switchSelection

Last updated on 2024-03-04 05:55:07 CET.

Flavor Version Tinstall Tcheck Ttotal Status Flags
r-devel-linux-x86_64-debian-clang 1.1.2 98.67 69.02 167.69 OK
r-devel-linux-x86_64-debian-gcc 1.1.2 74.79 49.57 124.36 OK
r-devel-linux-x86_64-fedora-clang 1.1.2 216.38 OK
r-devel-linux-x86_64-fedora-gcc 1.1.2 234.72 OK
r-devel-windows-x86_64 1.1.2 71.00 101.00 172.00 OK
r-patched-linux-x86_64 1.1.2 87.88 66.83 154.71 OK
r-release-linux-x86_64 1.1.2 91.21 66.51 157.72 OK
r-release-macos-arm64 1.1.2 50.00 NOTE
r-release-macos-x86_64 1.1.2 103.00 NOTE
r-release-windows-x86_64 1.1.2 93.00 116.00 209.00 OK
r-oldrel-macos-arm64 1.1.2 58.00 NOTE
r-oldrel-windows-x86_64 1.1.2 84.00 97.00 181.00 OK

Check Details

Version: 1.1.2
Check: installed package size
Result: NOTE installed size is 5.7Mb sub-directories of 1Mb or more: libs 5.0Mb Flavors: r-release-macos-arm64, r-release-macos-x86_64, r-oldrel-macos-arm64