CRAN Package Check Results for Package sybilcycleFreeFlux

Last updated on 2020-02-20 21:47:44 CET.

Flavor Version Tinstall Tcheck Ttotal Status Flags
r-devel-linux-x86_64-debian-clang 2.0.1 9.54 83.36 92.90 OK
r-devel-linux-x86_64-debian-gcc 2.0.1 8.30 63.67 71.97 OK
r-devel-linux-x86_64-fedora-clang 2.0.1 112.66 NOTE
r-devel-linux-x86_64-fedora-gcc 2.0.1 112.08 NOTE
r-devel-windows-ix86+x86_64 2.0.1 17.00 85.00 102.00 NOTE
r-devel-windows-ix86+x86_64-gcc8 2.0.1 23.00 84.00 107.00 NOTE
r-patched-linux-x86_64 2.0.1 9.16 72.03 81.19 OK
r-patched-solaris-x86 2.0.1 155.20 NOTE
r-release-linux-x86_64 2.0.1 7.17 72.91 80.08 OK
r-release-windows-ix86+x86_64 2.0.1 14.00 88.00 102.00 NOTE
r-release-osx-x86_64 2.0.1 NOTE
r-oldrel-windows-ix86+x86_64 2.0.1 8.00 75.00 83.00 NOTE
r-oldrel-osx-x86_64 2.0.1 NOTE

Check Details

Version: 2.0.1
Check: package dependencies
Result: NOTE
    Package suggested but not available for checking: ‘cplexAPI’
Flavors: r-devel-linux-x86_64-fedora-clang, r-devel-linux-x86_64-fedora-gcc, r-devel-windows-ix86+x86_64, r-devel-windows-ix86+x86_64-gcc8, r-patched-solaris-x86, r-release-windows-ix86+x86_64, r-release-osx-x86_64, r-oldrel-windows-ix86+x86_64, r-oldrel-osx-x86_64