CRAN Package Check Results for Package syn

Last updated on 2022-08-09 03:53:13 CEST.

Flavor Version Tinstall Tcheck Ttotal Status Flags
r-devel-linux-x86_64-debian-clang 0.1.0 11.67 27.59 39.26 NOTE
r-devel-linux-x86_64-debian-gcc 0.1.0 10.68 22.28 32.96 NOTE
r-devel-linux-x86_64-fedora-clang 0.1.0 61.40 NOTE
r-devel-linux-x86_64-fedora-gcc 0.1.0 61.74 NOTE
r-devel-windows-x86_64 0.1.0 19.00 53.00 72.00 NOTE
r-patched-linux-x86_64 0.1.0 12.81 27.96 40.77 NOTE
r-release-linux-x86_64 0.1.0 NOTE
r-release-macos-arm64 0.1.0 24.00 NOTE
r-release-macos-x86_64 0.1.0 31.00 NOTE
r-release-windows-x86_64 0.1.0 19.00 54.00 73.00 NOTE
r-oldrel-macos-arm64 0.1.0 29.00 NOTE
r-oldrel-macos-x86_64 0.1.0 35.00 NOTE
r-oldrel-windows-ix86+x86_64 0.1.0 19.00 47.00 66.00 NOTE

Check Details

Version: 0.1.0
Check: LazyData
Result: NOTE
     'LazyData' is specified without a 'data' directory
Flavors: r-devel-linux-x86_64-debian-clang, r-devel-linux-x86_64-debian-gcc, r-devel-linux-x86_64-fedora-clang, r-devel-linux-x86_64-fedora-gcc, r-devel-windows-x86_64, r-patched-linux-x86_64, r-release-linux-x86_64, r-release-macos-arm64, r-release-macos-x86_64, r-release-windows-x86_64, r-oldrel-macos-arm64, r-oldrel-macos-x86_64, r-oldrel-windows-ix86+x86_64