CRAN Package Check Results for Package synRNASeqNet

Last updated on 2018-02-22 08:49:01 CET.

Flavor Version Tinstall Tcheck Ttotal Status Flags
r-devel-linux-x86_64-debian-clang 1.0 2.26 30.90 33.16 NOTE
r-devel-linux-x86_64-debian-gcc 1.0 1.88 24.89 26.77 NOTE
r-devel-linux-x86_64-fedora-clang 1.0 43.66 NOTE
r-devel-linux-x86_64-fedora-gcc 1.0 39.00 NOTE
r-devel-windows-ix86+x86_64 1.0 6.00 55.00 61.00 NOTE
r-patched-linux-x86_64 1.0 1.36 31.70 33.06 NOTE
r-patched-solaris-x86 1.0 85.20 NOTE
r-release-linux-x86_64 1.0 1.27 31.37 32.64 NOTE
r-release-windows-ix86+x86_64 1.0 6.00 70.00 76.00 NOTE
r-release-osx-x86_64 1.0 NOTE
r-oldrel-windows-ix86+x86_64 1.0 4.00 79.00 83.00 NOTE
r-oldrel-osx-x86_64 1.0 NOTE

Check Details

Version: 1.0
Check: R code for possible problems
Result: NOTE
    mainNetFunction: no visible global function definition for ‘png’
    mainNetFunction: no visible global function definition for ‘plot’
    mainNetFunction: no visible global function definition for ‘lines’
    mainNetFunction: no visible global function definition for ‘legend’
    mainNetFunction: no visible global function definition for ‘dev.off’
    plotPR: no visible global function definition for ‘plot’
    plotROC: no visible global function definition for ‘plot’
    plotROC: no visible global function definition for ‘lines’
    simulatedData: no visible global function definition for ‘rpois’
    simulatedData : <anonymous>: no visible global function definition for
     ‘rpois’
    simulatedData : rlognormpois: no visible global function definition for
     ‘rnorm’
    simulatedData : rlognormpois: no visible global function definition for
     ‘rpois’
    Undefined global functions or variables:
     dev.off legend lines plot png rnorm rpois
    Consider adding
     importFrom("grDevices", "dev.off", "png")
     importFrom("graphics", "legend", "lines", "plot")
     importFrom("stats", "rnorm", "rpois")
    to your NAMESPACE file.
Flavors: r-devel-linux-x86_64-debian-clang, r-devel-linux-x86_64-debian-gcc, r-devel-linux-x86_64-fedora-clang, r-devel-linux-x86_64-fedora-gcc, r-devel-windows-ix86+x86_64, r-patched-linux-x86_64, r-patched-solaris-x86, r-release-linux-x86_64, r-release-windows-ix86+x86_64, r-release-osx-x86_64, r-oldrel-windows-ix86+x86_64, r-oldrel-osx-x86_64