CRAN Package Check Results for Package synbreed

Last updated on 2018-05-23 00:47:02 CEST.

Flavor Version Tinstall Tcheck Ttotal Status Flags
r-devel-linux-x86_64-debian-clang 0.12-9 13.27 141.00 154.27 OK
r-devel-linux-x86_64-debian-gcc 0.12-9 11.57 113.76 125.33 OK
r-devel-linux-x86_64-fedora-clang 0.12-9 194.00 OK
r-devel-linux-x86_64-fedora-gcc 0.12-9 187.68 OK
r-devel-windows-ix86+x86_64 0.12-9 19.00 206.00 225.00 OK
r-patched-linux-x86_64 0.12-9 12.28 133.49 145.77 OK
r-patched-solaris-x86 0.12-9 252.70 OK
r-release-linux-x86_64 0.12-9 12.01 131.87 143.88 OK
r-release-windows-ix86+x86_64 0.12-9 30.00 216.00 246.00 OK
r-release-osx-x86_64 0.12-9 OK
r-oldrel-windows-ix86+x86_64 0.12-9 20.00 148.00 168.00 OK
r-oldrel-osx-x86_64 0.12-9 ERROR

Check Details

Version: 0.12-9
Check: package dependencies
Result: ERROR
    Package required but not available: ‘LDheatmap’
    
    See section ‘The DESCRIPTION file’ in the ‘Writing R Extensions’
    manual.
Flavor: r-oldrel-osx-x86_64