CRAN Package Check Results for Package synchronicity

Last updated on 2021-05-08 10:50:40 CEST.

Flavor Version Tinstall Tcheck Ttotal Status Flags
r-devel-linux-x86_64-debian-clang 1.3.5 27.55 28.20 55.75 OK
r-devel-linux-x86_64-debian-gcc 1.3.5 18.39 22.20 40.59 OK
r-devel-linux-x86_64-fedora-clang 1.3.5 88.97 NOTE
r-devel-linux-x86_64-fedora-gcc 1.3.5 71.30 NOTE
r-devel-windows-x86_64-gcc10-UCRT 1.3.5 OK
r-patched-linux-x86_64 1.3.5 24.14 27.54 51.68 OK
r-patched-solaris-x86 1.3.5 84.70 OK
r-release-linux-x86_64 1.3.5 23.20 27.23 50.43 OK
r-release-macos-x86_64 1.3.5 OK
r-release-windows-ix86+x86_64 1.3.5 67.00 53.00 120.00 OK
r-oldrel-macos-x86_64 1.3.5 OK
r-oldrel-windows-ix86+x86_64 1.3.5 71.00 49.00 120.00 OK

Check Details

Version: 1.3.5
Check: top-level files
Result: NOTE
     possible bashism in configure line 12 (echo -n):
     echo -n " checking for Sun Studio compiler..."
     possible bashism in configure line 22 (echo -n):
     echo -n " checking for OS..."
Flavors: r-devel-linux-x86_64-fedora-clang, r-devel-linux-x86_64-fedora-gcc