CRAN Package Check Results for Package systemfonts

Last updated on 2019-11-16 00:51:20 CET.

Flavor Version Tinstall Tcheck Ttotal Status Flags
r-devel-linux-x86_64-debian-clang 0.1.1 4.00 20.92 24.92 OK
r-devel-linux-x86_64-debian-gcc 0.1.1 2.55 16.77 19.32 OK
r-devel-linux-x86_64-fedora-clang 0.1.1 34.31 NOTE
r-devel-linux-x86_64-fedora-gcc 0.1.1 31.58 NOTE
r-devel-windows-ix86+x86_64 0.1.1 32.00 55.00 87.00 OK
r-patched-linux-x86_64 0.1.1 2.71 20.33 23.04 OK
r-patched-solaris-x86 0.1.1 47.10 OK
r-release-linux-x86_64 0.1.1 2.87 20.04 22.91 OK
r-release-windows-ix86+x86_64 0.1.1 25.00 75.00 100.00 OK
r-release-osx-x86_64 0.1.1 OK
r-oldrel-windows-ix86+x86_64 0.1.1 32.00 69.00 101.00 OK
r-oldrel-osx-x86_64 0.1.1 OK

Check Details

Version: 0.1.1
Check: top-level files
Result: NOTE
    ‘configure’: /bin/bash is not portable
Flavors: r-devel-linux-x86_64-fedora-clang, r-devel-linux-x86_64-fedora-gcc