CRAN Package Check Results for Package systemfonts

Last updated on 2020-05-29 16:50:37 CEST.

Flavor Version Tinstall Tcheck Ttotal Status Flags
r-devel-linux-x86_64-debian-clang 0.2.2 16.07 25.41 41.48 OK
r-devel-linux-x86_64-debian-gcc 0.2.2 10.89 20.33 31.22 OK
r-devel-linux-x86_64-fedora-clang 0.2.2 58.94 OK
r-devel-linux-x86_64-fedora-gcc 0.2.2 50.77 OK
r-devel-windows-ix86+x86_64 0.2.2 56.00 94.00 150.00 OK
r-patched-linux-x86_64 0.2.2 12.65 25.46 38.11 OK
r-patched-solaris-x86 0.2.2 82.40 OK
r-release-linux-x86_64 0.2.2 11.23 25.38 36.61 OK
r-release-osx-x86_64 0.2.2 NOTE
r-release-windows-ix86+x86_64 0.2.2 45.00 155.00 200.00 OK
r-oldrel-osx-x86_64 0.2.2 OK
r-oldrel-windows-ix86+x86_64 0.2.2 57.00 62.00 119.00 OK

Check Details

Version: 0.2.2
Check: installed package size
Result: NOTE
     installed size is 5.8Mb
     sub-directories of 1Mb or more:
     libs 5.6Mb
Flavor: r-release-osx-x86_64