CRAN Package Check Results for Package syuzhet

Last updated on 2018-08-16 12:50:31 CEST.

Flavor Version Tinstall Tcheck Ttotal Status Flags
r-devel-linux-x86_64-debian-clang 1.0.4 9.12 138.13 147.25 OK
r-devel-linux-x86_64-debian-gcc 1.0.4 8.19 107.86 116.05 OK
r-devel-linux-x86_64-fedora-clang 1.0.4 181.46 NOTE
r-devel-linux-x86_64-fedora-gcc 1.0.4 174.17 OK
r-devel-windows-ix86+x86_64 1.0.4 20.00 189.00 209.00 OK
r-patched-linux-x86_64 1.0.4 8.75 133.20 141.95 OK
r-patched-solaris-x86 1.0.4 302.70 NOTE
r-release-linux-x86_64 1.0.4 9.21 131.31 140.52 OK
r-release-windows-ix86+x86_64 1.0.4 18.00 163.00 181.00 OK
r-release-osx-x86_64 1.0.4 OK
r-oldrel-windows-ix86+x86_64 1.0.4 20.00 147.00 167.00 OK
r-oldrel-osx-x86_64 1.0.4 OK

Check Details

Version: 1.0.4
Check: installed package size
Result: NOTE
     installed size is 5.0Mb
     sub-directories of 1Mb or more:
     R 1.3Mb
     extdata 3.1Mb
Flavors: r-devel-linux-x86_64-fedora-clang, r-patched-solaris-x86