CRAN Package Check Results for Package syuzhet

Last updated on 2018-10-17 08:48:51 CEST.

Flavor Version Tinstall Tcheck Ttotal Status Flags
r-devel-linux-x86_64-debian-clang 1.0.4 9.50 140.87 150.37 OK
r-devel-linux-x86_64-debian-gcc 1.0.4 7.92 109.25 117.17 OK
r-devel-linux-x86_64-fedora-clang 1.0.4 184.12 NOTE
r-devel-linux-x86_64-fedora-gcc 1.0.4 175.33 OK
r-devel-windows-ix86+x86_64 1.0.4 19.00 153.00 172.00 OK
r-patched-linux-x86_64 1.0.4 8.99 132.90 141.89 OK
r-patched-solaris-x86 1.0.4 306.40 NOTE
r-release-linux-x86_64 1.0.4 8.27 132.59 140.86 OK
r-release-windows-ix86+x86_64 1.0.4 20.00 170.00 190.00 OK
r-release-osx-x86_64 1.0.4 OK
r-oldrel-windows-ix86+x86_64 1.0.4 18.00 162.00 180.00 OK
r-oldrel-osx-x86_64 1.0.4 OK

Check Details

Version: 1.0.4
Check: installed package size
Result: NOTE
     installed size is 5.0Mb
     sub-directories of 1Mb or more:
     R 1.3Mb
     extdata 3.1Mb
Flavors: r-devel-linux-x86_64-fedora-clang, r-patched-solaris-x86