CRAN Package Check Results for Package syuzhet

Last updated on 2018-02-22 18:47:34 CET.

Flavor Version Tinstall Tcheck Ttotal Status Flags
r-devel-linux-x86_64-debian-clang 1.0.4 8.23 134.66 142.89 OK
r-devel-linux-x86_64-debian-gcc 1.0.4 7.50 116.53 124.03 OK
r-devel-linux-x86_64-fedora-clang 1.0.4 198.15 NOTE
r-devel-linux-x86_64-fedora-gcc 1.0.4 339.86 NOTE
r-devel-windows-ix86+x86_64 1.0.4 18.00 150.00 168.00 OK
r-patched-linux-x86_64 1.0.4 7.62 161.26 168.88 OK
r-patched-solaris-x86 1.0.4 462.40 NOTE
r-release-linux-x86_64 1.0.4 10.45 159.64 170.09 OK
r-release-windows-ix86+x86_64 1.0.4 20.00 377.00 397.00 OK
r-release-osx-x86_64 1.0.4 OK
r-oldrel-windows-ix86+x86_64 1.0.4 16.00 154.00 170.00 OK
r-oldrel-osx-x86_64 1.0.4 OK

Check Details

Version: 1.0.4
Check: installed package size
Result: NOTE
     installed size is 5.0Mb
     sub-directories of 1Mb or more:
     R 1.3Mb
     extdata 3.1Mb
Flavors: r-devel-linux-x86_64-fedora-clang, r-devel-linux-x86_64-fedora-gcc, r-patched-solaris-x86