CRAN Package Check Results for Package syuzhet

Last updated on 2018-05-27 09:48:27 CEST.

Flavor Version Tinstall Tcheck Ttotal Status Flags
r-devel-linux-x86_64-debian-clang 1.0.4 8.50 144.45 152.95 OK
r-devel-linux-x86_64-debian-gcc 1.0.4 8.92 112.43 121.35 OK
r-devel-linux-x86_64-fedora-clang 1.0.4 182.31 NOTE
r-devel-linux-x86_64-fedora-gcc 1.0.4 176.00 NOTE
r-devel-windows-ix86+x86_64 1.0.4 14.00 141.00 155.00 OK
r-patched-linux-x86_64 1.0.4 8.57 139.55 148.12 OK
r-patched-solaris-x86 1.0.4 301.80 NOTE
r-release-linux-x86_64 1.0.4 9.22 137.44 146.66 OK
r-release-windows-ix86+x86_64 1.0.4 20.00 189.00 209.00 OK
r-release-osx-x86_64 1.0.4 OK
r-oldrel-windows-ix86+x86_64 1.0.4 18.00 139.00 157.00 OK
r-oldrel-osx-x86_64 1.0.4 OK

Check Details

Version: 1.0.4
Check: installed package size
Result: NOTE
     installed size is 5.0Mb
     sub-directories of 1Mb or more:
     R 1.3Mb
     extdata 3.1Mb
Flavors: r-devel-linux-x86_64-fedora-clang, r-devel-linux-x86_64-fedora-gcc, r-patched-solaris-x86