CRAN Package Check Results for Package syuzhet

Last updated on 2024-02-21 15:51:01 CET.

Flavor Version Tinstall Tcheck Ttotal Status Flags
r-devel-linux-x86_64-debian-clang 1.0.7 OK
r-devel-linux-x86_64-debian-gcc 1.0.7 11.07 236.25 247.32 OK
r-devel-linux-x86_64-fedora-clang 1.0.7 382.44 NOTE
r-devel-linux-x86_64-fedora-gcc 1.0.7 399.37 OK
r-devel-windows-x86_64 1.0.7 13.00 271.00 284.00 NOTE
r-patched-linux-x86_64 1.0.7 12.15 305.43 317.58 OK
r-release-linux-x86_64 1.0.7 11.00 298.40 309.40 OK
r-release-macos-arm64 1.0.7 134.00 NOTE
r-release-macos-x86_64 1.0.7 349.00 NOTE
r-release-windows-x86_64 1.0.7 16.00 317.00 333.00 NOTE
r-oldrel-macos-arm64 1.0.7 123.00 NOTE
r-oldrel-windows-x86_64 1.0.7 15.00 321.00 336.00 NOTE

Check Details

Version: 1.0.7
Check: installed package size
Result: NOTE installed size is 5.3Mb sub-directories of 1Mb or more: R 1.3Mb extdata 3.1Mb Flavors: r-devel-linux-x86_64-fedora-clang, r-devel-windows-x86_64, r-release-macos-arm64, r-release-macos-x86_64, r-release-windows-x86_64, r-oldrel-macos-arm64, r-oldrel-windows-x86_64