Last updated on 2021-01-26 18:50:56 CET.
Flavor | Version | Tinstall | Tcheck | Ttotal | Status | Flags |
---|---|---|---|---|---|---|
r-devel-linux-x86_64-debian-clang | 0.7.7 | 7.06 | 86.20 | 93.26 | OK | |
r-devel-linux-x86_64-debian-gcc | 0.7.7 | 5.97 | 67.59 | 73.56 | OK | |
r-devel-linux-x86_64-fedora-clang | 0.7.7 | 118.08 | NOTE | |||
r-devel-linux-x86_64-fedora-gcc | 0.7.7 | 115.28 | OK | |||
r-devel-windows-ix86+x86_64 | 0.7.7 | 13.00 | 115.00 | 128.00 | OK | |
r-patched-linux-x86_64 | 0.7.7 | 7.38 | 83.04 | 90.42 | OK | |
r-patched-solaris-x86 | 0.7.7 | 170.50 | OK | |||
r-release-linux-x86_64 | 0.7.7 | 6.75 | 83.39 | 90.14 | OK | |
r-release-macos-x86_64 | 0.7.7 | OK | ||||
r-release-windows-ix86+x86_64 | 0.7.7 | 15.00 | 89.00 | 104.00 | OK | |
r-oldrel-macos-x86_64 | 0.7.7 | OK | ||||
r-oldrel-windows-ix86+x86_64 | 0.7.7 | 10.00 | 101.00 | 111.00 | OK |
Version: 0.7.7
Check: Rd cross-references
Result: NOTE
Undeclared package ‘SIBER’ in Rd xrefs
Flavor: r-devel-linux-x86_64-fedora-clang